{"id":95,"date":"2013-06-26T11:55:58","date_gmt":"2013-06-26T10:55:58","guid":{"rendered":"http:\/\/www.kreditvergleich-gratis.de\/?page_id=95"},"modified":"2018-08-20T09:24:43","modified_gmt":"2018-08-20T08:24:43","slug":"postbank","status":"publish","type":"page","link":"http:\/\/www.crcg.de\/kreditvergleich\/postbank\/","title":{"rendered":"Postbank \u2013 immer erreichbar"},"content":{"rendered":"<p>Die Postbank ist vielen Kunden ein Begriff, schlie\u00dflich kann sie eine lange Geschichte aufweisen. Diese geht bereits bis in das Jahr 1909 zur\u00fcck, damals gr\u00fcndete die Reichspost 13 sogenannte Postscheck\u00e4mter, die mit dem gleichfalls eingef\u00fchrten Post\u00fcberweisungs- und Scheckverkehr arbeiten sollten. Das Postscheckkonto diente zu dieser Zeit dazu, Geld \u00fcberregional \u00fcberweisen zu k\u00f6nnen, was zu dieser Zeit noch nicht m\u00f6glich war und damit wie eine Revolution galt. Jedenfalls war es f\u00fcr den normalen B\u00fcrger nicht m\u00f6glich, Unternehmer und Kunden mit einem guten Finanzpolster hatten diese M\u00f6glichkeit sehr wohl. Das hatte zur Folge, dass in k\u00fcrzester Zeit mehr als 44.000 Konten er\u00f6ffnet und 29 Millionen Buchungen get\u00e4tigt wurden. Dieses hohe Aufkommen hat die Post dazu bewogen, den schnell wachsenden Anstieg an Auftr\u00e4gen automatisiert zu bearbeiten und so kam im Jahr 1950 der Dauerauftrag, 1969 der erste elektronische Datentr\u00e4ger, 1983 der Bildschirmtext und 1991 das Telefonbanking dazu. 1998 wurde das Onlinebanking eingef\u00fchrt und 2004 das Mobile Banking und schlie\u00dflich im Jahre 2007 das Internetbanking.<\/p>\n<p>Hier beantragen Sie Ihren Postbank <a href=\"http:\/\/www.crcg.de\/kreditvergleich\/\">Kredit<\/a>:<\/p>\n<p><script src=\"https:\/\/embed.finanzcheck.de\/embed\/iframe.js?configuration=W33AaszzaVML&#038;amount=12000&#038;term=84&#038;productId=25&#038;subId=postbank\"><\/script><\/p>\n<p>Heute ist die Postbank bei vielen Verbrauchern die Hausbank, die durch ihre Internetpr\u00e4senz sehr beliebt ist. Sie \u00fcberzeugt durch die einfache und klare Strukturierung und sorgt mit ihren Produkten f\u00fcr den t\u00e4glichen Geldverkehr daf\u00fcr, dass in 1.100 Filialen und mehr als 4.500 Partnerfilialen der t\u00e4gliche Bankverkehr geregelt wird. Aber nicht nur Privatkunden, sondern auch Gesch\u00e4ftskunden und Firmenkunden w\u00e4hlen die Postbank f\u00fcr ihre Geldgesch\u00e4fte.<\/p>\n<p>Privatkunden finden bei der Postbank viele gute Angebote, die nicht nur einfach zu nutzen, sondern auch g\u00fcnstig sind. Wer ein Girokonto sucht, kann bei der Postbank eines mit vielen Inklusivleistungen finden. Das Girokonto ist kostenlos, sofern ein monatlicher bargeldloser Geldeingang von 1.000 Euro stattfindet. An mehr als 9.000 Geldautomaten k\u00f6nnen die Kunden ihr Bargeld abheben, diese sind nicht nur in Postfilialen, sondern auch in Einzelhandelsl\u00e4den wie zum Beispiel bei OBI zu finden. Eine Visa Card geh\u00f6rt zu einem Girokonto heute dazu. Bei der Postbank ist sie im 1. Jahr f\u00fcr den Kunden kostenfrei, ebenfalls wie das Girokonto selbst. Au\u00dferdem wird bei Shell jeweils 1 Cent Tank-Rabatt pro Liter Kraftstoff gutgeschrieben, sofern der Kunde mit seiner Postbank Card bezahlt. Auch an der Tankstellen kann kostenlos Bargeld abgehoben werden, wenn sie daf\u00fcr vorgesehen ist.<\/p>\n<h2>Der Postbank Online Kredit &#8211; weitere Informationen<\/h2>\n<p>Ein <a href=\"http:\/\/www.crcg.de\/kreditvergleich\/onlinekredit\/\">Onlinekredit<\/a> kann bei der Postbank in nur wenigen Schritten beantragt werden. Wer sich kurzfristig einen Wunsch oder l\u00e4ngerfristig eine Investition vornehmen m\u00f6chte, findet bei der Postbank die entsprechenden Angebote. Egal ob eine <a title=\"Baufinanzierung\" href=\"http:\/\/www.crcg.de\/kreditvergleich\/baufinanzierung\/\">Baufinanzierung<\/a> oder ein <a title=\"Kleinkredit\" href=\"http:\/\/www.crcg.de\/kreditvergleich\/kleinkredit\/\">Kleinkredit<\/a>. Die Kredith\u00f6he und die Laufzeit k\u00f6nnen flexibel gestaltet werden. Die unkomplizierte Handhabung ist das, was den Kunden beim Postbank <a href=\"http:\/\/www.crcg.de\/kreditvergleich\/onlinekredit\/\">Online Kredit<\/a> Antrag so gut gef\u00e4llt, aber nat\u00fcrlich auch die g\u00fcnstigen Angebote. Sondertilgungen und R\u00fcckzahlungen sind m\u00f6glich, eine finanzielle Absicherung gegen einen Zahlungsausfall wird ebenso angeboten. Wer lieber sparen m\u00f6chte, ist bei der Postbank ebenso richtig. Die SparCard plus und viele andere attraktive Angebote sind im Angebot und k\u00f6nnen ebenso einfach online in Anspruch genommen werden. Hier wird das Geld des Kunden lukrativ angelegt, je nach gew\u00e4hltem Produkt kann er wie beim Gold-Sparen einen Bonus von 4% p. A. monatlich nutzen. Das vielf\u00e4ltige Angebot der Postbank kann bei einem Besuch der Webseite wegen der \u00fcbersichtlichen Gliederung einfach genutzt werden. Besonders f\u00fcr das Girokonto ist eine einfache und angenehme Handhabung m\u00f6glich, die t\u00e4glichen Gesch\u00e4fte wie \u00dcberweisungen oder Dauerauftr\u00e4ge k\u00f6nnen mit Hilfe der auf das Handy geschickten TAN von jedem Ort aus vorgenommen werden.<\/p>\n<h2>Postbank Kredite<\/h2>\n<p>In Deutschland geh\u00f6rt die Postbank Gruppe zu den gr\u00f6\u00dften Finanzdienstleistern. Rund 14 Millionen Kunden werden zurzeit in verschiedensten Bereichen betreut. Dazu geh\u00f6ren attraktive Finanzierungen. Bei einem <a href=\"http:\/\/www.crcg.de\/kreditvergleich\/privatkredit\/\">Privatkredit<\/a> direkt ergeben sich g\u00fcnstige Online-Konditionen mit niedrigen Kreditzinsen. Der Kredit kann flexibel und individuell in H\u00f6he und Laufzeit gestaltet werden.<\/p>\n<p>Die Nettodarlehensbetr\u00e4ge bewegen sich zwischen 3.000 bis maximal 50.000 Euro und die Laufzeiten liegen zwischen 12 und 84 Monaten. Der g\u00fcnstige Privatkredit ist nicht zweckgebunden, somit steht das Geld zur freien Nutzung bereit. Die Postbank bietet einige Vorteile. Jeder Interessent kann sich bei der Postbank kostenlos und unverbindlich ein Angebot zur Finanzierung erstellen lassen. Bestehende Kredite bei anderen Banken k\u00f6nnen abgel\u00f6st und jegliche Raten zu einer Rate zusammengefasst werden, somit bleibt ein besserer \u00dcberblick der Finanzen immer gew\u00e4hrleistet.<\/p>\n<h2>Kreditversicherung optional<\/h2>\n<p>Zum Kreditvertrag ist optional ein Ratenschutz verf\u00fcgbar, dadurch ist der Kredit gegen unvorhersehbare Arbeitslosigkeit oder Todesfall abgesichert und die Zahlungen der Raten \u00fcbernimmt die Versicherung. Bei h\u00f6heren Kreditbetr\u00e4gen mehr als empfehlenswert.<\/p>\n<h2>Autokredit<\/h2>\n<p>Der <a href=\"http:\/\/www.crcg.de\/kreditvergleich\/autokredit\/\">Autokredit<\/a> bietet ein attraktives Zinsniveau, gute Produkteigenschaften und Rahmenbedingungen. Negatives zeigt sich vorrangig in Nebens\u00e4chlichkeiten. Der Postbank Autokredit ist f\u00fcr die Finanzierung teurer Neuwagen gut geeignet. Dabei geht die Obergrenze bis 50.000 Euro. Mit einer Mindestsumme von 3.000 Euro sind sogar gebrauchte Kleinwagen g\u00fcnstig zu finanzieren. Der Kreditbetrag kann frei gew\u00e4hlt werden. Die H\u00f6he der Raten ist bei Laufzeiten von 12 bis 84 Monatsraten sicherlich dem Haushaltsbudget anzupassen. Die Laufzeit kann zudem monatsgenau gew\u00e4hlt werden. Alternativ ist die Wunschrate selbst frei zu w\u00e4hlen. Ein Rechentool ist direkt \u00fcber unseren Kreditvergleich verf\u00fcgbar, zur Ermittlung der Rate m\u00fcssen lediglich die geforderten Daten eingegeben werden.<\/p>\n<p>F\u00fcr den Kauf eines Autos oder Motorrades ist der Kredit zweckgebunden und somit ergibt sich ein niedrigerer Zinssatz. Eine Abl\u00f6sung eines anderen Darlehens ist m\u00f6glich, wenn mit diesem ebenfalls ein Fahrzeug finanziert wurde und weiterfinanziert wird. F\u00fcr den Postbank Autokredit steht keine elektronische Unterschrift bereit und damit auch nicht die unverz\u00fcgliche Auszahlung, sondern erst am Tag der Darlehensgenehmigung. Au\u00dfer den Zinsen fallen keine weiteren Geb\u00fchren an.<\/p>\n<p>Der Autokredit bezieht sich nur auf Arbeitnehmer und Rentner. Selbstst\u00e4ndige k\u00f6nnen diesen Kredit nicht in Anspruch nehmen. Daf\u00fcr werden von der Postbank andere Alternativen angeboten, um ein Fahrzeug zu finanzieren. F\u00fcr das zu finanzierende Fahrzeug ist zudem keine Altersgrenze vorgegeben.<\/p>\n<h2>Business Kredit direkt<\/h2>\n<p>Mit dem Postbank Business Kredit k\u00f6nnen Freiberufler und Selbstst\u00e4ndige das Gesch\u00e4ft ankurbeln und private W\u00fcnsche erf\u00fcllen. Angeboten werden dabei Sondertilgungen, vorzeitige Kreditabl\u00f6sung und Ratenschutz. Mit vielen Pluspunkten und wenigen Kritikpunkten eine \u00e4u\u00dferst attraktive M\u00f6glichkeit zur Finanzierung. Vielen <a href=\"http:\/\/www.crcg.de\/kreditvergleich\/kredit-fuer-selbststaendige\/\">Selbstst\u00e4ndigen<\/a> sind Zinsen, stufenlose Laufzeit und keine Zweckbindung wichtig. Standard sind Laufzeiten von 12 bis 84 Monatsraten. Allerdings nicht die Wahl der stufenlosen Kreditdauer, also 23 oder 73 Monate. Im Antragsprozess kann die Laufzeit der Wunschrate alternativ eingegeben werden. Daraus wird dann die Dauer der R\u00fcckzahlung automatisch ermittelt.<\/p>\n<p>Businesskredite zeigen sich in anderen Dimensionen, hier ist der Mindestbetrag 10.000 Euro bis maximal 100.000 Euro. Bis zu dieser H\u00f6he ist der Antrag online m\u00f6glich. Bei einer h\u00f6heren Kreditsumme werden das pers\u00f6nliche Gespr\u00e4ch und ein individueller Antrag vorausgesetzt. Der Postbankkredit enth\u00e4lt einen g\u00fcnstigen Zinssatz und kann somit als Abl\u00f6sung teurerer Businesskredite herhalten. Geb\u00fchren fallen bei dem Business Kredit direkt nicht an, es wird nur der vereinbarte Zinssatz gezahlt.<\/p>\n<p>Die Dauer der Bearbeitung h\u00e4ngt vom Antragsteller mit ab. Der Antrag kann online gestellt, das Dokument jedoch nur postalisch an die Bank zur\u00fcckgesendet werden. Sobald der Antrag vorliegt, kommt es in wenigen Tagen zur Auszahlung. Bei einem Selbstst\u00e4ndigen ist die Bonit\u00e4tspr\u00fcfung etwas aufwendiger. Ausgestattet ist der <a href=\"http:\/\/www.crcg.de\/kreditvergleich\/kredit-fuer-selbststaendige\/\">Kredit f\u00fcr Selbstst\u00e4ndige<\/a> mit g\u00fcnstigen Zinskonditionen. Der Postbank Business Kredit ist nicht nur zur gesch\u00e4ftlichen Verwendung, sondern ebenfalls f\u00fcr private Ausgaben verwendbar. Business und private Kredite dienen nur der Zielgruppe, nicht der Verwendung.<\/p>\n<h2>Privatkredit direkt<\/h2>\n<p>Der Privatkredit direkt bietet ein erweitertes R\u00fcckgaberecht und nach Wunsch eine umfangreiche Kreditabsicherung. Sollten Zahlungsschwierigkeiten aufkommen, wird nach fairen L\u00f6sungen gesucht. R\u00fcckzahlungen, Sondertilgungen, Aufstockungen oder eine Abl\u00f6sung bestehender Kredite sind zu jeder Zeit m\u00f6glich. Bei der Postbank liegt die maximale Kredith\u00f6he bei 50.000 Euro. Der minimalste Kreditbetrag 3.000 Euro und damit relativ hoch. F\u00fcr einen kleinen Kredit ist dieser eher ungeeignet, zum Beispiel, um ein Dispo auszugleichen.<\/p>\n<p>Der Nettodarlehensbetrag ist frei zu w\u00e4hlen, eine Staffelung gibt es nicht. Die Laufzeit ist zwischen 12 und 84 Monaten w\u00e4hlbar. Alternativ kann w\u00e4hrend des Prozesses eine monatliche Wunschrate vorgegeben werden, zum Beispiel 33 oder 54 Monate. Unser <a href=\"http:\/\/www.crcg.de\/kreditvergleich\/\">Kreditvergleich<\/a> bietet ein umfassendes Rechentool, die H\u00f6he der monatlichen Rate ist somit schnell errechnet. Der Einstieg in den Antragsprozess ist notwendig, damit H\u00f6he des Darlehens und Laufzeit angegeben werden k\u00f6nnen. Es erscheint dann eine \u00dcbersicht der Zinsen f\u00fcr standardm\u00e4\u00dfige Laufzeiten von 12, 24, 36, 48, 60, 72 und 84 Monaten auf Basis des Zweidrittelzinses.<\/p>\n<p>Sobald die Unterlagen f\u00fcr das Darlehen vollst\u00e4ndig vorliegen, erfolgt die \u00dcberweisung zeitnah. Bei mehreren parallel laufenden Darlehen kann mit dem Postbank Privatkredit direkt jederzeit eine <a href=\"http:\/\/www.crcg.de\/kreditvergleich\/umschuldungskredit\/\">Umschuldung<\/a> vorgenommen und in einem Vertrag geb\u00fcndelt werden. Selbstst\u00e4ndige k\u00f6nnen den Postbank Privatkredit direkt nicht nutzen. Das Institut bietet daf\u00fcr ein separates Produkt.<\/p>\n","protected":false},"excerpt":{"rendered":"<p>Die Postbank ist vielen Kunden ein Begriff, schlie\u00dflich kann sie eine lange Geschichte aufweisen. Diese geht bereits bis in das Jahr 1909 zur\u00fcck, damals gr\u00fcndete die Reichspost 13 sogenannte Postscheck\u00e4mter, die mit dem gleichfalls eingef\u00fchrten Post\u00fcberweisungs- und Scheckverkehr arbeiten sollten. Das Postscheckkonto diente zu dieser Zeit dazu, Geld \u00fcberregional \u00fcberweisen zu k\u00f6nnen, was zu dieser [&hellip;]<\/p>\n","protected":false},"author":2,"featured_media":0,"parent":0,"menu_order":0,"comment_status":"open","ping_status":"closed","template":"","meta":{"footnotes":""},"class_list":["post-95","page","type-page","status-publish","hentry"],"yoast_head":"<!-- This site is optimized with the Yoast SEO plugin v26.8 - https:\/\/yoast.com\/product\/yoast-seo-wordpress\/ -->\n<title>Postbank Kredit: Niedrig-Zins sichern, Stand: Mai 2026<\/title>\n<meta name=\"description\" content=\"lll\u27a4 Postbank Kredit 2026 auf STERN.de \u2b50 G\u00fcnstige Kredite bei der Postbank mit schneller Auszahlung &amp; Niedrig-Zins sichern! \u2705 Jetzt beantragen!\" \/>\n<meta name=\"robots\" content=\"index, follow, max-snippet:-1, max-image-preview:large, max-video-preview:-1\" \/>\n<link rel=\"canonical\" href=\"https:\/\/www.stern.de\/vergleich\/kredit\/postbank\/\" \/>\n<meta property=\"og:locale\" content=\"de_DE\" \/>\n<meta property=\"og:type\" content=\"article\" \/>\n<meta property=\"og:title\" content=\"Postbank Kredit: Niedrig-Zins sichern, Stand: Mai 2026\" \/>\n<meta property=\"og:description\" content=\"lll\u27a4 Postbank Kredit 2026 auf STERN.de \u2b50 G\u00fcnstige Kredite bei der Postbank mit schneller Auszahlung &amp; Niedrig-Zins sichern! \u2705 Jetzt beantragen!\" \/>\n<meta property=\"og:url\" content=\"https:\/\/www.stern.de\/vergleich\/kredit\/postbank\/\" \/>\n<meta property=\"og:site_name\" content=\"Kreditvergleich gratis\" \/>\n<meta property=\"article:modified_time\" content=\"2018-08-20T08:24:43+00:00\" \/>\n<meta name=\"twitter:card\" content=\"summary_large_image\" \/>\n<meta name=\"twitter:label1\" content=\"Gesch\u00e4tzte Lesezeit\" \/>\n\t<meta name=\"twitter:data1\" content=\"7\u00a0Minuten\" \/>\n<script type=\"application\/ld+json\" class=\"yoast-schema-graph\">{\"@context\":\"https:\/\/schema.org\",\"@graph\":[{\"@type\":\"WebPage\",\"@id\":\"http:\/\/www.crcg.de\/kreditvergleich\/postbank\/\",\"url\":\"https:\/\/www.stern.de\/vergleich\/kredit\/postbank\/\",\"name\":\"Postbank Kredit: Niedrig-Zins sichern, Stand: Mai 2026\",\"isPartOf\":{\"@id\":\"http:\/\/www.crcg.de\/kreditvergleich\/#website\"},\"datePublished\":\"2013-06-26T10:55:58+00:00\",\"dateModified\":\"2018-08-20T08:24:43+00:00\",\"description\":\"lll\u27a4 Postbank Kredit 2026 auf STERN.de \u2b50 G\u00fcnstige Kredite bei der Postbank mit schneller Auszahlung & Niedrig-Zins sichern! \u2705 Jetzt beantragen!\",\"breadcrumb\":{\"@id\":\"https:\/\/www.stern.de\/vergleich\/kredit\/postbank\/#breadcrumb\"},\"inLanguage\":\"de\",\"potentialAction\":[{\"@type\":\"ReadAction\",\"target\":[\"https:\/\/www.stern.de\/vergleich\/kredit\/postbank\/\"]}]},{\"@type\":\"BreadcrumbList\",\"@id\":\"https:\/\/www.stern.de\/vergleich\/kredit\/postbank\/#breadcrumb\",\"itemListElement\":[{\"@type\":\"ListItem\",\"position\":1,\"name\":\"Startseite\",\"item\":\"http:\/\/www.crcg.de\/kreditvergleich\/\"},{\"@type\":\"ListItem\",\"position\":2,\"name\":\"Postbank \u2013 immer erreichbar\"}]},{\"@type\":\"WebSite\",\"@id\":\"http:\/\/www.crcg.de\/kreditvergleich\/#website\",\"url\":\"http:\/\/www.crcg.de\/kreditvergleich\/\",\"name\":\"Kreditvergleich gratis\",\"description\":\"Gratis Kreditvergleich f\u00fcr Jedermann\",\"potentialAction\":[{\"@type\":\"SearchAction\",\"target\":{\"@type\":\"EntryPoint\",\"urlTemplate\":\"http:\/\/www.crcg.de\/kreditvergleich\/?s={search_term_string}\"},\"query-input\":{\"@type\":\"PropertyValueSpecification\",\"valueRequired\":true,\"valueName\":\"search_term_string\"}}],\"inLanguage\":\"de\"}]}<\/script>\n<!-- \/ Yoast SEO plugin. -->","yoast_head_json":{"title":"Postbank Kredit: Niedrig-Zins sichern, Stand: Mai 2026","description":"lll\u27a4 Postbank Kredit 2026 auf STERN.de \u2b50 G\u00fcnstige Kredite bei der Postbank mit schneller Auszahlung & Niedrig-Zins sichern! \u2705 Jetzt beantragen!","robots":{"index":"index","follow":"follow","max-snippet":"max-snippet:-1","max-image-preview":"max-image-preview:large","max-video-preview":"max-video-preview:-1"},"canonical":"https:\/\/www.stern.de\/vergleich\/kredit\/postbank\/","og_locale":"de_DE","og_type":"article","og_title":"Postbank Kredit: Niedrig-Zins sichern, Stand: Mai 2026","og_description":"lll\u27a4 Postbank Kredit 2026 auf STERN.de \u2b50 G\u00fcnstige Kredite bei der Postbank mit schneller Auszahlung & Niedrig-Zins sichern! \u2705 Jetzt beantragen!","og_url":"https:\/\/www.stern.de\/vergleich\/kredit\/postbank\/","og_site_name":"Kreditvergleich gratis","article_modified_time":"2018-08-20T08:24:43+00:00","twitter_card":"summary_large_image","twitter_misc":{"Gesch\u00e4tzte Lesezeit":"7\u00a0Minuten"},"schema":{"@context":"https:\/\/schema.org","@graph":[{"@type":"WebPage","@id":"http:\/\/www.crcg.de\/kreditvergleich\/postbank\/","url":"https:\/\/www.stern.de\/vergleich\/kredit\/postbank\/","name":"Postbank Kredit: Niedrig-Zins sichern, Stand: Mai 2026","isPartOf":{"@id":"http:\/\/www.crcg.de\/kreditvergleich\/#website"},"datePublished":"2013-06-26T10:55:58+00:00","dateModified":"2018-08-20T08:24:43+00:00","description":"lll\u27a4 Postbank Kredit 2026 auf STERN.de \u2b50 G\u00fcnstige Kredite bei der Postbank mit schneller Auszahlung & Niedrig-Zins sichern! \u2705 Jetzt beantragen!","breadcrumb":{"@id":"https:\/\/www.stern.de\/vergleich\/kredit\/postbank\/#breadcrumb"},"inLanguage":"de","potentialAction":[{"@type":"ReadAction","target":["https:\/\/www.stern.de\/vergleich\/kredit\/postbank\/"]}]},{"@type":"BreadcrumbList","@id":"https:\/\/www.stern.de\/vergleich\/kredit\/postbank\/#breadcrumb","itemListElement":[{"@type":"ListItem","position":1,"name":"Startseite","item":"http:\/\/www.crcg.de\/kreditvergleich\/"},{"@type":"ListItem","position":2,"name":"Postbank \u2013 immer erreichbar"}]},{"@type":"WebSite","@id":"http:\/\/www.crcg.de\/kreditvergleich\/#website","url":"http:\/\/www.crcg.de\/kreditvergleich\/","name":"Kreditvergleich gratis","description":"Gratis Kreditvergleich f\u00fcr Jedermann","potentialAction":[{"@type":"SearchAction","target":{"@type":"EntryPoint","urlTemplate":"http:\/\/www.crcg.de\/kreditvergleich\/?s={search_term_string}"},"query-input":{"@type":"PropertyValueSpecification","valueRequired":true,"valueName":"search_term_string"}}],"inLanguage":"de"}]}},"_links":{"self":[{"href":"http:\/\/www.crcg.de\/kreditvergleich\/wp-json\/wp\/v2\/pages\/95","targetHints":{"allow":["GET"]}}],"collection":[{"href":"http:\/\/www.crcg.de\/kreditvergleich\/wp-json\/wp\/v2\/pages"}],"about":[{"href":"http:\/\/www.crcg.de\/kreditvergleich\/wp-json\/wp\/v2\/types\/page"}],"author":[{"embeddable":true,"href":"http:\/\/www.crcg.de\/kreditvergleich\/wp-json\/wp\/v2\/users\/2"}],"replies":[{"embeddable":true,"href":"http:\/\/www.crcg.de\/kreditvergleich\/wp-json\/wp\/v2\/comments?post=95"}],"version-history":[{"count":8,"href":"http:\/\/www.crcg.de\/kreditvergleich\/wp-json\/wp\/v2\/pages\/95\/revisions"}],"predecessor-version":[{"id":1063,"href":"http:\/\/www.crcg.de\/kreditvergleich\/wp-json\/wp\/v2\/pages\/95\/revisions\/1063"}],"wp:attachment":[{"href":"http:\/\/www.crcg.de\/kreditvergleich\/wp-json\/wp\/v2\/media?parent=95"}],"curies":[{"name":"wp","href":"https:\/\/api.w.org\/{rel}","templated":true}]}}