{"id":56,"date":"2013-06-24T12:45:26","date_gmt":"2013-06-24T11:45:26","guid":{"rendered":"http:\/\/www.kreditvergleich-gratis.de\/?page_id=56"},"modified":"2018-08-20T09:05:52","modified_gmt":"2018-08-20T08:05:52","slug":"umschuldungskredit","status":"publish","type":"page","link":"http:\/\/www.crcg.de\/kreditvergleich\/umschuldungskredit\/","title":{"rendered":"Umschuldung &#8211; Jetzt Kredite g\u00fcnstig umschulden &#038; Bank wechseln"},"content":{"rendered":"<p>Ein neues Auto wurde f\u00e4llig, der alte K\u00fchlschrank wurde gegen ein teures, aber energieeffizientes Modell ausgetauscht, die Waschmaschine hat den Geist aufgegeben und dann war da noch diese Traumreise, die man sich schon immer mal g\u00f6nnen wollte und die vom Reiseb\u00fcro zu einem Schn\u00e4ppchenpreis angeboten wurde \u2013 so oder \u00e4hnlich k\u00f6nnten die gr\u00f6\u00dferen Ausgaben eines beliebigen deutschen Haushalts in den letzten Monaten oder Jahren aussehen. Finanziert werden all diese Ausgaben oft durch einen <a href=\"http:\/\/www.crcg.de\/kreditvergleich\/\">Kredit<\/a> und so sammeln sich im Laufe der Zeit durchaus einmal mehrere kleinere Kredite an, die monatlich abbezahlt werden m\u00fcssen und zusammengenommen eine recht hohe monatliche Zahlung erfordern. Vielleicht wurde aber auch eine gr\u00f6\u00dfere Ausgabe get\u00e4tigt, weil Haus oder Wohnung renoviert oder modernisiert wurden, die berufliche Aus- und Weiterbildung hat einiges an Geld gekostet oder Sie haben eine Immobilie gekauft und haben zu diesem Zweck schon vor einigen Jahren und zu deutlich ung\u00fcnstigeren Konditionen als sie heute geboten werden, einen gro\u00dfen Kredit aufgenommen und \u00e4rgern sich nun \u00fcber die hohen Zinszahlungen, die Sie daf\u00fcr leisten m\u00fcssen. Beide Situationen sind unsch\u00f6n und rei\u00dfen oft ein gro\u00dfes Loch in die Haushaltskasse.<\/p>\n<p>Doch ganz gleich, ob sich mehrere kleinere Kredite angesammelt haben, deren monatliche R\u00fcckzahlung Ihnen in der Summe zu hoch wird oder ob Sie sich \u00fcber die ung\u00fcnstigen Konditionen eines alten Kredits \u00e4rgern, es gibt eine einfache L\u00f6sung f\u00fcr Ihr Problem, und zwar einen Umschuldungskredit. Kredite und Darlehen umschulden zu lassen geh\u00f6rt mittlerweile zu den h\u00e4ufigsten Anfragen auf dem Kreditmarkt. Dennoch wissen aber noch immer viele Kreditnehmer nichts von der M\u00f6glichkeit, ein Darlehen kosteng\u00fcnstig abzul\u00f6sen oder machen aus anderen Gr\u00fcnden nicht von der M\u00f6glichkeit Gebrauch, durch das Umschulden den Kredit oder das Darlehen wesentlich kosteng\u00fcnstiger abzuzahlen. Auf STERN.de bieten wir Ihnen daher mit unserem Umschuldungsrechner eine kostenlose und wirkungsvolle M\u00f6glichkeit, den Umschuldungskredit mit den optimalen Konditionen zu finden und direkt online abzuschlie\u00dfen. Ob Sie nun einen <a href=\"http:\/\/www.crcg.de\/kreditvergleich\/privatkredit\/\">Privatkredit<\/a> umschulden m\u00f6chten, eine Umschuldung <a href=\"http:\/\/www.crcg.de\/kreditvergleich\/kredit-fuer-selbststaendige\/\">als Selbstst\u00e4ndiger<\/a> anstreben oder einen klassischen <a href=\"http:\/\/www.crcg.de\/kreditvergleich\/ratenkredit\/\">Ratenkredit<\/a> abl\u00f6sen wollen \u2013 mit diesem Ratgeber auf STERN.de finden Sie heraus, ob sich eine Umschuldung f\u00fcr Sie lohnt.<\/p>\n<h2>Was ist ein Umschuldungskredit?<\/h2>\n<p>Konkret gesagt funktioniert die Umschuldung von Darlehen und Krediten folgenderma\u00dfen: Ihre vorhandenen Kredite, ganz gleich ob einer oder mehrere, werden durch die Aufnahme eines neuen Kredits vollst\u00e4ndig abbezahlt. Diesen neuen Kredit zahlen Sie dann monatlich ab und sparen bei einer sinnvollen Umschuldung damit einiges an Geld. Nicht nur ist die monatlich zu zahlende Rate f\u00fcr Sie dadurch niedriger und die finanzielle Belastung leichter zu schultern, sondern auch hinsichtlich der der abzuzahlenden Gesamtsumme sind oftmals deutliche Einsparungen m\u00f6glich. Vor allem, wenn mehrere laufende Kredite umgeschuldet werden, ergeben sich schon allein durch den Wegfall der einzelnen Bearbeitungsgeb\u00fchren und Kontof\u00fchrungsgeb\u00fchren oft nicht unerhebliche Ersparnisse und wenn Sie den Umschuldungskredit zu besseren Konditionen abschlie\u00dfen k\u00f6nnen als das oder die urspr\u00fcnglichen Darlehen, was immer das Ziel sein sollte, sparen Sie auch hier einiges an Kosten ein. Unerl\u00e4sslich ist dabei aber auch bei der Umschuldung ein Vergleich der Angebote, denn wie bei allen anderen Krediten unterscheiden sich die Angebote der Banken und Kreditinstitute mitunter erheblich voneinander.<\/p>\n<div class=\"alert alert-info\"> Von einer Umschuldung ausgenommen sind oftmals zweckgebundene Kredite wie beispielsweise der Autokredit. Ob eine Umschuldung Ihres zweckgebundenen Darlehens m\u00f6glich ist, erfragen Sie daher am besten direkt bei Ihrer Bank. <\/div>\n\n<h2>Ein wichtiger Punkt: die Vorf\u00e4lligkeitsentsch\u00e4digung<\/h2>\n<p>Einer der wichtigsten Punkte, den Sie bei der Kreditumschuldung nicht au\u00dfer Acht lassen d\u00fcrfen, ist die Vorf\u00e4lligkeitsentsch\u00e4digung. Wer sich noch nie wirklich mit Banken und Kreditinstituten besch\u00e4ftigt hat, k\u00f6nnte vielleicht meinen, dass die Bank froh ist, wenn sie ihr verliehenes Geld vorzeitig zur\u00fcckbekommt, doch dem ist nicht so. Zwischen dem Kreditnehmer und dem Kreditgeber wurde ein Vertrag geschlossen, der unter anderem die Laufzeit des Kredits beinhaltet. Je l\u00e4nger die Laufzeit, desto h\u00f6her die Zinsen und mit diesen Zinsen verdient die Bank Geld. Und so m\u00f6chte sie zwar nat\u00fcrlich das geliehene Geld zur\u00fcckhaben, aber eben nicht vorzeitig, sondern zu den Konditionen, die im Kreditvertrag ausgemacht wurden. Wer diese Konditionen ver\u00e4ndern m\u00f6chte und, wie im Fall einer Umschuldung, den Kredit vorzeitig abl\u00f6sen mochte, der muss der Bank daher oftmals eine Entsch\u00e4digung, die sogenannte Vorf\u00e4lligkeitsentsch\u00e4digung zahlen, um sie f\u00fcr die wegfallenden Zinsen zu entsch\u00e4digen, die ihr durch die vorzeitige Abl\u00f6sung entgehen. Die H\u00f6he dieser Vorf\u00e4lligkeitsentsch\u00e4digung kann sehr unterschiedlich ausfallen und ist von folgenden Faktoren abh\u00e4ngig:<\/p>\n<ul>\n<li>Bei Ratenkrediten, die vor dem 11. Juni 2010 aufgenommen wurden, sind allein die vertraglichen Vereinbarungen bindend<\/li>\n<li>F\u00fcr Ratenkredite, die nach dem 11. Juni 2010 abgeschlossen wurden, gelten folgende Regelungen:\n<ul>\n<li>Betr\u00e4gt die Restlaufzeit mehr als ein Jahr, hat die Bank Anspruch auf eine Vorf\u00e4lligkeitsentsch\u00e4digung in H\u00f6he von maximal 1 % der Restschuld<\/li>\n<li>Betr\u00e4gt die Restlaufzeit weniger als ein Jahr, kann die Bank eine Vorf\u00e4lligkeitsentsch\u00e4digung in H\u00f6he von maximal 0,5 % der Restschuld verlangen<\/li>\n<\/ul>\n<\/li>\n<li>Bei Baufinanzierungen gibt es keine gesetzliche Regelung zur H\u00f6he der Vorf\u00e4lligkeitsentsch\u00e4digung, jedoch muss sie nur in den ersten zehn Jahren der Zinsbindung gezahlt werden. Dar\u00fcber hinaus darf die Bank keine Vorf\u00e4lligkeitsentsch\u00e4digung mehr fordern und das Darlehen kann mit einer 6-monatigen K\u00fcndigungsfrist gek\u00fcndigt und abgel\u00f6st werden<\/li>\n<li>Darlehen ohne Zinsbindung k\u00f6nnen ohne Vorf\u00e4lligkeitsentsch\u00e4digung jederzeit abgel\u00f6st werden<\/li>\n<\/ul>\n<div class=\"alert alert-info\"> In der Vergangenheit wurden viele F\u00e4lle bekannt, in denen von den Banken und Kreditinstituten fehlerhafte Widerrufsbelehrungen beim Abschluss von Darlehensvertr\u00e4gen verwendet wurden. Rechtsexperten gehen davon aus, dass in bis zu 80 % aller F\u00e4lle die Widerrufsbelehrungen fehlerhaft waren. Betroffene Vertr\u00e4ge k\u00f6nnen Sie jederzeit ohne eine Vorf\u00e4lligkeitsentsch\u00e4digung abl\u00f6sen. Im Falle einer Umschuldung sollten Sie alte Vertr\u00e4ge daher immer auf diese Fehler pr\u00fcfen lassen.<\/div>\n\n<h2>Welche Informationen brauchen Sie, um den Umschuldungsrechner auf STERN.de zu nutzen<\/h2>\n<p>Um den Umschuldungsrechner auf STERN.de nutzen zu k\u00f6nnen und das gesamte Einsparungspotential einer Umschuldung einsch\u00e4tzen zu k\u00f6nnen, m\u00fcssen Sie einige Informationen zusammentragen:<\/p>\n<ul>\n<li>Sie ben\u00f6tigen den genauen Stand der Restschuld. Diese Informationen holen Sie sich am besten direkt von Ihrem Kreditgeber oder Ihren Kreditgebern<\/li>\n<\/ul>\n<ul>\n<li>Sie ben\u00f6tigen dar\u00fcber hinaus eine detaillierte Angabe zu allen weiteren Kosten, die das jeweilige Darlehen \u00fcber die Restlaufzeit hinweg noch verursachen w\u00fcrde. Dazu geh\u00f6ren beispielsweise Bearbeitungsgeb\u00fchren und Kontof\u00fchrungsgeb\u00fchren<\/li>\n<li>Zu guter Letzt m\u00fcssen Sie sich bei dem Kreditgeber informieren, ob und in welcher H\u00f6he eine Vorf\u00e4lligkeitsentsch\u00e4digung f\u00e4llig wird, mit der die Bank f\u00fcr entgangene Zinsen entsch\u00e4digt wird<\/li>\n<\/ul>\n<div class=\"alert alert-info\">Die Vorf\u00e4lligkeitsentsch\u00e4digung ist ein wichtiger Punkt hinsichtlich der Frage, ob sich eine Umschuldung f\u00fcr Sie lohnt. Die H\u00f6he der Entsch\u00e4digung ist von Fall zu Fall ganz unterschiedlich und h\u00e4ngt beispielsweise davon ab, welche Art von Kredit Sie abl\u00f6sen und wie lang die Restlaufzeit ist. <\/div>\n\n<h2>Lohnt sich eine Umfinanzierung f\u00fcr Sie?<\/h2>\n<p>&nbsp;<\/p>\n<p>Ob das Kredit Umschulden sinnvoll ist, muss immer im individuellen Einzelfall entschieden werden. Haben Sie alle wichtigen Informationen hinsichtlich der Restschuld und Vorf\u00e4lligkeitsentsch\u00e4digung eingeholt, k\u00f6nnen Sie nun mit Hilfe des Umschuldungsrechners auf STERN.de berechnen, ob eine Umfinanzierung in Ihrem Fall Sinn macht. Dabei gehen Sie folgenderma\u00dfen vor:<\/p>\n<ul>\n<li>Addieren Sie die Restschuld und die Vorf\u00e4lligkeitsentsch\u00e4digung<\/li>\n<li>M\u00f6chten Sie mehrere Kredite umschulden, f\u00fchren Sie dies f\u00fcr alle Kredite durch und z\u00e4hlen Sie die Ergebnisse dann zusammen<\/li>\n<li>Geben Sie das Ergebnis <a href=\"http:\/\/www.crcg.de\/kreditvergleich\/kreditrechner\/\">in den Kreditrechner ein<\/a> und geben Sie als Verwendungszweck \u201eUmschuldung\u201c an<\/li>\n<\/ul>\n<p>Sind die Gesamtkosten f\u00fcr den Umschuldungskredit schlussendlich niedriger als die Summe aus Restschuld und anfallenden Zinsen f\u00fcr den alten Kredit oder die alten Kredite, lohnt es sich definitiv, einen Kredit umschulden zu lassen. Dabei profitieren Sie auch davon, dass die Banken seit 2014 f\u00fcr eine Umfinanzierung keine neuen Abschlussgeb\u00fchren mehr verlangen d\u00fcrfen. Beachten m\u00fcssen Sie aber Folgendes: W\u00e4hrend die Summe eines Ratenkredits meist noch ohne Probleme umschuldbar ist, sind die Kosten bei einer <a href=\"http:\/\/www.crcg.de\/kreditvergleich\/baufinanzierung\/\">Baufinanzierung<\/a> h\u00e4ufig so hoch, dass sie den Ratenkredit-Rahmen sprengen. M\u00f6chten Sie also einen sehr hohen Kredit umschulden, ist der Rechner ab einer gewissen H\u00f6he nicht mehr wirklich geeignet. Hier sollten Sie daher einen anderen Weg w\u00e4hlen, um herauszufinden, ob eine Umschuldung sinnvoll ist oder nicht. Dabei gehen Sie wie folgt vor: Stellen Sie eine unverbindliche Anfrage zu einer Baufinanzierung und informieren Sie sich auf diesem Weg \u00fcber die Zinsersparnis. Nach Beendigung der vertraglich vereinbarten Zinsbindung oder alternativ nach 10 Jahren Zinsbindung &#8211; je nachdem, welcher Fall fr\u00fcher eintritt- k\u00f6nnen Sie als Verbraucher den bestehenden Kredit ohne Vorf\u00e4lligkeitsentsch\u00e4digung mit einer K\u00fcndigungsfrist von 6 Monaten k\u00fcndigen und den Restkreditbetrag sofort durch einen Umschuldungskredit begleichen. Achten Sie bei Ihren Berechnungen jedoch genau auf versteckte Kosten, wie etwa die Grundschuldabtretung bei einem Bankwechsel, die Sie meist im Kleingedruckten finden. Diese Kosten k\u00f6nnen daf\u00fcr sorgen, dass Sie bei einer Umschuldung trotz besserer Konditionen am Ende draufzahlen, doch meist sind diese Wechselkosten eher gering. Ein genauer Vergleich der Angebote lohnt sich trotzdem immer und spart am Ende des Tages durchaus einiges an Geld ein.<\/p>\n<div class=\"alert alert-info\">Eine Umschuldung wirkt sich in aller Regel positiv auf Ihre Bonit\u00e4t aus, da die Banken es zu sch\u00e4tzen wissen, dass Sie Ihre Kredite umschulden, anstatt einfach einen neuen Ratenkredit aufzunehmen. <\/div>\n\n<h3>Erfolgreiche Umschuldung dank Rechner in drei Schritten<\/h3>\n<p>Im Folgenden erkl\u00e4ren wir Ihnen in drei grunds\u00e4tzlichen Schritten, wie Sie mit dem <a href=\"http:\/\/www.crcg.de\/kreditvergleich\/kreditrechner\/\">Kreditrechner<\/a> auf STERN.de einen Kredit umschulden. Wie Sie ganz im Allgemeinen einen Kredit beantragen, finden Sie in allen Einzelheiten auch noch einmal in unserem speziellen Ratgeber zu diesem Thema erkl\u00e4rt.<\/p>\n<h3>1. Laufende Kreditvertr\u00e4ge analysieren <strong><br \/>\n<\/strong><\/h3>\n<p>Wenn Sie Ihre alten Kredite abl\u00f6sen und umschulden m\u00f6chten, m\u00fcssen Sie sich zun\u00e4chst mit diesen laufenden Vertr\u00e4gen besch\u00e4ftigen. Entscheidend f\u00fcr die Frage, ob sich \u00fcberhaupt eine Umschuldung lohnt, sind vor allem die restliche Laufzeit, der vereinbarte Effektivzins sowie die monatliche Tilgungsrate. Dar\u00fcber hinaus sollten Sie pr\u00fcfen, ob bei einer vorzeitigen K\u00fcndigung eine Vorf\u00e4lligkeitsentsch\u00e4digung f\u00e4llig wird oder ob es Ihnen gestattet ist, den Kredit kostenlos abzul\u00f6sen. In den meisten F\u00e4llen verlangt die Bank jedoch diese Entsch\u00e4digung, um sich f\u00fcr die wegfallenden Zinsen in der Restlaufzeit entsch\u00e4digen zu lassen.<\/p>\n<h3>2. Konditionen vergleichen und Wechselvorteil berechnen<\/h3>\n<p>Im n\u00e4chsten Schritt m\u00fcssen Sie in den kostenlosen Umschuldungsrechner auf STERN.de die bestehende Restschuld, die vereinbarte Restlaufzeit des \u201ealten\u201c Darlehens sowie den Verwendungszweck \u201eUmschuldung\u201c eingeben. So k\u00f6nnen Sie die derzeitigen Konditionen f\u00fcr Umschuldungskredite pr\u00fcfen und untereinander vergleichen. Wichtig ist, wie bei allen anderen Kreditvergleichen auch, den effektiven Jahreszins \u2013 nicht den gebundenen Sollzins \u2013 f\u00fcr den Vergleich heranzuziehen. Nur der Effektivzins zeigt die tats\u00e4chlichen Kosten f\u00fcr das Darlehen richtig an. Die monatliche Rate ver\u00e4ndern Sie ganz einfach, indem Sie die Laufzeit des Darlehens anpassen. Aber Achtung: Je l\u00e4nger Sie die Laufzeit w\u00e4hlen, umso geringer ist zwar die Monatsrate an sich, umso h\u00f6her sind im Normalfall aber auch die anfallenden Zinsen. Die h\u00f6heren Zinserl\u00f6se dienen der Bank \u00fcber die l\u00e4ngere Laufzeit als zus\u00e4tzliche Sicherheit. Wollen Sie einen bestehenden Kredit effektiv umschulden, sollten Sie au\u00dferdem die neuen Zinszahlungen mit den kommenden Zinszahlungen des alten Darlehens vergleichen. Der Differenzbetrag zwischen den Zahlungen ist die Ersparnis, die Sie bei der Umfinanzierung erwarten k\u00f6nnen. Vergessen Sie aber nicht, eine eventuelle Vorf\u00e4lligkeitsentsch\u00e4digung in die Berechnungen mit einzuschlie\u00dfen.<\/p>\n<h3>3. Neuen Kreditvertrag abschlie\u00dfen<\/h3>\n<p>Ist eine Umschuldung in Ihrem Fall sinnvoll und haben Sie einen passenden Umschuldungskredit gefunden, sollten Sie Ihrer alten Bank \u2013 oder den alten Banken \u2013 mitteilen, zu welchem Zeitpunkt Sie das alte Darlehen auf einen neuen Kredit umschulden wollen. So kann die Bank die exakte H\u00f6he der Restschuld berechnen und Ihnen die genaue H\u00f6he der etwaigen Vorf\u00e4lligkeitsentsch\u00e4digung mitteilen. In F\u00e4llen, in denen Sie nur einen Kredit umschulden, bietet es sich an, die alte Bank mit den neuen Zahlen zu konfrontieren und auf dieser Basis \u00fcber eine Zinssenkung zu verhandeln (Prolongation). Bleibt die Bank hart und l\u00e4sst sich nicht auf die Verhandlungen ein, k\u00f6nnen Sie den neuen, zinsg\u00fcnstigeren Kredit abschlie\u00dfen, doch in manchen F\u00e4llen kommen Ihnen die Banken auch durchaus entgegen und bieten Ihnen g\u00fcnstigere Konditionen an, um Sie als Kunden zu behalten. Nun befinden Sie sich quasi auf der Zielgeraden. Hat die Bank den Umschuldungskredit nach der Bonit\u00e4tspr\u00fcfung \u2013 <a href=\"http:\/\/www.crcg.de\/kreditvergleich\/kredit-ohne-schufa\/\">meist bei der Schufa<\/a> \u2013 vorl\u00e4ufig gew\u00e4hrt, m\u00fcssen Sie den Kreditvertrag ausf\u00fcllen und zusammen mit den erforderlichen Unterlagen bei der Bank einreichen. Eine unterschriebene Abl\u00f6sevollmacht muss immer dabei sein, damit die neue Bank das Darlehen bei Ihrem alten Kreditgeber abl\u00f6sen kann. Ist der Kredit dann endg\u00fcltig bewilligt, zahlen Sie die nun niedrigeren monatlichen Raten einfach an die neue Bank.<\/p>\n<div class=\"alert alert-info\"> Geben Sie bei der Umschuldung im Rechner unbedingt immer den Verwendungszweck \u201eUmschuldung\u201c ein, wenn dieser nicht sowieso schon vorgegeben ist. <\/div>\n\n<h2>FAQ: Wichtige Fragen zum Thema \u201eKredit umschulden\u201c<\/h2>\n<p>Zum Abschluss dieses Ratgebers wollen wir noch auf die wichtigsten Fragen eingehen, die bei einer Umschuldung immer wieder gestellt werden. Dieses kleine FAQ sollte alle dringenden Fragen beantworten.<\/p>\n<h2>Wie lange dauert die Umfinanzierung? <strong><br \/>\n<\/strong><\/h2>\n<p>Sollten Sie alle obigen Schritte erf\u00fcllt haben, die Sie im Normalfall nicht mehr als eine Stunde kosten, dauert die Abwicklung mit dem Kreditrechner von Stern nur wenige Werktage. Die Abl\u00f6sung des alten Kredits bei der vorherigen Bank \u00fcbernimmt Ihr neuer Kreditgeber. Sie m\u00fcssen sich daher nur um Ihre eigenen Unterlagen k\u00fcmmern.<\/p>\n<h3>Welche Kosten fallen an? <strong><br \/>\n<\/strong><\/h3>\n<p>Wer eine Umfinanzierung ins Auge fasst, sollte beachten, dass viele Banken bei einer fr\u00fchzeitigen Aufl\u00f6sung des Kreditvertrags eine Vorf\u00e4lligkeitsentsch\u00e4digung fordern, die je nach verbliebener Laufzeit oder vertraglicher Vereinbarung unterschiedlich gro\u00df ausf\u00e4llt. Auf der anderen Seite gibt es aber auch Kreditinstitute, die eine kostenlose Umschuldung eines bestehenden Kredits erm\u00f6glichen. Ob Sie eine Entsch\u00e4digung zahlen m\u00fcssen und wie hoch diese ist, finden Sie mit einem Blick auf Ihren derzeitigen Kreditvertrag heraus.<\/p>\n<h3>Wann ist eine Umschuldung sinnvoll? <strong><br \/>\n<\/strong><\/h3>\n<p>Eine Umschuldung ist immer dann sinnvoll, wenn Sie mit dem Abschluss eines neuen Kreditvertrags Ihre Zinskosten senken k\u00f6nnen. Das lohnt sich nat\u00fcrlich besonders bei Krediten, die noch lange laufen und bei denen ein gro\u00dfer Unterschied zwischen dem abgeschlossenen und dem neuen Zinssatz besteht.<\/p>\n<h3>Welche Voraussetzungen muss ich erf\u00fcllen? <strong><br \/>\n<\/strong><\/h3>\n<p>Viele Fragen richten sich auch immer wieder nach den Voraussetzungen, die Sie erf\u00fcllen m\u00fcssen, um \u00fcberhaupt einen Umschuldungskredit zu bekommen. Diese unterscheiden sich bei einer Umfinanzierung nicht grundlegend von den Voraussetzungen f\u00fcr jeden anderen Kredit. Eine Bonit\u00e4tspr\u00fcfung bei einer Auskunftei wie der Schufa wird beispielsweise auch bei einer Umschuldung durchgef\u00fchrt, denn allein die Tatsache, dass Ihnen bereits Kredite gew\u00e4hrt wurden, sagt nichts \u00fcber Ihre Bonit\u00e4t aus. Alle wichtigen Voraussetzungen f\u00fcr einen Umschuldungskredit haben wir Ihnen auf einen Blick aufgez\u00e4hlt:<\/p>\n<ol>\n<li>Vollj\u00e4hrigkeit<\/li>\n<li>Fester Wohnsitz in Deutschland<\/li>\n<li>Regelm\u00e4\u00dfiges und ausreichendes Einkommen<\/li>\n<li>Ausreichende Bonit\u00e4t<\/li>\n<li>Konto bei einer deutschen Bank<\/li>\n<\/ol>\n","protected":false},"excerpt":{"rendered":"<p>Ein neues Auto wurde f\u00e4llig, der alte K\u00fchlschrank wurde gegen ein teures, aber energieeffizientes Modell ausgetauscht, die Waschmaschine hat den Geist aufgegeben und dann war da noch diese Traumreise, die man sich schon immer mal g\u00f6nnen wollte und die vom Reiseb\u00fcro zu einem Schn\u00e4ppchenpreis angeboten wurde \u2013 so oder \u00e4hnlich k\u00f6nnten die gr\u00f6\u00dferen Ausgaben eines [&hellip;]<\/p>\n","protected":false},"author":2,"featured_media":0,"parent":0,"menu_order":0,"comment_status":"open","ping_status":"closed","template":"","meta":{"footnotes":""},"class_list":["post-56","page","type-page","status-publish","hentry"],"yoast_head":"<!-- This site is optimized with the Yoast SEO plugin v26.8 - https:\/\/yoast.com\/product\/yoast-seo-wordpress\/ -->\n<title>Umschuldung 2026: Jetzt Umschuldungskredit ab 0,69% Zins sichern<\/title>\n<meta name=\"description\" content=\"lll\u27a4 Kredit Umschuldung auf STERN.de \u2b50 Schnelle Auszahlung + T\u00dcV-gepr\u00fcft + flexible Laufzeiten + 100% transparent \u2705 Jetzt Umschuldungskredit online berechnen!\" \/>\n<meta name=\"robots\" content=\"index, follow, max-snippet:-1, max-image-preview:large, max-video-preview:-1\" \/>\n<link rel=\"canonical\" href=\"https:\/\/www.stern.de\/vergleich\/kredit\/umschuldung\/\" \/>\n<meta property=\"og:locale\" content=\"de_DE\" \/>\n<meta property=\"og:type\" content=\"article\" \/>\n<meta property=\"og:title\" content=\"Umschuldung 2026: Jetzt Umschuldungskredit ab 0,69% Zins sichern\" \/>\n<meta property=\"og:description\" content=\"lll\u27a4 Kredit Umschuldung auf STERN.de \u2b50 Schnelle Auszahlung + T\u00dcV-gepr\u00fcft + flexible Laufzeiten + 100% transparent \u2705 Jetzt Umschuldungskredit online berechnen!\" \/>\n<meta property=\"og:url\" content=\"https:\/\/www.stern.de\/vergleich\/kredit\/umschuldung\/\" \/>\n<meta property=\"og:site_name\" content=\"Kreditvergleich gratis\" \/>\n<meta property=\"article:modified_time\" content=\"2018-08-20T08:05:52+00:00\" \/>\n<meta name=\"twitter:card\" content=\"summary_large_image\" \/>\n<meta name=\"twitter:label1\" content=\"Gesch\u00e4tzte Lesezeit\" \/>\n\t<meta name=\"twitter:data1\" content=\"13\u00a0Minuten\" \/>\n<script type=\"application\/ld+json\" class=\"yoast-schema-graph\">{\"@context\":\"https:\/\/schema.org\",\"@graph\":[{\"@type\":\"WebPage\",\"@id\":\"http:\/\/www.crcg.de\/kreditvergleich\/umschuldungskredit\/\",\"url\":\"https:\/\/www.stern.de\/vergleich\/kredit\/umschuldung\/\",\"name\":\"Umschuldung 2026: Jetzt Umschuldungskredit ab 0,69% Zins sichern\",\"isPartOf\":{\"@id\":\"http:\/\/www.crcg.de\/kreditvergleich\/#website\"},\"datePublished\":\"2013-06-24T11:45:26+00:00\",\"dateModified\":\"2018-08-20T08:05:52+00:00\",\"description\":\"lll\u27a4 Kredit Umschuldung auf STERN.de \u2b50 Schnelle Auszahlung + T\u00dcV-gepr\u00fcft + flexible Laufzeiten + 100% transparent \u2705 Jetzt Umschuldungskredit online berechnen!\",\"breadcrumb\":{\"@id\":\"https:\/\/www.stern.de\/vergleich\/kredit\/umschuldung\/#breadcrumb\"},\"inLanguage\":\"de\",\"potentialAction\":[{\"@type\":\"ReadAction\",\"target\":[\"https:\/\/www.stern.de\/vergleich\/kredit\/umschuldung\/\"]}]},{\"@type\":\"BreadcrumbList\",\"@id\":\"https:\/\/www.stern.de\/vergleich\/kredit\/umschuldung\/#breadcrumb\",\"itemListElement\":[{\"@type\":\"ListItem\",\"position\":1,\"name\":\"Startseite\",\"item\":\"http:\/\/www.crcg.de\/kreditvergleich\/\"},{\"@type\":\"ListItem\",\"position\":2,\"name\":\"Umschuldung &#8211; Jetzt Kredite g\u00fcnstig umschulden &#038; Bank wechseln\"}]},{\"@type\":\"WebSite\",\"@id\":\"http:\/\/www.crcg.de\/kreditvergleich\/#website\",\"url\":\"http:\/\/www.crcg.de\/kreditvergleich\/\",\"name\":\"Kreditvergleich gratis\",\"description\":\"Gratis Kreditvergleich f\u00fcr Jedermann\",\"potentialAction\":[{\"@type\":\"SearchAction\",\"target\":{\"@type\":\"EntryPoint\",\"urlTemplate\":\"http:\/\/www.crcg.de\/kreditvergleich\/?s={search_term_string}\"},\"query-input\":{\"@type\":\"PropertyValueSpecification\",\"valueRequired\":true,\"valueName\":\"search_term_string\"}}],\"inLanguage\":\"de\"}]}<\/script>\n<!-- \/ Yoast SEO plugin. -->","yoast_head_json":{"title":"Umschuldung 2026: Jetzt Umschuldungskredit ab 0,69% Zins sichern","description":"lll\u27a4 Kredit Umschuldung auf STERN.de \u2b50 Schnelle Auszahlung + T\u00dcV-gepr\u00fcft + flexible Laufzeiten + 100% transparent \u2705 Jetzt Umschuldungskredit online berechnen!","robots":{"index":"index","follow":"follow","max-snippet":"max-snippet:-1","max-image-preview":"max-image-preview:large","max-video-preview":"max-video-preview:-1"},"canonical":"https:\/\/www.stern.de\/vergleich\/kredit\/umschuldung\/","og_locale":"de_DE","og_type":"article","og_title":"Umschuldung 2026: Jetzt Umschuldungskredit ab 0,69% Zins sichern","og_description":"lll\u27a4 Kredit Umschuldung auf STERN.de \u2b50 Schnelle Auszahlung + T\u00dcV-gepr\u00fcft + flexible Laufzeiten + 100% transparent \u2705 Jetzt Umschuldungskredit online berechnen!","og_url":"https:\/\/www.stern.de\/vergleich\/kredit\/umschuldung\/","og_site_name":"Kreditvergleich gratis","article_modified_time":"2018-08-20T08:05:52+00:00","twitter_card":"summary_large_image","twitter_misc":{"Gesch\u00e4tzte Lesezeit":"13\u00a0Minuten"},"schema":{"@context":"https:\/\/schema.org","@graph":[{"@type":"WebPage","@id":"http:\/\/www.crcg.de\/kreditvergleich\/umschuldungskredit\/","url":"https:\/\/www.stern.de\/vergleich\/kredit\/umschuldung\/","name":"Umschuldung 2026: Jetzt Umschuldungskredit ab 0,69% Zins sichern","isPartOf":{"@id":"http:\/\/www.crcg.de\/kreditvergleich\/#website"},"datePublished":"2013-06-24T11:45:26+00:00","dateModified":"2018-08-20T08:05:52+00:00","description":"lll\u27a4 Kredit Umschuldung auf STERN.de \u2b50 Schnelle Auszahlung + T\u00dcV-gepr\u00fcft + flexible Laufzeiten + 100% transparent \u2705 Jetzt Umschuldungskredit online berechnen!","breadcrumb":{"@id":"https:\/\/www.stern.de\/vergleich\/kredit\/umschuldung\/#breadcrumb"},"inLanguage":"de","potentialAction":[{"@type":"ReadAction","target":["https:\/\/www.stern.de\/vergleich\/kredit\/umschuldung\/"]}]},{"@type":"BreadcrumbList","@id":"https:\/\/www.stern.de\/vergleich\/kredit\/umschuldung\/#breadcrumb","itemListElement":[{"@type":"ListItem","position":1,"name":"Startseite","item":"http:\/\/www.crcg.de\/kreditvergleich\/"},{"@type":"ListItem","position":2,"name":"Umschuldung &#8211; Jetzt Kredite g\u00fcnstig umschulden &#038; Bank wechseln"}]},{"@type":"WebSite","@id":"http:\/\/www.crcg.de\/kreditvergleich\/#website","url":"http:\/\/www.crcg.de\/kreditvergleich\/","name":"Kreditvergleich gratis","description":"Gratis Kreditvergleich f\u00fcr Jedermann","potentialAction":[{"@type":"SearchAction","target":{"@type":"EntryPoint","urlTemplate":"http:\/\/www.crcg.de\/kreditvergleich\/?s={search_term_string}"},"query-input":{"@type":"PropertyValueSpecification","valueRequired":true,"valueName":"search_term_string"}}],"inLanguage":"de"}]}},"_links":{"self":[{"href":"http:\/\/www.crcg.de\/kreditvergleich\/wp-json\/wp\/v2\/pages\/56","targetHints":{"allow":["GET"]}}],"collection":[{"href":"http:\/\/www.crcg.de\/kreditvergleich\/wp-json\/wp\/v2\/pages"}],"about":[{"href":"http:\/\/www.crcg.de\/kreditvergleich\/wp-json\/wp\/v2\/types\/page"}],"author":[{"embeddable":true,"href":"http:\/\/www.crcg.de\/kreditvergleich\/wp-json\/wp\/v2\/users\/2"}],"replies":[{"embeddable":true,"href":"http:\/\/www.crcg.de\/kreditvergleich\/wp-json\/wp\/v2\/comments?post=56"}],"version-history":[{"count":9,"href":"http:\/\/www.crcg.de\/kreditvergleich\/wp-json\/wp\/v2\/pages\/56\/revisions"}],"predecessor-version":[{"id":1052,"href":"http:\/\/www.crcg.de\/kreditvergleich\/wp-json\/wp\/v2\/pages\/56\/revisions\/1052"}],"wp:attachment":[{"href":"http:\/\/www.crcg.de\/kreditvergleich\/wp-json\/wp\/v2\/media?parent=56"}],"curies":[{"name":"wp","href":"https:\/\/api.w.org\/{rel}","templated":true}]}}