{"id":145,"date":"2013-06-29T09:50:36","date_gmt":"2013-06-29T08:50:36","guid":{"rendered":"http:\/\/www.bkk-nrw.de\/?page_id=145"},"modified":"2018-08-20T09:35:43","modified_gmt":"2018-08-20T08:35:43","slug":"smava","status":"publish","type":"page","link":"http:\/\/www.crcg.de\/kreditvergleich\/smava\/","title":{"rendered":"Smava \u2013 Der erste Kreditmarktplatz"},"content":{"rendered":"<p>Smava ist ein Kreditmarktplatz, der Kunden mit Kreditwunsch ohne weiteres Suchen weiterhilft. <a href=\"http:\/\/www.crcg.de\/kreditvergleich\/\">Kredit<\/a> sind in der heutigen Zeit sowohl f\u00fcr private Verbraucher wie auch f\u00fcr Firmeninhaber notwendig, um laufende Kosten und Investitionen zu bestreiten. Als erster Kreditmarktplatz kann Smava hier weiterhelfen, denn das Portal vereinfacht dem Leser die Auswahl. Wie ein <a title=\"Kreditrechner\" href=\"http:\/\/www.crcg.de\/kreditvergleich\/kreditrechner\/\">Kreditrechner<\/a>, den man auch f\u00fcr den Telefontarif oder die Versicherung nutzen kann, bietet auch das Portal Smava viele bequeme Hilfen. Schon seit Jahren ist das in Berlin ans\u00e4ssige Unternehmen erfolgreich t\u00e4tig, es wird von einer erfahrenen Firmenleitung aus dem Finanzbereich gef\u00fchrt.<\/p>\n<h2>Marktplatz f\u00fcr Jedermann<\/h2>\n<p>Verbraucher, die auf der Suche nach einem g\u00fcnstigen Kreditangebot (egal ob <a title=\"Autokredit\" href=\"http:\/\/www.crcg.de\/kreditvergleich\/autokredit\/\">Autokredit<\/a>, <a title=\"Kleinkredit\" href=\"http:\/\/www.crcg.de\/kreditvergleich\/kleinkredit\/\">Kleinkredit<\/a>, <a title=\"Sofortkredit\" href=\"http:\/\/www.crcg.de\/kreditvergleich\/sofortkredit\/\">Sofortkredit<\/a> oder <a title=\"Privatkredit\" href=\"http:\/\/www.crcg.de\/kreditvergleich\/privatkredit\/\">Privatkredit<\/a>) sind, sollten sich das Portal von Smava n\u00e4her ansehen. Hier k\u00f6nnen die Angebote f\u00fchrender Banken bequem miteinander verglichen werden. Auch unabh\u00e4ngige Tester sind seit Jahren von der Handhabung der Angebote und Kreditanfragen begeistert. Die Angebote stammen von f\u00fchrenden Banken sowie von privaten Geldgebern. F\u00fcr die Anfrage ist es lediglich notwendig, einmal die gestellten Fragen nach dem Finanzierungswunsch und den pers\u00f6nlichen Angaben zu machen, danach kann das Portal eine Anfrage an mehrere Banken stellen. Dadurch erh\u00e4lt der Leser einen bequemen \u00dcberblick \u00fcber die Angebote, die ihm anschlie\u00dfend von den Banken unterbreitet werden. Mehr als 100.000 zufriedene Nutzer und die bekannten Fernsehsender berichten \u00fcber die Handhabung und die Konditionen.<\/p>\n<p>Die Standardkonditionen der Smava.de betragen 2,85% effektiver Jahreszins und Laufzeiten zwischen 12 und 120 Monaten. Nettokreditbetr\u00e4ge zwischen 1.000 Euro und 50.000 Euro k\u00f6nnen beantragt werden, die Bearbeitung geht in der Regel innerhalb von wenigen Tagen vonstatten. Die Anfrage nach einem Kredit wird durch eine Sofort Online-Zusage beantwortet, dabei k\u00f6nnen die Kunden von den besten Konditionen ausgehen. Die Auszahlung kann sehr schnell erfolgen, innerhalb von 48 Stunden verf\u00fcgt der Antragsteller \u00fcber seinen Kredit. Mit dem bewilligten Kredit k\u00f6nnen die Antragsteller sich nicht nur einen pers\u00f6nlichen Wunsch erf\u00fcllen. Gerne werden auch <a href=\"http:\/\/www.crcg.de\/kreditvergleich\/kredit-fuer-selbststaendige\/\">Freiberufler und Selbst\u00e4ndige mit einem Kredit<\/a> bedient, die sich damit ihre Existenz sichern m\u00fcssen. Anschaffungen, die zum Betriebsinventar notwendig sind, erhalten die Funktionalit\u00e4t des Betriebes und sorgen f\u00fcr weitere Auftragseinnahmen. W\u00e4hrend manche Banken Freiberuflern gegen\u00fcber sehr zur\u00fcckhaltend oder sogar ablehnend gegen\u00fcberstehen, ist es bei Smava m\u00f6glich, einen Kreditantrag zu stellen. Die Partnerbanken haben sich bereit erkl\u00e4rt, auch diese Antr\u00e4ge zu bearbeiten.<\/p>\n","protected":false},"excerpt":{"rendered":"<p>Smava ist ein Kreditmarktplatz, der Kunden mit Kreditwunsch ohne weiteres Suchen weiterhilft. Kredit sind in der heutigen Zeit sowohl f\u00fcr private Verbraucher wie auch f\u00fcr Firmeninhaber notwendig, um laufende Kosten und Investitionen zu bestreiten. Als erster Kreditmarktplatz kann Smava hier weiterhelfen, denn das Portal vereinfacht dem Leser die Auswahl. Wie ein Kreditrechner, den man auch [&hellip;]<\/p>\n","protected":false},"author":2,"featured_media":0,"parent":0,"menu_order":0,"comment_status":"open","ping_status":"closed","template":"","meta":{"footnotes":""},"class_list":["post-145","page","type-page","status-publish","hentry"],"yoast_head":"<!-- This site is optimized with the Yoast SEO plugin v26.8 - https:\/\/yoast.com\/product\/yoast-seo-wordpress\/ -->\n<title>Smava: Der erste online Kreditmarktplatz mit guten Angeboten<\/title>\n<meta name=\"description\" content=\"lll\u27a4 Smava Kredit 2026 auf STERN.de \u2b50 G\u00fcnstige Kredite bei Smava mit schneller Auszahlung &amp; Niedrig-Zins sichern! \u2705 Jetzt beantragen!\" \/>\n<meta name=\"robots\" content=\"index, follow, max-snippet:-1, max-image-preview:large, max-video-preview:-1\" \/>\n<link rel=\"canonical\" href=\"https:\/\/www.stern.de\/vergleich\/kredit\/smava\/\" \/>\n<meta property=\"og:locale\" content=\"de_DE\" \/>\n<meta property=\"og:type\" content=\"article\" \/>\n<meta property=\"og:title\" content=\"Smava: Der erste online Kreditmarktplatz mit guten Angeboten\" \/>\n<meta property=\"og:description\" content=\"lll\u27a4 Smava Kredit 2026 auf STERN.de \u2b50 G\u00fcnstige Kredite bei Smava mit schneller Auszahlung &amp; Niedrig-Zins sichern! \u2705 Jetzt beantragen!\" \/>\n<meta property=\"og:url\" content=\"https:\/\/www.stern.de\/vergleich\/kredit\/smava\/\" \/>\n<meta property=\"og:site_name\" content=\"Kreditvergleich gratis\" \/>\n<meta property=\"article:modified_time\" content=\"2018-08-20T08:35:43+00:00\" \/>\n<meta name=\"twitter:card\" content=\"summary_large_image\" \/>\n<meta name=\"twitter:label1\" content=\"Gesch\u00e4tzte Lesezeit\" \/>\n\t<meta name=\"twitter:data1\" content=\"2\u00a0Minuten\" \/>\n<script type=\"application\/ld+json\" class=\"yoast-schema-graph\">{\"@context\":\"https:\/\/schema.org\",\"@graph\":[{\"@type\":\"WebPage\",\"@id\":\"http:\/\/www.crcg.de\/kreditvergleich\/smava\/\",\"url\":\"https:\/\/www.stern.de\/vergleich\/kredit\/smava\/\",\"name\":\"Smava: Der erste online Kreditmarktplatz mit guten Angeboten\",\"isPartOf\":{\"@id\":\"http:\/\/www.crcg.de\/kreditvergleich\/#website\"},\"datePublished\":\"2013-06-29T08:50:36+00:00\",\"dateModified\":\"2018-08-20T08:35:43+00:00\",\"description\":\"lll\u27a4 Smava Kredit 2026 auf STERN.de \u2b50 G\u00fcnstige Kredite bei Smava mit schneller Auszahlung & Niedrig-Zins sichern! \u2705 Jetzt beantragen!\",\"breadcrumb\":{\"@id\":\"https:\/\/www.stern.de\/vergleich\/kredit\/smava\/#breadcrumb\"},\"inLanguage\":\"de\",\"potentialAction\":[{\"@type\":\"ReadAction\",\"target\":[\"https:\/\/www.stern.de\/vergleich\/kredit\/smava\/\"]}]},{\"@type\":\"BreadcrumbList\",\"@id\":\"https:\/\/www.stern.de\/vergleich\/kredit\/smava\/#breadcrumb\",\"itemListElement\":[{\"@type\":\"ListItem\",\"position\":1,\"name\":\"Startseite\",\"item\":\"http:\/\/www.crcg.de\/kreditvergleich\/\"},{\"@type\":\"ListItem\",\"position\":2,\"name\":\"Smava \u2013 Der erste Kreditmarktplatz\"}]},{\"@type\":\"WebSite\",\"@id\":\"http:\/\/www.crcg.de\/kreditvergleich\/#website\",\"url\":\"http:\/\/www.crcg.de\/kreditvergleich\/\",\"name\":\"Kreditvergleich gratis\",\"description\":\"Gratis Kreditvergleich f\u00fcr Jedermann\",\"potentialAction\":[{\"@type\":\"SearchAction\",\"target\":{\"@type\":\"EntryPoint\",\"urlTemplate\":\"http:\/\/www.crcg.de\/kreditvergleich\/?s={search_term_string}\"},\"query-input\":{\"@type\":\"PropertyValueSpecification\",\"valueRequired\":true,\"valueName\":\"search_term_string\"}}],\"inLanguage\":\"de\"}]}<\/script>\n<!-- \/ Yoast SEO plugin. -->","yoast_head_json":{"title":"Smava: Der erste online Kreditmarktplatz mit guten Angeboten","description":"lll\u27a4 Smava Kredit 2026 auf STERN.de \u2b50 G\u00fcnstige Kredite bei Smava mit schneller Auszahlung & Niedrig-Zins sichern! \u2705 Jetzt beantragen!","robots":{"index":"index","follow":"follow","max-snippet":"max-snippet:-1","max-image-preview":"max-image-preview:large","max-video-preview":"max-video-preview:-1"},"canonical":"https:\/\/www.stern.de\/vergleich\/kredit\/smava\/","og_locale":"de_DE","og_type":"article","og_title":"Smava: Der erste online Kreditmarktplatz mit guten Angeboten","og_description":"lll\u27a4 Smava Kredit 2026 auf STERN.de \u2b50 G\u00fcnstige Kredite bei Smava mit schneller Auszahlung & Niedrig-Zins sichern! \u2705 Jetzt beantragen!","og_url":"https:\/\/www.stern.de\/vergleich\/kredit\/smava\/","og_site_name":"Kreditvergleich gratis","article_modified_time":"2018-08-20T08:35:43+00:00","twitter_card":"summary_large_image","twitter_misc":{"Gesch\u00e4tzte Lesezeit":"2\u00a0Minuten"},"schema":{"@context":"https:\/\/schema.org","@graph":[{"@type":"WebPage","@id":"http:\/\/www.crcg.de\/kreditvergleich\/smava\/","url":"https:\/\/www.stern.de\/vergleich\/kredit\/smava\/","name":"Smava: Der erste online Kreditmarktplatz mit guten Angeboten","isPartOf":{"@id":"http:\/\/www.crcg.de\/kreditvergleich\/#website"},"datePublished":"2013-06-29T08:50:36+00:00","dateModified":"2018-08-20T08:35:43+00:00","description":"lll\u27a4 Smava Kredit 2026 auf STERN.de \u2b50 G\u00fcnstige Kredite bei Smava mit schneller Auszahlung & Niedrig-Zins sichern! \u2705 Jetzt beantragen!","breadcrumb":{"@id":"https:\/\/www.stern.de\/vergleich\/kredit\/smava\/#breadcrumb"},"inLanguage":"de","potentialAction":[{"@type":"ReadAction","target":["https:\/\/www.stern.de\/vergleich\/kredit\/smava\/"]}]},{"@type":"BreadcrumbList","@id":"https:\/\/www.stern.de\/vergleich\/kredit\/smava\/#breadcrumb","itemListElement":[{"@type":"ListItem","position":1,"name":"Startseite","item":"http:\/\/www.crcg.de\/kreditvergleich\/"},{"@type":"ListItem","position":2,"name":"Smava \u2013 Der erste Kreditmarktplatz"}]},{"@type":"WebSite","@id":"http:\/\/www.crcg.de\/kreditvergleich\/#website","url":"http:\/\/www.crcg.de\/kreditvergleich\/","name":"Kreditvergleich gratis","description":"Gratis Kreditvergleich f\u00fcr Jedermann","potentialAction":[{"@type":"SearchAction","target":{"@type":"EntryPoint","urlTemplate":"http:\/\/www.crcg.de\/kreditvergleich\/?s={search_term_string}"},"query-input":{"@type":"PropertyValueSpecification","valueRequired":true,"valueName":"search_term_string"}}],"inLanguage":"de"}]}},"_links":{"self":[{"href":"http:\/\/www.crcg.de\/kreditvergleich\/wp-json\/wp\/v2\/pages\/145","targetHints":{"allow":["GET"]}}],"collection":[{"href":"http:\/\/www.crcg.de\/kreditvergleich\/wp-json\/wp\/v2\/pages"}],"about":[{"href":"http:\/\/www.crcg.de\/kreditvergleich\/wp-json\/wp\/v2\/types\/page"}],"author":[{"embeddable":true,"href":"http:\/\/www.crcg.de\/kreditvergleich\/wp-json\/wp\/v2\/users\/2"}],"replies":[{"embeddable":true,"href":"http:\/\/www.crcg.de\/kreditvergleich\/wp-json\/wp\/v2\/comments?post=145"}],"version-history":[{"count":4,"href":"http:\/\/www.crcg.de\/kreditvergleich\/wp-json\/wp\/v2\/pages\/145\/revisions"}],"predecessor-version":[{"id":1070,"href":"http:\/\/www.crcg.de\/kreditvergleich\/wp-json\/wp\/v2\/pages\/145\/revisions\/1070"}],"wp:attachment":[{"href":"http:\/\/www.crcg.de\/kreditvergleich\/wp-json\/wp\/v2\/media?parent=145"}],"curies":[{"name":"wp","href":"https:\/\/api.w.org\/{rel}","templated":true}]}}