


{"id":4478,"date":"2016-06-13T07:30:40","date_gmt":"2016-06-13T06:30:40","guid":{"rendered":"http:\/\/www.kreditkartenvergleich.org\/?page_id=4478"},"modified":"2017-03-24T20:42:47","modified_gmt":"2017-03-24T19:42:47","slug":"dkb-cash-test-erfahrungen-today-formatf-today-formaty","status":"publish","type":"page","link":"http:\/\/www.crcg.de\/kreditkartenvergleich\/dkb-cash\/","title":{"rendered":"DKB Cash &#8211; Test &#038; Erfahrungen [today format=F] [today format=Y]"},"content":{"rendered":"<div class=\"visit-provider\" style=\"text-align: center;\">\n<p><img decoding=\"async\" src=\"..\/wp-content\/uploads\/DKB_Cash.jpg\" alt=\"Bank Logo\" \/><\/p>\n<div style=\"text-align: center;\">\n<form action=\"http:\/\/www.crcg.de\/kreditkartenvergleich\/wp-admin\/goto.php\" method=\"post\" target=\"_blank\"><input name=\"ref_url\" type=\"hidden\" value=\"http:\/\/www.crcg.de\/kreditkartenvergleich\/goto-dkb\" \/><input name=\"submit\" type=\"submit\" class=\"cpn_btn\" value=\"Zur Bank\" \/><\/form>\n<\/div>\n<div id=\"table_details\">\n<table class=\"table_details_bewertung\" border=\"0\" width=\"100%\">\n<tbody>\n<tr>\n<td align=\"center\" nowrap=\"nowrap\"><span class=\"table_details_bewertung_head\">Bewertung<\/span><span class=\"table_details_bewertung_punkte\">94\/100<\/span><span class=\"table_details_bewertung_note\"><b>SEHR GUT<\/b><\/span><\/td>\n<\/tr>\n<\/tbody>\n<\/table>\n<div id=\"table_details_abstand\"><\/div>\n<table class=\"table_details_block\" border=\"0\" width=\"100%\" cellspacing=\"1\" cellpadding=\"3\">\n<tbody>\n<tr>\n<td class=\"table_details_block_head\" colspan=\"2\" align=\"center\"><b>Allgemein<\/b><\/td>\n<\/tr>\n<tr>\n<td class=\"table_details_block_zelle_left\">eff. Jahreszins:<\/td>\n<td class=\"table_details_block_zelle_right\"><b>25 <\/b>\/ 25<\/td>\n<\/tr>\n<tr>\n<td class=\"table_details_block_zelle_left\">Geb\u00fchren:<\/td>\n<td class=\"table_details_block_zelle_right\"><b>20 <\/b>\/ 20<\/td>\n<\/tr>\n<tr>\n<td class=\"table_details_block_zelle_left\">Bonus:<\/td>\n<td class=\"table_details_block_zelle_right\"><b>15 <\/b>\/ 15<\/td>\n<\/tr>\n<tr>\n<td class=\"table_details_block_zelle_left\"><b>Total:<\/b><\/td>\n<td class=\"table_details_block_zelle_right\"><b>60 <\/b>\/ 60<\/td>\n<\/tr>\n<\/tbody>\n<\/table>\n<div id=\"table_details_abstand\"><\/div>\n<table class=\"table_details_block\" border=\"0\" width=\"100%\" cellspacing=\"1\" cellpadding=\"3\">\n<tbody>\n<tr>\n<td class=\"table_details_block_head\" colspan=\"2\" align=\"center\"><b>Leistungen<\/b><\/td>\n<\/tr>\n<tr>\n<td class=\"table_details_block_zelle_left\">Angebote:<\/td>\n<td class=\"table_details_block_zelle_right\"><b>8<\/b> \/ 10<\/td>\n<\/tr>\n<tr>\n<td class=\"table_details_block_zelle_left\">Besonderheiten:<\/td>\n<td class=\"table_details_block_zelle_right\"><b>4<\/b> \/ 5<\/td>\n<\/tr>\n<tr>\n<td class=\"table_details_block_zelle_left\">Versicherung:<\/td>\n<td class=\"table_details_block_zelle_right\"><b>5<\/b> \/ 5<\/td>\n<\/tr>\n<tr>\n<td class=\"table_details_block_zelle_left\"><b>Total:<\/b><\/td>\n<td class=\"table_details_block_zelle_right\"><b>17<\/b> \/ 20<\/td>\n<\/tr>\n<\/tbody>\n<\/table>\n<div id=\"table_details_abstand\"><\/div>\n<table class=\"table_details_block\" border=\"0\" width=\"100%\" cellspacing=\"1\" cellpadding=\"3\">\n<tbody>\n<tr>\n<td class=\"table_details_block_head\" colspan=\"2\" align=\"center\"><b>Kundenservice<\/b><\/td>\n<\/tr>\n<tr>\n<td class=\"table_details_block_zelle_left\">Beratung:<\/td>\n<td class=\"table_details_block_zelle_right\"><b>8<\/b> \/ 10<\/td>\n<\/tr>\n<tr>\n<td class=\"table_details_block_zelle_left\">Hotline:<\/td>\n<td class=\"table_details_block_zelle_right\"><b>4<\/b> \/ 5<\/td>\n<\/tr>\n<tr>\n<td class=\"table_details_block_zelle_left\">Sicherheit:<\/td>\n<td class=\"table_details_block_zelle_right\"><b>5<\/b> \/ 5<\/td>\n<\/tr>\n<tr>\n<td class=\"table_details_block_zelle_left\"><b>Total:<\/b><\/td>\n<td class=\"table_details_block_zelle_right\"><b>17<\/b> \/ 20<\/td>\n<\/tr>\n<\/tbody>\n<\/table>\n<\/div>\n<\/div>\n\n<p>Die DKB ist inzwischen f\u00fcr ihre Angebote bekannt, die mehr als nur ein einzelnes Finanzprodukt beinhalten und <strong>f\u00fcr g\u00fcnstige Konditionen sorgen<\/strong> k\u00f6nnen. Dazu z\u00e4hlt unter anderem eben auch die angebotene Kreditkarte, die sich ganz einfach nutzen l\u00e4sst und die zahlreiche Vorteile in sich tr\u00e4gt. Wer sich deshalb etwas mit dem Thema befasst, der kann daraus schnell einen gro\u00dfen Nutzen ziehen. Aktuell ist es sogar so, dass die Kunden an und f\u00fcr sich erst einmal gar nichts f\u00fcr die Nutzung der Kreditkarte bezahlen m\u00fcssen, was ein klarer Vorteil ist. Zugleich kann mit der Karte auf der ganzen Welt Geld abgehoben werden, ohne dass dabei zu hohe Kosten entstehen w\u00fcrden. Dies liegt ganz einfach daran, dass hier auf das System des Unternehmens VISA gesetzt wird, welches bereits <strong>auf der ganzen Welt<\/strong> \u00fcber eine <span style=\"text-decoration: underline;\">sehr gut ausgebaute Struktur<\/span> verf\u00fcgt, auf der sich am Ende weiter ausbauen l\u00e4sst.<\/p>\n<p>Zus\u00e4tzliche Vorteile ergeben sich dann in der Kundenfreundlichkeit, die an zahlreichen Punkten immer wieder sehr deutlich zum Vorschein kommt. So zum Beispiel, wenn die Daten der Kreditkarte einmal abgefangen werden sollten. Der Kunde hat hier nat\u00fcrlich die Chance, die Karte selbst sperren zu lassen, doch auf der anderen Seite bietet sich die Chance, dabei <span style=\"text-decoration: underline;\">ganz auf die Bank zu vertrauen<\/span>. Die alte Karte kann somit keinen Schaden mehr anrichten. Zus\u00e4tzlich wird sie von der DKB sehr zeitnah durch ein neues Modell ersetzt, was keine <a href=\"http:\/\/www.crcg.de\/kreditkartenvergleich\/dkb-cash\/#Kosten\">Kosten<\/a> nach sich zieht. Selbst wer sich im Urlaub befindet kann so <strong>innerhalb von nur 72 Stunden ein neues Modell<\/strong> in der Hand halten, mit dem sich dann wiederum genau wie gewohnt bezahlen l\u00e4sst. Alles in allem sind dies also sehr gelungene M\u00f6glichkeiten, die man bei der DKB als Kunde direkt an die Seite gestellt bekommt.<\/p>\n<p>Verkn\u00fcpft ist mit der Kreditkarte noch ein<strong> Girokonto<\/strong>, welches aber weder bei der Er\u00f6ffnung noch bei der F\u00fchrung Kosten nach sich zieht. Zugleich gibt es hier leider keine Verzinsung, weshalb es f\u00fcr den Kunden attraktiv sein kann, das Geld auf die Kreditkarte zu bringen. Denn f\u00fcr Neukunden ist hier nach wie vor ein <strong>Zinssatz von 0,4 Prozent garantiert<\/strong>, der gerade in Bezug auf die aktuelle Lage der Wirtschaft eine hohe Attraktivit\u00e4t in sich tr\u00e4gt. Das Konto bietet zugleich den Vorteil, dass es ganz bequem f\u00fcr die Verwaltung der Karte eingesetzt werden kann. Somit wird von der Seite der Bank aus gew\u00e4hrleistet, dass auch die Transaktionen so einfach und schnell wie nur m\u00f6glich in die Wege geleitet werden k\u00f6nnen. Am Ende des Tages kann man hier bereits klare Qualit\u00e4ten erkennen.<\/p>\n<h3 class=\"heading-text\">Besonderheiten<\/h3>\n<p>Im Hinblick auf die Kreditkarte der DKB gibt es in der Tat auch die eine oder andere Besonderheit, die die Kunden schnell f\u00fcr sich entdecken k\u00f6nnen. Es beginnt bereits mit dem Punkt, dass es eben die Chance gibt, mit der Kreditkarte einen <strong>guten Zinssatz<\/strong> zu erzielen. Dies kann dadurch geschehen, dass die Einlagen ganz einfach auf die Karte \u00fcbertragen werden, wo sie dann variabel verzinst werden. Der aktuelle Tarif ist mit genau 0,4 Prozent pro Jahr festgesetzt.<\/p>\n<p>Zugleich ist es aber die <strong>flexible Einsetzbarkeit<\/strong> des DKB Cash Angebots, die zu \u00fcberzeugen wei\u00df. Es beginnt bereits damit, dass VISA eben auf der ganzen Welt das gr\u00f6\u00dfte Unternehmen ist, das diese Dienstleistung anbietet. In der Folge ist es praktisch in allen L\u00e4ndern auf der Welt m\u00f6glich, auf diese Art und Weise eine Zahlung in die Wege zu leiten. Zugleich kann daf\u00fcr gesorgt werden, dass eben mehr als eine Million Automaten zur Verf\u00fcgung stehen, an denen <span style=\"text-decoration: underline;\">kostenlos Geld abgehoben<\/span> werden kann, selbst wenn au\u00dferhalb der Euro Zone eine kleine Geb\u00fchr anfallen kann.<\/p>\n<h3 class=\"heading-text\">Vorteile<\/h3>\n<ul style=\"text-align: justify;\">\n<li>dauerhaft keine Jahresgeb\u00fchr<\/li>\n<li>kostenloses Internetkonto inkl. Girokarte<\/li>\n<li>kostenlose Kredit- sowie Partnerkarte und eine kostenfreie EC-Maestro-Karte<\/li>\n<li>weltweit kostenloser Bargeldbezug mit der VISA-Kreditkarte<\/li>\n<li>bargeldlose Zahlungen mit der Karte innerhalb der EU kostenfrei (au\u00dferhalb 1,75% des Kartenumsatzes)<\/li>\n<li>kein monatlicher Mindestgeldeingang erforderlich<\/li>\n<li>kostenloses Bonusprogramm<\/li>\n<li>kein Post-Ident erforderlich: Kontoer\u00f6ffnung mit neuem Personalausweis mit RFID-Chip oder Video-Ident m\u00f6glich<\/li>\n<li>0,40 % p.a. Guthabenverzinsung auf dem Kreditkartenkonto bei monatlicher Zinsgutschrift<\/li>\n<li>0,10 % p.a. Guthabenzins auf dem Internet-Konto<\/li>\n<li>bis zu 17 % Online-Cashback<\/li>\n<li>City-Cashback: teils hohe Rabatte bei \u00fcber 10.000 Partnern (vor allem Restaurants und Bars) in 50 deutschen St\u00e4dten<\/li>\n<li>per Internet-Banking und TAN digitale Gutscheine von Spotify, Facebook und Nintendo erh\u00e4ltlich<\/li>\n<li>kostenloser Eintritt zu wechselnden Sportereignissen<\/li>\n<li>f\u00fcr Studenten inklusive internationalem Studentenausweis ISIC und weltweitem Bonusprogramm<\/li>\n<li>f\u00fcr Minderj\u00e4hrige auf Guthabenbasis als DKB-Cash u18*<\/li>\n<li>NFC-Chip f\u00fcr kontaktloses Bezahlen mit Visa payWave<\/li>\n<li>monatlicher Kontoauszug und monatliche Kreditkartenabrechnung per Internet<\/li>\n<li>bis zu 1.000 Euro Dispositionskredit mit Er\u00f6ffnung des DKB Cash<\/li>\n<\/ul>\n<p style=\"text-align: justify;\">*DKB-Cash u18: Eltern die bereits ein DKB-Cash haben, k\u00f6nnen f\u00fcr Ihre minderj\u00e4hrigen Kinder ein vollst\u00e4ndig kostenfreies DKB-Cash ohne Dispositionskredit er\u00f6ffnen. Verf\u00fcgungen auf der DKB-VISA-Card sind nur aus dem Guthaben m\u00f6glich.<\/p>\n<h3 class=\"heading-text\">Informationen<\/h3>\n<ul>\n<li>nur in Verbindung mit dem kostenlosen Internet-Konto erh\u00e4ltlich<\/li>\n<li>24 Stunden Hotline im Inland und Ausland<\/li>\n<li>Rabatte \u00fcber den Cash Club<\/li>\n<li>auch f\u00fcr Studenten, Minderj\u00e4hrige und Selbstst\u00e4ndige verf\u00fcgbar<\/li>\n<li>die Angaben zum Sollzins beziehen sich auf das Internet(Giro)konto. Wird die Karte im Guthaben gef\u00fchrt, werden eingehende Ums\u00e4tze sofort gebucht. Bei Kreditkartennutzung aus dem Verf\u00fcgungsrahmen heraus, werden die Ums\u00e4tze gesammelt und monatlich in einer Summe (zum 22.) vom Internet-Konto eingezogen<\/li>\n<li>Bonuspunkte System: DKB-CashClub &#8211; Bonuspunkte f\u00fcr Nutzung und Weiterempfehlung sammeln und gegen Pr\u00e4mien eintauschen. Bei Girokontoer\u00f6ffnung einmalig 5.000 Bonuspunkte Gutschrift. Weitere Bonuspunkte je nach Abschlu\u00dfsaldo <span class=\"more\">pro Quartal.<\/span><\/li>\n<\/ul>\n<h3 class=\"heading-text\">Fazit<\/h3>\n<p>Alles in allem wird deutlich, wie sehr sich die DKB um das Wohl ihrer Kunden bei der <strong>Kreditkarte mit Girokonto<\/strong> bem\u00fcht. Die einfache Verwaltung \u00fcber das Internet, die <span style=\"text-decoration: underline;\">hohe Sicherheit und die Kundenfreundlichkeit<\/span> k\u00f6nnen als ganz klare Vorteile gesehen werden, die es f\u00fcr sich zu nutzen gilt. Da auf ganzer Linie <strong>keine Kosten oder Geb\u00fchren<\/strong> entstehen, kann man ebenso davon sprechen, dass die M\u00f6glichkeiten an der Stelle \u00fcberzeugend sind.<br \/>\n<div class=\"table-container-top-button\" style=\"text-align: center;\">\n<form action=\"\/wp-admin\/goto.php\" method=\"post\" target=\"_blank\"><input name=\"ref_url\" type=\"hidden\" value=\"\/goto-dkb\" \/><input class=\"cpn_btn\" name=\"submit\" type=\"submit\" value=\"Kreditkarte beantragen \u00bb\" \/><\/form>\n<\/div>\n<\/p>\n<h3 class=\"heading-text\">Konditions\u00fcbersicht<\/h3>\n<p>Hier finden Sie die Konditionen der DKB Cash.<\/p>\n<h4>Kosten<\/h4>\n<table class=\"table_all\" border=\"0\" width=\"100%\" cellspacing=\"2\" cellpadding=\"5\">\n<tbody>\n<tr valign=\"top\">\n<td class=\"table_all_headline\" colspan=\"2\">Kosten bei Bezahlung<\/td>\n<\/tr>\n<tr valign=\"top\">\n<td class=\"table_all_left\" width=\"35%\">Inland<\/td>\n<td class=\"table_all_right\" width=\"65%\">0,00 Euro<\/td>\n<\/tr>\n<tr valign=\"top\">\n<td class=\"table_all_left\" width=\"35%\">Euro-Zone<\/td>\n<td class=\"table_all_right\" width=\"65%\">0,00 Euro (auch Rum\u00e4nien und Schweden)<\/td>\n<\/tr>\n<tr valign=\"top\">\n<td class=\"table_all_left\" width=\"30%\">Fremdw\u00e4hrung innerhalb Europa<\/td>\n<td class=\"table_all_right\" width=\"70%\">0,00 Euro in Rum\u00e4nien und Schweden<\/td>\n<\/tr>\n<tr valign=\"top\">\n<td class=\"table_all_left\" width=\"30%\">Fremdw\u00e4hrung au\u00dferhalb Europa\/Weltweit<\/td>\n<td class=\"table_all_right\" width=\"70%\">1,75% vom Kartenumsatz<\/td>\n<\/tr>\n<\/tbody>\n<\/table>\n<table class=\"table_all\" border=\"0\" width=\"100%\" cellspacing=\"2\" cellpadding=\"5\">\n<tbody>\n<tr valign=\"top\">\n<td class=\"table_all_headline\" colspan=\"2\">Kosten bei Bargeldabhebung<\/td>\n<\/tr>\n<tr valign=\"top\">\n<td class=\"table_all_left\" width=\"35%\">Inland<\/td>\n<td class=\"table_all_right\" width=\"65%\">0,00 Euro<\/td>\n<\/tr>\n<tr valign=\"top\">\n<td class=\"table_all_left\" width=\"35%\">Euro-Zone<\/td>\n<td class=\"table_all_right\" width=\"65%\">0,00 Euro<\/td>\n<\/tr>\n<tr valign=\"top\">\n<td class=\"table_all_left\" width=\"30%\">Fremdw\u00e4hrung innerhalb Europa<\/td>\n<td class=\"table_all_right\" width=\"70%\">0,00 Euro<\/td>\n<\/tr>\n<tr valign=\"top\">\n<td class=\"table_all_left\" width=\"30%\">Fremdw\u00e4hrung au\u00dferhalb Europa\/Weltweit<\/td>\n<td class=\"table_all_right\" width=\"70%\">0,00 Euro<\/td>\n<\/tr>\n<\/tbody>\n<\/table>\n<h4>Zinsen und Geb\u00fchren<\/h4>\n<table class=\"table_all\" border=\"0\" width=\"100%\" cellspacing=\"2\" cellpadding=\"5\">\n<tbody>\n<tr valign=\"top\">\n<td class=\"table_all_headline\" width=\"25%\">Zinsen<strong><br \/>\n<\/strong><\/td>\n<td class=\"table_all_headline\" width=\"40%\">Zinssatz<strong><br \/>\n<\/strong><\/td>\n<\/tr>\n<tr valign=\"top\">\n<td class=\"table_all_left\" width=\"25%\">Soll (effektiver Jahreszins)<\/td>\n<td class=\"table_all_right\" width=\"40%\">7,76%<\/td>\n<\/tr>\n<tr valign=\"top\">\n<td class=\"table_all_left\" width=\"25%\">Guthabenzins<\/td>\n<td class=\"table_all_right\" width=\"40%\">0,40%<\/td>\n<\/tr>\n<\/tbody>\n<\/table>\n<table class=\"table_all\" border=\"0\" width=\"100%\" cellspacing=\"2\" cellpadding=\"5\">\n<tbody>\n<tr valign=\"top\">\n<td class=\"table_all_headline\" width=\"15%\">Ausstellungsgeb\u00fchren<strong><br \/>\n<\/strong><\/td>\n<td class=\"table_all_headline\" width=\"40%\">Euro<strong><br \/>\n<\/strong><\/td>\n<\/tr>\n<tr valign=\"top\">\n<td class=\"table_all_left\" width=\"15%\">Ersatzkarte<\/td>\n<td class=\"table_all_right\" width=\"40%\">10,00 Euro<\/td>\n<\/tr>\n<\/tbody>\n<\/table>\n<table class=\"table_all\" border=\"0\" width=\"100%\" cellspacing=\"2\" cellpadding=\"5\">\n<tbody>\n<tr valign=\"top\">\n<td class=\"table_all_headline\" width=\"25%\">Haftung und Limits<strong><br \/>\n<\/strong><\/td>\n<td class=\"table_all_headline\" width=\"40%\">Euro<strong><br \/>\n<\/strong><\/td>\n<\/tr>\n<tr valign=\"top\">\n<td class=\"table_all_left\" width=\"25%\">Max. Haftung<\/td>\n<td class=\"table_all_right\" width=\"40%\">50,00 Euro<\/td>\n<\/tr>\n<\/tbody>\n<\/table>\n<h4>Hauptkarte<\/h4>\n<table class=\"table_all\" border=\"0\" width=\"100%\" cellspacing=\"2\" cellpadding=\"5\">\n<tbody>\n<tr valign=\"top\">\n<td class=\"table_all_headline\" width=\"25%\">Umsatz pro Jahr<strong><br \/>\n<\/strong><\/td>\n<td class=\"table_all_headline\" width=\"40%\">Jahresgeb\u00fchr<strong><br \/>\n<\/strong><\/td>\n<\/tr>\n<tr valign=\"top\">\n<td class=\"table_all_left\" width=\"25%\">unabh\u00e4ngig vom Umsatz<\/td>\n<td class=\"table_all_right\" width=\"40%\">0,00 Euro<\/td>\n<\/tr>\n<\/tbody>\n<\/table>\n<h4>Private Partnerkarte<\/h4>\n<table class=\"table_all\" border=\"0\" width=\"100%\" cellspacing=\"2\" cellpadding=\"5\">\n<tbody>\n<tr valign=\"top\">\n<td class=\"table_all_headline\" width=\"25%\">Umsatz pro Jahr<\/td>\n<td class=\"table_all_headline\" width=\"40%\">Jahresgeb\u00fchr<\/td>\n<\/tr>\n<tr valign=\"top\">\n<td class=\"table_all_left\" width=\"25%\">unabh\u00e4ngig vom Umsatz<\/td>\n<td class=\"table_all_right\" width=\"40%\">0,00 Euro<\/td>\n<\/tr>\n<\/tbody>\n<\/table>\n<div class=\"table-container-top-button\" style=\"text-align: center;\">\n<form action=\"\/wp-admin\/goto.php\" method=\"post\" target=\"_blank\"><input name=\"ref_url\" type=\"hidden\" value=\"\/goto-dkb\" \/><input class=\"cpn_btn\" name=\"submit\" type=\"submit\" value=\"Kreditkarte beantragen \u00bb\" \/><\/form>\n<\/div>\n\n<h3 class=\"heading-text\">User Erfahrungen<\/h3>\n<p>[reviewr]<\/p>\n","protected":false},"excerpt":{"rendered":"<p>Die DKB ist inzwischen f\u00fcr ihre Angebote bekannt, die mehr als nur ein einzelnes Finanzprodukt beinhalten und f\u00fcr g\u00fcnstige Konditionen sorgen k\u00f6nnen. Dazu z\u00e4hlt unter anderem eben auch die ang...","protected":false},"author":10,"featured_media":0,"parent":0,"menu_order":0,"comment_status":"closed","ping_status":"closed","template":"","meta":{"_acf_changed":false,"_monsterinsights_skip_tracking":false,"_monsterinsights_sitenote_active":false,"_monsterinsights_sitenote_note":"","_monsterinsights_sitenote_category":0,"footnotes":""},"class_list":["post-4478","page","type-page","status-publish","hentry"],"acf":[],"yoast_head":"<!-- This site is optimized with the Yoast SEO plugin v26.8 - https:\/\/yoast.com\/product\/yoast-seo-wordpress\/ -->\n<title>DKB Cash Test 2026 - gratis Kreditkarte &amp; Girokonto<\/title>\n<meta name=\"description\" content=\"DKB Cash im unabh\u00e4ngigen Test: Kreditkarte ohne Jahresgeb\u00fchren \u2713 geb\u00fchrenfreies Geldabheben \u2713 Online-Cashback \u2713 kostenloses Bonusprogramm \u2713\" \/>\n<meta name=\"robots\" content=\"index, follow, max-snippet:-1, max-image-preview:large, max-video-preview:-1\" \/>\n<link rel=\"canonical\" href=\"https:\/\/www.kreditkartenvergleich.org\/dkb-cash\/\" \/>\n<meta name=\"twitter:label1\" content=\"Gesch\u00e4tzte Lesezeit\" \/>\n\t<meta name=\"twitter:data1\" content=\"6\u00a0Minuten\" \/>\n<script type=\"application\/ld+json\" class=\"yoast-schema-graph\">{\"@context\":\"https:\/\/schema.org\",\"@graph\":[{\"@type\":\"WebPage\",\"@id\":\"http:\/\/www.crcg.de\/kreditkartenvergleich\/dkb-cash\/\",\"url\":\"http:\/\/www.crcg.de\/kreditkartenvergleich\/dkb-cash\/\",\"name\":\"DKB Cash Test 2026 - gratis Kreditkarte & Girokonto\",\"isPartOf\":{\"@id\":\"http:\/\/www.crcg.de\/kreditkartenvergleich\/#website\"},\"datePublished\":\"2016-06-13T06:30:40+00:00\",\"dateModified\":\"2017-03-24T19:42:47+00:00\",\"description\":\"DKB Cash im unabh\u00e4ngigen Test: Kreditkarte ohne Jahresgeb\u00fchren \u2713 geb\u00fchrenfreies Geldabheben \u2713 Online-Cashback \u2713 kostenloses Bonusprogramm \u2713\",\"breadcrumb\":{\"@id\":\"http:\/\/www.crcg.de\/kreditkartenvergleich\/dkb-cash\/#breadcrumb\"},\"inLanguage\":\"de\",\"potentialAction\":[{\"@type\":\"ReadAction\",\"target\":[\"http:\/\/www.crcg.de\/kreditkartenvergleich\/dkb-cash\/\"]}]},{\"@type\":\"BreadcrumbList\",\"@id\":\"http:\/\/www.crcg.de\/kreditkartenvergleich\/dkb-cash\/#breadcrumb\",\"itemListElement\":[{\"@type\":\"ListItem\",\"position\":1,\"name\":\"Startseite\",\"item\":\"http:\/\/www.crcg.de\/kreditkartenvergleich\/\"},{\"@type\":\"ListItem\",\"position\":2,\"name\":\"DKB Cash &#8211; Test &#038; Erfahrungen [today format=F] [today format=Y]\"}]},{\"@type\":\"WebSite\",\"@id\":\"http:\/\/www.crcg.de\/kreditkartenvergleich\/#website\",\"url\":\"http:\/\/www.crcg.de\/kreditkartenvergleich\/\",\"name\":\"Kreditkartenvergleich.org\",\"description\":\"Das unabh\u00e4ngige Kreditkarten Vergleich Portal\",\"potentialAction\":[{\"@type\":\"SearchAction\",\"target\":{\"@type\":\"EntryPoint\",\"urlTemplate\":\"http:\/\/www.crcg.de\/kreditkartenvergleich\/?s={search_term_string}\"},\"query-input\":{\"@type\":\"PropertyValueSpecification\",\"valueRequired\":true,\"valueName\":\"search_term_string\"}}],\"inLanguage\":\"de\"}]}<\/script>\n<!-- \/ Yoast SEO plugin. -->","yoast_head_json":{"title":"DKB Cash Test 2026 - gratis Kreditkarte & Girokonto","description":"DKB Cash im unabh\u00e4ngigen Test: Kreditkarte ohne Jahresgeb\u00fchren \u2713 geb\u00fchrenfreies Geldabheben \u2713 Online-Cashback \u2713 kostenloses Bonusprogramm \u2713","robots":{"index":"index","follow":"follow","max-snippet":"max-snippet:-1","max-image-preview":"max-image-preview:large","max-video-preview":"max-video-preview:-1"},"canonical":"https:\/\/www.kreditkartenvergleich.org\/dkb-cash\/","twitter_misc":{"Gesch\u00e4tzte Lesezeit":"6\u00a0Minuten"},"schema":{"@context":"https:\/\/schema.org","@graph":[{"@type":"WebPage","@id":"http:\/\/www.crcg.de\/kreditkartenvergleich\/dkb-cash\/","url":"http:\/\/www.crcg.de\/kreditkartenvergleich\/dkb-cash\/","name":"DKB Cash Test 2026 - gratis Kreditkarte & Girokonto","isPartOf":{"@id":"http:\/\/www.crcg.de\/kreditkartenvergleich\/#website"},"datePublished":"2016-06-13T06:30:40+00:00","dateModified":"2017-03-24T19:42:47+00:00","description":"DKB Cash im unabh\u00e4ngigen Test: Kreditkarte ohne Jahresgeb\u00fchren \u2713 geb\u00fchrenfreies Geldabheben \u2713 Online-Cashback \u2713 kostenloses Bonusprogramm \u2713","breadcrumb":{"@id":"http:\/\/www.crcg.de\/kreditkartenvergleich\/dkb-cash\/#breadcrumb"},"inLanguage":"de","potentialAction":[{"@type":"ReadAction","target":["http:\/\/www.crcg.de\/kreditkartenvergleich\/dkb-cash\/"]}]},{"@type":"BreadcrumbList","@id":"http:\/\/www.crcg.de\/kreditkartenvergleich\/dkb-cash\/#breadcrumb","itemListElement":[{"@type":"ListItem","position":1,"name":"Startseite","item":"http:\/\/www.crcg.de\/kreditkartenvergleich\/"},{"@type":"ListItem","position":2,"name":"DKB Cash &#8211; Test &#038; Erfahrungen [today format=F] [today format=Y]"}]},{"@type":"WebSite","@id":"http:\/\/www.crcg.de\/kreditkartenvergleich\/#website","url":"http:\/\/www.crcg.de\/kreditkartenvergleich\/","name":"Kreditkartenvergleich.org","description":"Das unabh\u00e4ngige Kreditkarten Vergleich Portal","potentialAction":[{"@type":"SearchAction","target":{"@type":"EntryPoint","urlTemplate":"http:\/\/www.crcg.de\/kreditkartenvergleich\/?s={search_term_string}"},"query-input":{"@type":"PropertyValueSpecification","valueRequired":true,"valueName":"search_term_string"}}],"inLanguage":"de"}]}},"_links":{"self":[{"href":"http:\/\/www.crcg.de\/kreditkartenvergleich\/wp-json\/wp\/v2\/pages\/4478","targetHints":{"allow":["GET"]}}],"collection":[{"href":"http:\/\/www.crcg.de\/kreditkartenvergleich\/wp-json\/wp\/v2\/pages"}],"about":[{"href":"http:\/\/www.crcg.de\/kreditkartenvergleich\/wp-json\/wp\/v2\/types\/page"}],"author":[{"embeddable":true,"href":"http:\/\/www.crcg.de\/kreditkartenvergleich\/wp-json\/wp\/v2\/users\/10"}],"replies":[{"embeddable":true,"href":"http:\/\/www.crcg.de\/kreditkartenvergleich\/wp-json\/wp\/v2\/comments?post=4478"}],"version-history":[{"count":0,"href":"http:\/\/www.crcg.de\/kreditkartenvergleich\/wp-json\/wp\/v2\/pages\/4478\/revisions"}],"wp:attachment":[{"href":"http:\/\/www.crcg.de\/kreditkartenvergleich\/wp-json\/wp\/v2\/media?parent=4478"}],"curies":[{"name":"wp","href":"https:\/\/api.w.org\/{rel}","templated":true}]}}