


{"id":268,"date":"2010-02-05T09:41:26","date_gmt":"2010-02-05T08:41:26","guid":{"rendered":"http:\/\/www.kreditkartenvergleich.org\/?page_id=268"},"modified":"2017-09-12T12:27:20","modified_gmt":"2017-09-12T11:27:20","slug":"kreditkarten-abrechnung","status":"publish","type":"page","link":"http:\/\/www.crcg.de\/kreditkartenvergleich\/ratgeber\/kreditkarten-abrechnung\/","title":{"rendered":"Kreditkarten Abrechnung der monatlichen Ausgaben"},"content":{"rendered":"<p>Bei Kreditkarten k\u00f6nnen Verbraucher zwischen unterschiedlichen Abrechnungsmodalit\u00e4ten w\u00e4hlen. Jedes Kreditkarten ausgebende Institut bietet andere M\u00f6glichkeiten an, \u00fcber die man sich zuvor m\u00f6glichst informiert haben sollte. Oftmals sind die \u00dcberg\u00e4nge zwischen den <strong>einzelnen Kreditkarten Abrechnungsarten<\/strong> auch flie\u00dfend, sodass diese nicht deutlich voneinander getrennt werden k\u00f6nnen. Es lohnt sich, die einzelnen Varianten genauer unter die Lupe zu nehmen und f\u00fcr sich zu kl\u00e4ren, welche Abrechnungsart in Frage kommt.<\/p>\n<h2>Kreditkarten mit Charge-Funktion<\/h2>\n<p><a title=\"Kreditkarte Prepaid\" href=\"http:\/\/www.crcg.de\/kreditkartenvergleich\/prepaid-kreditkarte\/\">Kreditkarten mit Charge-Funktion<\/a> werden besonders h\u00e4ufig ausgew\u00e4hlt. Hier wird <strong>monatlich eine Kreditkarten Abrechnung<\/strong> erstellt, die dem Kreditkarteninhaber online oder per Post zugestellt wird. Zugleich erfolgt zu diesem Zeitpunkt die Abbuchung der get\u00e4tigten Ums\u00e4tze vom angegebenen Girokonto. In der Regel legen Banken einen bestimmten monatlichen Stichtag fest, zu welchem die Abrechnung und die Abbuchung vom Konto vorgenommen werden.<\/p>\n<h3>Kreditkarten mit Debit-Funktion<\/h3>\n<p>Bei so genannten Debit Cards werden die mit der Kreditkarte get\u00e4tigten Ums\u00e4tze umgehend dem Verrechnungskonto belastet. Der Betrag wird sofort oder innerhalb nur weniger Tage eingezogen \u2013 \u00e4hnlich wie bei der Bezahlung mit der EC-Karte.<\/p>\n<h4>Kreditkarten auf Guthabenbasis<\/h4>\n<p>Prepaid-Kreditkarten funktionieren genau anders herum als die <a title=\"Visa Kreditkarte\" href=\"http:\/\/www.crcg.de\/kreditkartenvergleich\/visa-kreditkarte\/\">klassischen Kreditkarten (Visa)<\/a> \u2013 hier wird <a href=\"http:\/\/www.crcg.de\/kreditkartenvergleich\/prepaid-kreditkarte\/\">erst bezahlt, und dann ausgegeben<\/a>. Die Kreditkarte wird <strong>mit einem beliebigen Geldbetrag aufgeladen<\/strong>, der dann f\u00fcr Zahlungen mit der Kreditkarte zur Verf\u00fcgung steht. Eine \u00dcberziehung, also das Ausgeben von Geld, das gar nicht vorhanden ist, ist damit nicht m\u00f6glich. Mit dieser Abrechnungsart behalten Kreditkarteninhaber den besten \u00dcberblick \u00fcber ihre Finanzen, und geraten nicht in die Gefahr, sich zu verschulden.<\/p>\n<h5>Ratenr\u00fcckzahlung<\/h5>\n<p>Mittlerweile gibt es auch viele <strong>Kreditkartenunternehmen<\/strong>, die ihren Kunden einen Ratenkredit zur R\u00fcckzahlung der get\u00e4tigten Ums\u00e4tze mit <a href=\"http:\/\/www.crcg.de\/kreditkartenvergleich\/\">der Kreditkarte<\/a> einr\u00e4umen. Die R\u00fcckzahlungsmodalit\u00e4ten werden dann individuell festgelegt. In der Regel erfolgt eine Abzahlung des Betrages in monatlichen Raten. Es ist jedoch auch m\u00f6glich, Zahlungen auszusetzen oder einen gr\u00f6\u00dferen Teil- oder Restbetrag auf einmal zu bezahlen. Dies ist von Kreditinstitut zu Kreditinstitut unterschiedlich geregelt.<\/p>\n","protected":false},"excerpt":{"rendered":"<p>Bei Kreditkarten k\u00f6nnen Verbraucher zwischen unterschiedlichen Abrechnungsmodalit\u00e4ten w\u00e4hlen. Jedes Kreditkarten ausgebende Institut bietet andere M\u00f6glichkeiten an, \u00fcber die man sich zuvor m\u00f6...","protected":false},"author":2,"featured_media":0,"parent":1736,"menu_order":0,"comment_status":"closed","ping_status":"open","template":"page-full.php","meta":{"_acf_changed":false,"_monsterinsights_skip_tracking":false,"_monsterinsights_sitenote_active":false,"_monsterinsights_sitenote_note":"","_monsterinsights_sitenote_category":0,"footnotes":""},"class_list":["post-268","page","type-page","status-publish","hentry"],"acf":[],"yoast_head":"<!-- This site is optimized with the Yoast SEO plugin v26.8 - https:\/\/yoast.com\/product\/yoast-seo-wordpress\/ -->\n<title>Kreditkarten Abrechnung f\u00fcr Karte aus dem Kreditkartenvergleich<\/title>\n<meta name=\"description\" content=\"Die Kreditkarten Abrechnung erfolgt meist automatisch. Dennoch sollte Einiges beachtet werden bevor man die automatische Abbuchung der Kreditkartenabrechnung zul\u00e4sst.\" \/>\n<meta name=\"robots\" content=\"index, follow, max-snippet:-1, max-image-preview:large, max-video-preview:-1\" \/>\n<link rel=\"canonical\" href=\"https:\/\/www.kreditkartenvergleich.org\/ratgeber\/kreditkarten-abrechnung\/\" \/>\n<meta name=\"twitter:label1\" content=\"Gesch\u00e4tzte Lesezeit\" \/>\n\t<meta name=\"twitter:data1\" content=\"2\u00a0Minuten\" \/>\n<script type=\"application\/ld+json\" class=\"yoast-schema-graph\">{\"@context\":\"https:\/\/schema.org\",\"@graph\":[{\"@type\":\"WebPage\",\"@id\":\"http:\/\/www.crcg.de\/kreditkartenvergleich\/ratgeber\/kreditkarten-abrechnung\/\",\"url\":\"http:\/\/www.crcg.de\/kreditkartenvergleich\/ratgeber\/kreditkarten-abrechnung\/\",\"name\":\"Kreditkarten Abrechnung f\u00fcr Karte aus dem Kreditkartenvergleich\",\"isPartOf\":{\"@id\":\"http:\/\/www.crcg.de\/kreditkartenvergleich\/#website\"},\"datePublished\":\"2010-02-05T08:41:26+00:00\",\"dateModified\":\"2017-09-12T11:27:20+00:00\",\"description\":\"Die Kreditkarten Abrechnung erfolgt meist automatisch. Dennoch sollte Einiges beachtet werden bevor man die automatische Abbuchung der Kreditkartenabrechnung zul\u00e4sst.\",\"breadcrumb\":{\"@id\":\"http:\/\/www.crcg.de\/kreditkartenvergleich\/ratgeber\/kreditkarten-abrechnung\/#breadcrumb\"},\"inLanguage\":\"de\",\"potentialAction\":[{\"@type\":\"ReadAction\",\"target\":[\"http:\/\/www.crcg.de\/kreditkartenvergleich\/ratgeber\/kreditkarten-abrechnung\/\"]}]},{\"@type\":\"BreadcrumbList\",\"@id\":\"http:\/\/www.crcg.de\/kreditkartenvergleich\/ratgeber\/kreditkarten-abrechnung\/#breadcrumb\",\"itemListElement\":[{\"@type\":\"ListItem\",\"position\":1,\"name\":\"Startseite\",\"item\":\"http:\/\/www.crcg.de\/kreditkartenvergleich\/\"},{\"@type\":\"ListItem\",\"position\":2,\"name\":\"Ratgeber\",\"item\":\"http:\/\/www.crcg.de\/kreditkartenvergleich\/ratgeber\/\"},{\"@type\":\"ListItem\",\"position\":3,\"name\":\"Kreditkarten Abrechnung der monatlichen Ausgaben\"}]},{\"@type\":\"WebSite\",\"@id\":\"http:\/\/www.crcg.de\/kreditkartenvergleich\/#website\",\"url\":\"http:\/\/www.crcg.de\/kreditkartenvergleich\/\",\"name\":\"Kreditkartenvergleich.org\",\"description\":\"Das unabh\u00e4ngige Kreditkarten Vergleich Portal\",\"potentialAction\":[{\"@type\":\"SearchAction\",\"target\":{\"@type\":\"EntryPoint\",\"urlTemplate\":\"http:\/\/www.crcg.de\/kreditkartenvergleich\/?s={search_term_string}\"},\"query-input\":{\"@type\":\"PropertyValueSpecification\",\"valueRequired\":true,\"valueName\":\"search_term_string\"}}],\"inLanguage\":\"de\"}]}<\/script>\n<!-- \/ Yoast SEO plugin. -->","yoast_head_json":{"title":"Kreditkarten Abrechnung f\u00fcr Karte aus dem Kreditkartenvergleich","description":"Die Kreditkarten Abrechnung erfolgt meist automatisch. Dennoch sollte Einiges beachtet werden bevor man die automatische Abbuchung der Kreditkartenabrechnung zul\u00e4sst.","robots":{"index":"index","follow":"follow","max-snippet":"max-snippet:-1","max-image-preview":"max-image-preview:large","max-video-preview":"max-video-preview:-1"},"canonical":"https:\/\/www.kreditkartenvergleich.org\/ratgeber\/kreditkarten-abrechnung\/","twitter_misc":{"Gesch\u00e4tzte Lesezeit":"2\u00a0Minuten"},"schema":{"@context":"https:\/\/schema.org","@graph":[{"@type":"WebPage","@id":"http:\/\/www.crcg.de\/kreditkartenvergleich\/ratgeber\/kreditkarten-abrechnung\/","url":"http:\/\/www.crcg.de\/kreditkartenvergleich\/ratgeber\/kreditkarten-abrechnung\/","name":"Kreditkarten Abrechnung f\u00fcr Karte aus dem Kreditkartenvergleich","isPartOf":{"@id":"http:\/\/www.crcg.de\/kreditkartenvergleich\/#website"},"datePublished":"2010-02-05T08:41:26+00:00","dateModified":"2017-09-12T11:27:20+00:00","description":"Die Kreditkarten Abrechnung erfolgt meist automatisch. Dennoch sollte Einiges beachtet werden bevor man die automatische Abbuchung der Kreditkartenabrechnung zul\u00e4sst.","breadcrumb":{"@id":"http:\/\/www.crcg.de\/kreditkartenvergleich\/ratgeber\/kreditkarten-abrechnung\/#breadcrumb"},"inLanguage":"de","potentialAction":[{"@type":"ReadAction","target":["http:\/\/www.crcg.de\/kreditkartenvergleich\/ratgeber\/kreditkarten-abrechnung\/"]}]},{"@type":"BreadcrumbList","@id":"http:\/\/www.crcg.de\/kreditkartenvergleich\/ratgeber\/kreditkarten-abrechnung\/#breadcrumb","itemListElement":[{"@type":"ListItem","position":1,"name":"Startseite","item":"http:\/\/www.crcg.de\/kreditkartenvergleich\/"},{"@type":"ListItem","position":2,"name":"Ratgeber","item":"http:\/\/www.crcg.de\/kreditkartenvergleich\/ratgeber\/"},{"@type":"ListItem","position":3,"name":"Kreditkarten Abrechnung der monatlichen Ausgaben"}]},{"@type":"WebSite","@id":"http:\/\/www.crcg.de\/kreditkartenvergleich\/#website","url":"http:\/\/www.crcg.de\/kreditkartenvergleich\/","name":"Kreditkartenvergleich.org","description":"Das unabh\u00e4ngige Kreditkarten Vergleich Portal","potentialAction":[{"@type":"SearchAction","target":{"@type":"EntryPoint","urlTemplate":"http:\/\/www.crcg.de\/kreditkartenvergleich\/?s={search_term_string}"},"query-input":{"@type":"PropertyValueSpecification","valueRequired":true,"valueName":"search_term_string"}}],"inLanguage":"de"}]}},"_links":{"self":[{"href":"http:\/\/www.crcg.de\/kreditkartenvergleich\/wp-json\/wp\/v2\/pages\/268","targetHints":{"allow":["GET"]}}],"collection":[{"href":"http:\/\/www.crcg.de\/kreditkartenvergleich\/wp-json\/wp\/v2\/pages"}],"about":[{"href":"http:\/\/www.crcg.de\/kreditkartenvergleich\/wp-json\/wp\/v2\/types\/page"}],"author":[{"embeddable":true,"href":"http:\/\/www.crcg.de\/kreditkartenvergleich\/wp-json\/wp\/v2\/users\/2"}],"replies":[{"embeddable":true,"href":"http:\/\/www.crcg.de\/kreditkartenvergleich\/wp-json\/wp\/v2\/comments?post=268"}],"version-history":[{"count":2,"href":"http:\/\/www.crcg.de\/kreditkartenvergleich\/wp-json\/wp\/v2\/pages\/268\/revisions"}],"predecessor-version":[{"id":5399,"href":"http:\/\/www.crcg.de\/kreditkartenvergleich\/wp-json\/wp\/v2\/pages\/268\/revisions\/5399"}],"up":[{"embeddable":true,"href":"http:\/\/www.crcg.de\/kreditkartenvergleich\/wp-json\/wp\/v2\/pages\/1736"}],"wp:attachment":[{"href":"http:\/\/www.crcg.de\/kreditkartenvergleich\/wp-json\/wp\/v2\/media?parent=268"}],"curies":[{"name":"wp","href":"https:\/\/api.w.org\/{rel}","templated":true}]}}