


{"id":1869,"date":"2011-08-08T16:01:56","date_gmt":"2011-08-08T15:01:56","guid":{"rendered":"http:\/\/www.kreditkartenvergleich.org\/?page_id=1869"},"modified":"2017-09-12T12:10:04","modified_gmt":"2017-09-12T11:10:04","slug":"verlust-der-kreditkarte","status":"publish","type":"page","link":"http:\/\/www.crcg.de\/kreditkartenvergleich\/ratgeber\/verlust-der-kreditkarte\/","title":{"rendered":"Verlust der Kreditkarte &#8211; Was tun?"},"content":{"rendered":"<p><img decoding=\"async\" class=\"alignright size-medium wp-image-3438\" src=\"http:\/\/www.crcg.de\/kreditkartenvergleich\/wp-content\/uploads\/verlust-300x221.jpg\" alt=\"Verlorener Geldbeutel mit Kreditkarte\" width=\"300\" height=\"221\" srcset=\"http:\/\/www.crcg.de\/kreditkartenvergleich\/wp-content\/uploads\/verlust-300x221.jpg 300w, http:\/\/www.crcg.de\/kreditkartenvergleich\/wp-content\/uploads\/verlust-135x100.jpg 135w, http:\/\/www.crcg.de\/kreditkartenvergleich\/wp-content\/uploads\/verlust.jpg 424w\" sizes=\"(max-width: 300px) 100vw, 300px\" \/>Der <strong>Diebstahl oder Verlust einer Kreditkarte<\/strong> ist besonders unerfreulich. Sollte die Kreditkarte in fremde H\u00e4nde geraten, ist ein Kartenmissbrauch durch gr\u00f6\u00dfere Einkaufstouren und hohe Bargeldabhebungen m\u00f6glich. Aus diesem Grund werden Kreditkarten-Inhaber immer wieder darauf hingewiesen, ihre Kreditkarte an einem sicheren Ort aufzubewahren und ihrer Sorgfaltspflicht nachzukommen. Wird die Kreditkarte <strong>trotz aller Vorsichtsma\u00dfnahmen gestohlen<\/strong> oder verloren, muss die Kreditkarten Gesellschaft umgehend dar\u00fcber informiert werden. Hierf\u00fcr haben wir eine <strong>PDF zum Download<\/strong> vorbereitet, welche Sie sich <strong>ausdrucken k\u00f6nnen<\/strong> und zuhause oder in Ihrem Geldbeutel deponieren k\u00f6nnen:<br \/>\n<a class=\"zumanbieter\" title=\"Sperrnummern f\u00fcr EC- und Kreditkarten\" href=\"http:\/\/www.crcg.de\/kreditkartenvergleich\/sperrnummern.pdf\">Sperrnummern Download<\/a><\/p>\n<div style=\"clear: both;\"><\/div>\n<h2>Verlorene Kreditkarten sofort sperren lassen<\/h2>\n<p>Eine sofortige Meldung ist notwendig, um einem eventuellen Missbrauch vorzubeugen. Dies gilt f\u00fcr alle Kreditkarten, <a title=\"Kreditkarten k\u00f6nnen bei uns beantragt werden\" href=\"http:\/\/www.crcg.de\/kreditkartenvergleich\/\">die Sie bei uns<\/a> oder auch woanders beantragt haben. Au\u00dferdem ist dies <strong>Voraussetzung f\u00fcr die Haftungsbegrenzung<\/strong> des Inhabers. Nach dem Informieren der Kreditkarten Gesellschaft sperrt diese die Kreditkarte und macht weitere Zahlungen und Bargeldabhebungen unm\u00f6glich. Sogar bereits <strong>get\u00e4tigte Transaktionen k\u00f6nnen storniert werden<\/strong> oder bleiben f\u00fcr den Inhaber der Kreditkarte haftungsfrei.<\/p>\n<p>Die Eigenbeteiligung bei einem <strong>Kreditkarten Verlust<\/strong> betr\u00e4gt etwa 50 bis 100 Euro. Dar\u00fcber hinaus haftet der Kreditkarteninhaber nur dann, wenn er <strong>grob fahrl\u00e4ssig oder vors\u00e4tzlich<\/strong> gehandelt hat. Verlustmeldungen der Kreditkarte k\u00f6nnen rund um die Uhr telefonisch vorgenommen werden.<\/p>\n<div class=\"infobox-big\"><div class=\"infobox-small\"><div class=\"info-bulb\"><\/div><div class=\"info-header\">Verlustmeldung der Kreditkarte<\/div><p>Unter der <strong>Rufnummer 116 116<\/strong> ist der zentrale Sperrnotruf zu erreichen. Die meisten Kreditkarten lassen sich unter dieser <strong>kostenlosen Nummer <\/strong>sperren. Hier wird der Anrufer an seinen jeweiligen Kreditkarten Anbieter weitergeleitet und kann dort die Details des Verlusts bekanntgeben.<\/p><\/div><\/div>\n<p>F\u00fcr eine z\u00fcgige Sperrung ist es sinnvoll, die eigene Kreditkartennummer und die Bankleitzahl zu kennen. Bei <strong>Sperrungen aus dem Ausland<\/strong> muss die Vorwahl 0049 vor die Rufnummer gesetzt werden. Die Telefongeb\u00fchren richten sich in diesem Fall nach den Preisen des ausl\u00e4ndischen Netzbetreibers.<\/p>\n<h3>Einige Kreditkarten Anbieter sperren vorsorglich<\/h3>\n<p>Hegt die Kreditkarten Gesellschaft den Verdacht, dass eine <a title=\"Missbrauch der Kreditkarte\" href=\"http:\/\/www.crcg.de\/kreditkartenvergleich\/ratgeber\/missbrauch-der-kreditkarte\/\">Kreditkarte missbraucht<\/a> wird, kann sie eine <strong>vorsorgliche Sperrung<\/strong> vornehmen. Das passiert meist dann, wenn ungew\u00f6hnlich hohe Summen in kurzer Zeit abgehoben werden oder <strong>Zahlungen an un\u00fcblichen Orten<\/strong> vorgenommen werden. Hat der Kreditkarten Inhaber die Zahlungen veranlasst, gen\u00fcgt ein <strong>kurzer Anruf und eine Best\u00e4tigung<\/strong>, dass kein Verlust oder Diebstahl vorliegt und die <a title=\"Kreditkarte wieder entsperren\" href=\"http:\/\/www.crcg.de\/kreditkartenvergleich\/ratgeber\/kreditkarte-wieder-entsperren\/\">Kreditkarte wird wieder entsperrt<\/a>.<\/p>\n","protected":false},"excerpt":{"rendered":"<p>Der Diebstahl oder Verlust einer Kreditkarte ist besonders unerfreulich. Sollte die Kreditkarte in fremde H\u00e4nde geraten, ist ein Kartenmissbrauch durch gr\u00f6\u00dfere Einkaufstouren und hohe Bargeldabh...","protected":false},"author":2,"featured_media":0,"parent":1736,"menu_order":0,"comment_status":"closed","ping_status":"open","template":"page-full.php","meta":{"_acf_changed":false,"_monsterinsights_skip_tracking":false,"_monsterinsights_sitenote_active":false,"_monsterinsights_sitenote_note":"","_monsterinsights_sitenote_category":0,"footnotes":""},"class_list":["post-1869","page","type-page","status-publish","hentry"],"acf":[],"yoast_head":"<!-- This site is optimized with the Yoast SEO plugin v26.8 - https:\/\/yoast.com\/product\/yoast-seo-wordpress\/ -->\n<title>Was tun beim Verlust der Kreditkarte<\/title>\n<meta name=\"description\" content=\"VIele wissen nicht, was zu tun ist, wenn man seine Kreditkarte verliert. Bei einer richtigen Reaktion im Fall des Verlustes einer Kreditkarte kann fast nichts passieren.\" \/>\n<meta name=\"robots\" content=\"index, follow, max-snippet:-1, max-image-preview:large, max-video-preview:-1\" \/>\n<link rel=\"canonical\" href=\"https:\/\/www.kreditkartenvergleich.org\/ratgeber\/verlust-der-kreditkarte\/\" \/>\n<meta name=\"twitter:label1\" content=\"Gesch\u00e4tzte Lesezeit\" \/>\n\t<meta name=\"twitter:data1\" content=\"2\u00a0Minuten\" \/>\n<script type=\"application\/ld+json\" class=\"yoast-schema-graph\">{\"@context\":\"https:\/\/schema.org\",\"@graph\":[{\"@type\":\"WebPage\",\"@id\":\"http:\/\/www.crcg.de\/kreditkartenvergleich\/ratgeber\/verlust-der-kreditkarte\/\",\"url\":\"http:\/\/www.crcg.de\/kreditkartenvergleich\/ratgeber\/verlust-der-kreditkarte\/\",\"name\":\"Was tun beim Verlust der Kreditkarte\",\"isPartOf\":{\"@id\":\"http:\/\/www.crcg.de\/kreditkartenvergleich\/#website\"},\"primaryImageOfPage\":{\"@id\":\"http:\/\/www.crcg.de\/kreditkartenvergleich\/ratgeber\/verlust-der-kreditkarte\/#primaryimage\"},\"image\":{\"@id\":\"http:\/\/www.crcg.de\/kreditkartenvergleich\/ratgeber\/verlust-der-kreditkarte\/#primaryimage\"},\"thumbnailUrl\":\"http:\/\/www.crcg.de\/kreditkartenvergleich\/wp-content\/uploads\/verlust-300x221.jpg\",\"datePublished\":\"2011-08-08T15:01:56+00:00\",\"dateModified\":\"2017-09-12T11:10:04+00:00\",\"description\":\"VIele wissen nicht, was zu tun ist, wenn man seine Kreditkarte verliert. Bei einer richtigen Reaktion im Fall des Verlustes einer Kreditkarte kann fast nichts passieren.\",\"breadcrumb\":{\"@id\":\"http:\/\/www.crcg.de\/kreditkartenvergleich\/ratgeber\/verlust-der-kreditkarte\/#breadcrumb\"},\"inLanguage\":\"de\",\"potentialAction\":[{\"@type\":\"ReadAction\",\"target\":[\"http:\/\/www.crcg.de\/kreditkartenvergleich\/ratgeber\/verlust-der-kreditkarte\/\"]}]},{\"@type\":\"ImageObject\",\"inLanguage\":\"de\",\"@id\":\"http:\/\/www.crcg.de\/kreditkartenvergleich\/ratgeber\/verlust-der-kreditkarte\/#primaryimage\",\"url\":\"http:\/\/www.crcg.de\/kreditkartenvergleich\/wp-content\/uploads\/verlust.jpg\",\"contentUrl\":\"http:\/\/www.crcg.de\/kreditkartenvergleich\/wp-content\/uploads\/verlust.jpg\",\"width\":424,\"height\":313,\"caption\":\"Verlorener Geldbeutel mit Kreditkarte\"},{\"@type\":\"BreadcrumbList\",\"@id\":\"http:\/\/www.crcg.de\/kreditkartenvergleich\/ratgeber\/verlust-der-kreditkarte\/#breadcrumb\",\"itemListElement\":[{\"@type\":\"ListItem\",\"position\":1,\"name\":\"Startseite\",\"item\":\"http:\/\/www.crcg.de\/kreditkartenvergleich\/\"},{\"@type\":\"ListItem\",\"position\":2,\"name\":\"Ratgeber\",\"item\":\"http:\/\/www.crcg.de\/kreditkartenvergleich\/ratgeber\/\"},{\"@type\":\"ListItem\",\"position\":3,\"name\":\"Verlust der Kreditkarte &#8211; Was tun?\"}]},{\"@type\":\"WebSite\",\"@id\":\"http:\/\/www.crcg.de\/kreditkartenvergleich\/#website\",\"url\":\"http:\/\/www.crcg.de\/kreditkartenvergleich\/\",\"name\":\"Kreditkartenvergleich.org\",\"description\":\"Das unabh\u00e4ngige Kreditkarten Vergleich Portal\",\"potentialAction\":[{\"@type\":\"SearchAction\",\"target\":{\"@type\":\"EntryPoint\",\"urlTemplate\":\"http:\/\/www.crcg.de\/kreditkartenvergleich\/?s={search_term_string}\"},\"query-input\":{\"@type\":\"PropertyValueSpecification\",\"valueRequired\":true,\"valueName\":\"search_term_string\"}}],\"inLanguage\":\"de\"}]}<\/script>\n<!-- \/ Yoast SEO plugin. -->","yoast_head_json":{"title":"Was tun beim Verlust der Kreditkarte","description":"VIele wissen nicht, was zu tun ist, wenn man seine Kreditkarte verliert. Bei einer richtigen Reaktion im Fall des Verlustes einer Kreditkarte kann fast nichts passieren.","robots":{"index":"index","follow":"follow","max-snippet":"max-snippet:-1","max-image-preview":"max-image-preview:large","max-video-preview":"max-video-preview:-1"},"canonical":"https:\/\/www.kreditkartenvergleich.org\/ratgeber\/verlust-der-kreditkarte\/","twitter_misc":{"Gesch\u00e4tzte Lesezeit":"2\u00a0Minuten"},"schema":{"@context":"https:\/\/schema.org","@graph":[{"@type":"WebPage","@id":"http:\/\/www.crcg.de\/kreditkartenvergleich\/ratgeber\/verlust-der-kreditkarte\/","url":"http:\/\/www.crcg.de\/kreditkartenvergleich\/ratgeber\/verlust-der-kreditkarte\/","name":"Was tun beim Verlust der Kreditkarte","isPartOf":{"@id":"http:\/\/www.crcg.de\/kreditkartenvergleich\/#website"},"primaryImageOfPage":{"@id":"http:\/\/www.crcg.de\/kreditkartenvergleich\/ratgeber\/verlust-der-kreditkarte\/#primaryimage"},"image":{"@id":"http:\/\/www.crcg.de\/kreditkartenvergleich\/ratgeber\/verlust-der-kreditkarte\/#primaryimage"},"thumbnailUrl":"http:\/\/www.crcg.de\/kreditkartenvergleich\/wp-content\/uploads\/verlust-300x221.jpg","datePublished":"2011-08-08T15:01:56+00:00","dateModified":"2017-09-12T11:10:04+00:00","description":"VIele wissen nicht, was zu tun ist, wenn man seine Kreditkarte verliert. Bei einer richtigen Reaktion im Fall des Verlustes einer Kreditkarte kann fast nichts passieren.","breadcrumb":{"@id":"http:\/\/www.crcg.de\/kreditkartenvergleich\/ratgeber\/verlust-der-kreditkarte\/#breadcrumb"},"inLanguage":"de","potentialAction":[{"@type":"ReadAction","target":["http:\/\/www.crcg.de\/kreditkartenvergleich\/ratgeber\/verlust-der-kreditkarte\/"]}]},{"@type":"ImageObject","inLanguage":"de","@id":"http:\/\/www.crcg.de\/kreditkartenvergleich\/ratgeber\/verlust-der-kreditkarte\/#primaryimage","url":"http:\/\/www.crcg.de\/kreditkartenvergleich\/wp-content\/uploads\/verlust.jpg","contentUrl":"http:\/\/www.crcg.de\/kreditkartenvergleich\/wp-content\/uploads\/verlust.jpg","width":424,"height":313,"caption":"Verlorener Geldbeutel mit Kreditkarte"},{"@type":"BreadcrumbList","@id":"http:\/\/www.crcg.de\/kreditkartenvergleich\/ratgeber\/verlust-der-kreditkarte\/#breadcrumb","itemListElement":[{"@type":"ListItem","position":1,"name":"Startseite","item":"http:\/\/www.crcg.de\/kreditkartenvergleich\/"},{"@type":"ListItem","position":2,"name":"Ratgeber","item":"http:\/\/www.crcg.de\/kreditkartenvergleich\/ratgeber\/"},{"@type":"ListItem","position":3,"name":"Verlust der Kreditkarte &#8211; Was tun?"}]},{"@type":"WebSite","@id":"http:\/\/www.crcg.de\/kreditkartenvergleich\/#website","url":"http:\/\/www.crcg.de\/kreditkartenvergleich\/","name":"Kreditkartenvergleich.org","description":"Das unabh\u00e4ngige Kreditkarten Vergleich Portal","potentialAction":[{"@type":"SearchAction","target":{"@type":"EntryPoint","urlTemplate":"http:\/\/www.crcg.de\/kreditkartenvergleich\/?s={search_term_string}"},"query-input":{"@type":"PropertyValueSpecification","valueRequired":true,"valueName":"search_term_string"}}],"inLanguage":"de"}]}},"_links":{"self":[{"href":"http:\/\/www.crcg.de\/kreditkartenvergleich\/wp-json\/wp\/v2\/pages\/1869","targetHints":{"allow":["GET"]}}],"collection":[{"href":"http:\/\/www.crcg.de\/kreditkartenvergleich\/wp-json\/wp\/v2\/pages"}],"about":[{"href":"http:\/\/www.crcg.de\/kreditkartenvergleich\/wp-json\/wp\/v2\/types\/page"}],"author":[{"embeddable":true,"href":"http:\/\/www.crcg.de\/kreditkartenvergleich\/wp-json\/wp\/v2\/users\/2"}],"replies":[{"embeddable":true,"href":"http:\/\/www.crcg.de\/kreditkartenvergleich\/wp-json\/wp\/v2\/comments?post=1869"}],"version-history":[{"count":2,"href":"http:\/\/www.crcg.de\/kreditkartenvergleich\/wp-json\/wp\/v2\/pages\/1869\/revisions"}],"predecessor-version":[{"id":5415,"href":"http:\/\/www.crcg.de\/kreditkartenvergleich\/wp-json\/wp\/v2\/pages\/1869\/revisions\/5415"}],"up":[{"embeddable":true,"href":"http:\/\/www.crcg.de\/kreditkartenvergleich\/wp-json\/wp\/v2\/pages\/1736"}],"wp:attachment":[{"href":"http:\/\/www.crcg.de\/kreditkartenvergleich\/wp-json\/wp\/v2\/media?parent=1869"}],"curies":[{"name":"wp","href":"https:\/\/api.w.org\/{rel}","templated":true}]}}