{"id":903,"date":"2017-09-01T12:05:23","date_gmt":"2017-09-01T11:05:23","guid":{"rendered":"http:\/\/www.crcg.de\/kreditvergleich\/?page_id=903"},"modified":"2018-08-20T09:45:09","modified_gmt":"2018-08-20T08:45:09","slug":"neuwagen-finanzierung","status":"publish","type":"page","link":"http:\/\/www.crcg.de\/kreditvergleich\/neuwagen-finanzierung\/","title":{"rendered":"Neuwagen Finanzierung &#8211; Tr\u00e4ume erm\u00f6glichen durch den Finanzierungsvergleich"},"content":{"rendered":"<p>Es sind durchaus \u00fcberraschende Zahlen, die eine Studie vom Kraftfahrt-Bundesamt im Januar 2017 hervorgebracht hat. Das Institut mit Sitz im hohen Norden in Flensburg verzeichnete in seiner Statistik einen Anstieg von etwa zehn Prozent mehr Zulassungen von Neuwagen als im Vorjahresmonat. Das Fazit, das sich daraus ziehen l\u00e4sst: Der Neuwagenkauf erfreut sich in Deutschland derzeit anscheinend gr\u00f6\u00dfter Beliebtheit und auch die Krisen, die die gro\u00dfen Autohersteller, allen voran VW, in den letzten Monaten und Jahren umgeben, scheinen die Deutschen nicht vom Kauf eines Neuwagens abzuhalten. So l\u00e4sst gerade eine detailliertere Analyse der Studie die Hersteller-Herzen h\u00f6herschlagen, denn laut der repr\u00e4sentativen Studie sind die meisten Deutschen vor allem an SUVs und PKWs der Mittel- und Oberklasse interessiert. Klassische Kleinwagen erfreuen sich dagegen trotz steigender Spritpreise und Parkplatzmangel in den Innenst\u00e4dten keiner allzu gro\u00dfen Beliebtheit. Doch gerade f\u00fcr die gr\u00f6\u00dferen Neuw\u00e4gen rufen die H\u00e4ndler und Hersteller nat\u00fcrlich gro\u00dfe Summen auf, welche sich meist nicht auf einen Schlag bezahlen lassen.<\/p>\n<h2>Wie den Neuwagen finanzieren?<\/h2>\n<p>So steht fast jeder potenzielle K\u00e4ufer eines Neuwagens vor der Frage, wie er sein neues Fahrzeug denn finanzieren soll. Die gesamte Summe f\u00fcr eine direkte Barzahlung haben wohl die wenigsten komplett auf dem Konto und selbst wenn, ist Barzahlung aus eigenen Mitteln finanztechnisch auch nicht immer die beste Entscheidung. Aus diesem Grund kommen verschiedene Modelle zur Neuwagen Finanzierung in den letzten Jahren immer mehr in Mode. Verschiedene Banken, Autobanken und H\u00e4ndler haben hier unterschiedliche Ans\u00e4tze, auf welchen Wegen Sie an einen <a href=\"http:\/\/www.crcg.de\/kreditvergleich\/autokredit\/\">Autokredit<\/a> f\u00fcr einen Neuwagen gelangen. Unser Neuwagenfinanzierung-Ratgeber stellt Ihnen alle Finanzierungsmodelle einzeln vor, w\u00e4gt deren Vor- und Nachteile gegeneinander ab und erkl\u00e4rt zudem die Vorz\u00fcge und Schw\u00e4chen der null Prozent Neuwagen Finanzierung mit Hilfe eines einfachen Rechenbeispiels. Haben Sie sich bereits f\u00fcr ein Finanzierungsmodell entschieden, hilft Ihnen unser <a href=\"http:\/\/www.crcg.de\/kreditvergleich\/kreditrechner\/\">Kreditrechner<\/a>, ganz einfach online unterschiedliche Kredite von verschiedenen Anbietern zu vergleichen, um den optimalen <a href=\"http:\/\/www.crcg.de\/kreditvergleich\/\">Kredit<\/a> f\u00fcr Ihre Bed\u00fcrfnisse zu finden. Durch diesen <a href=\"http:\/\/www.crcg.de\/kreditvergleich\/\">Kreditvergleich<\/a> k\u00f6nnen Sie innerhalb von nur wenigen Minuten bares Geld sparen. Haben Sie sich hingegen noch nicht f\u00fcr ein bestimmtes Finanzierungsmodell entschieden, finden Sie in diesem Ratgeber viele wertvolle Tipps und Hinweise.<\/p>\n<div class=\"alert alert-info\">Beachten Sie: Bevor Sie sich f\u00fcr spezielle Neuwagen Kredite entscheiden, sollten Sie auf jeden Fall detailliert durchrechnen, wie viel Geld Sie im Monat zur Verf\u00fcgung haben. Um nicht irgendwann auf dem Trockenen zu stehen, sollten Sie auch immer einen entsprechenden Puffer einkalkulieren. So k\u00f6nnen Sie auch andere gr\u00f6\u00dfere Kosten, die spontan anfallen k\u00f6nnen (etwa im Haushalt) noch halbwegs problemlos bew\u00e4ltigen.<\/div>\n\n<h2>Welche Modelle der Neuwagen Finanzierung gibt es?<\/h2>\n<p>In der Praxis haben sich vor allem drei Finanzierungsmodelle etabliert: der klassische <a href=\"http:\/\/www.crcg.de\/kreditvergleich\/ratenkredit\/\">Ratenkredit<\/a>, die <a href=\"http:\/\/www.crcg.de\/kreditvergleich\/autokredit-mit-schlussrate\/\">Ballon-Finanzierung<\/a> und die 3-Wege-Finanzierung. Diese Neuwagen Kredite wollen wir Ihnen im Folgenden vorstellen und auf deren Vor- und Nachteile eingehen.<\/p>\n<h3>Der Ratenkredit<\/h3>\n<p>Am bekanntesten und wohl auch beliebtesten ist der klassische Ratenkredit. Einen klassischen Ratenkredit erhalten Sie bei allen Kreditinstituten, ob Filialbank, Onlinebank oder Autobank. Meist bietet Ihnen der H\u00e4ndler vor Ort dieses Finanzierungsmodell bei einem Neuwagenkauf von sich aus an, aber Sie sind nicht an dieses Angebot gebunden, sondern k\u00f6nnen den Ratenkredit zur Finanzierung des Neuwagens auch bei Ihrer Hausbank, einer anderen Filialbank, einer Autobank oder einer Online-Direktbank abschlie\u00dfen. Je nach Finanzierungsmodell und pers\u00f6nlicher Zahlungskr\u00e4ftigkeit k\u00f6nnen Sie sich f\u00fcr eine Neuwagen Finanzierung ohne Anzahlung entscheiden oder aber auch einen Teil des Kaufpreises anzahlen und damit die Kreditsumme verringern. Vor allem direkt beim H\u00e4ndler oder einer angeschlossenen Autobank haben Sie diese M\u00f6glichkeit, eine Anzahlung zu leisten und die restliche Summe finanzieren zu lassen, w\u00e4hrend Sie das Auto bei der Finanzierung \u00fcber eine Bank aus H\u00e4ndlersicht immer bar bezahlen, ganz gleich, ob Sie die gesamte Kaufsumme oder nur einen Teil aufgenommen haben.<\/p>\n<div class=\"alert alert-info\">Lassen Sie den Neuwagenkauf \u00fcber den H\u00e4ndler oder eine angeschlossene Autobank laufen, verlieren Sie in der Regel den Barzahlungsrabatt, der von den meisten H\u00e4ndlern gew\u00e4hrt wird. Auch wenn die Autobank oder der H\u00e4ndler Ihnen gute Konditionen oder gar eine Null-Prozent-Finanzierung anbieten, sollten Sie trotzdem gegenrechnen, ob Sie mit den h\u00f6heren Zinsen eines herk\u00f6mmlichen Ratenkredits oder Autokredit in Verbindung mit dem Barzahlerrabatt nicht im Endeffekt g\u00fcnstiger fahren. <\/div>\n\n<p>#Lassen Sie den Neuwagen \u00fcber einen Kredit bei Ihrer Hausbank, einer anderen Filialbank oder einer Online-Direktbank finanzieren, haben Sie meist die M\u00f6glichkeit, zwischen einem speziellen Autokredit und einer zweckgebundenen <a href=\"http:\/\/www.crcg.de\/kreditvergleich\/autofinanzierung\/\">Autofinanzierung<\/a> zu w\u00e4hlen. Ein spezieller Autokredit, der zweckgebunden nur f\u00fcr den Kauf eines Autos verwendet werden darf, hat meist den Vorteil, dass Ihnen g\u00fcnstigere Konditionen angeboten werden. Grund daf\u00fcr ist, dass von der Bank der sogenannte Moral Hazard, zu Deutsch das moralische Risiko, geringer eingesch\u00e4tzt wird, wenn der Kreditnehmer das aufgenommene Geld f\u00fcr einen fest definierten Verwendungszweck nutzt und je geringer das Ausfallrisiko f\u00fcr die Bank ist, desto g\u00fcnstiger sind die angebotenen Konditionen. Zum anderen hat die Bank durch den Neuwagen eine gewisse Sicherheit, unter Umst\u00e4nden kann sie auch die Zulassungsbescheinigung Teil II, fr\u00fcher als Fahrzeugbrief bekannt, einbehalten und so sicherstellen, dass der Kreditnehmer den Neuwagen nicht verkaufen kann, bevor der Kredit abbezahlt ist, so dass sie bei Zahlungsschwierigkeiten auf das Fahrzeug zugreifen kann.<\/p>\n<p>Ein Neuwagen Kredit kann auf zwei verschiedene Arten abgezahlt werden. Die eine M\u00f6glichkeit ist ein klassischer Ratenkredit, bei dem die H\u00f6he der zu zahlenden Raten mit der Laufzeit geringer wird, da die Zinsen, die auf die jeweilige Restsumme anfallen, mit jeder gezahlten Rate sinken. Die andere M\u00f6glichkeit, die bei der Neuwagen Finanzierung oft gew\u00e4hlt wird, ist das sogenannte Annuit\u00e4tendarlehen. Hier bleiben die monatlichen Raten \u00fcber die gesamte Laufzeit hinweg gleich, aufgrund der sinkenden Restschuldsumme verschiebt sich jedoch das Verh\u00e4ltnis von Zinszahlung und Tilgung innerhalb der Monatsrate. W\u00e4hrend die Raten anfangs hohe Zinszahlungen und nur geringe Tilgungen enthalten, verschiebt sich das Verh\u00e4ltnis immer mehr, bis Sie zum Ende der Laufzeit hin nur noch sehr geringe Zinszahlungen auf die immer kleiner werdende Restsumme und daf\u00fcr hohe Tilgungen zahlen.<\/p>\n<h3>Neuwagen Finanzierung \u00fcber eine Online Bank<\/h3>\n<p>Eine planbare Rate, niedrige Zinsen oder auch Laufzeiten von bis zu 120 Monaten \u2013 das sind vor allem die Merkmale, welche die Kunden bei einem Online Neuwagen Kredit sch\u00e4tzen. Hinzu kommen bei der Neuwagen Finanzierung im Internet noch verschiedene Sonderkonditionen, die im Falle des Falles mehr Flexibilit\u00e4t bieten. So k\u00f6nnen Sie den Kredit etwa vorzeitig in einem Betrag zur\u00fcckzahlen, falls Sie gerade an eine gr\u00f6\u00dfere Geldsumme gelangt sind. Zudem besteht h\u00e4ufig die M\u00f6glichkeit von Sondertilgungen zu jeder Zeit und in jeder H\u00f6he ohne jegliche Kosten. Immer mehr Banken verzichten au\u00dferdem darauf, den Kfz-Schein einzubehalten, was mehr Freiheiten beim Verkauf des Wagens bietet. Eine j\u00e4hrliche Ratenpause geh\u00f6rt bei den Online-Anbietern au\u00dferdem mittlerweile ebenfalls mit zum Angebot. Informieren Sie sich daher unbedingt auch bei Online Banken, bevor Sie einen Ratenkredit zur Neuwagen Finanzierung vorschnell bei der Hausbank abschlie\u00dfen.<\/p>\n<h3>Ballonfinanzierung<\/h3>\n<p>Eine <a href=\"http:\/\/www.crcg.de\/kreditvergleich\/autokredit-mit-schlussrate\/\">Ballonfinanzierung<\/a> \u00e4hnelt in einigen Punkten der Neuwagen Finanzierung \u00fcber einen Ratenkredit, doch Sie weist auch gravierende Unterschiede auf. \u00c4hnlich wie bei einem Neuwagen Finanzierung \u00fcber den Ratenkredit haben Sie bei der Ballonfinanzierung zun\u00e4chst die Wahl zwischen einer Neuwagen Finanzierung ohne Anzahlung oder aber einer Finanzierung mit Anzahlung. Entscheiden Sie sich f\u00fcr die Anzahlung, m\u00fcssen sie weniger Geld aufnehmen und somit auch weniger Zinsen zahlen. Ebenfalls \u00e4hnlich wie bei der Neuwagen Finanzierung \u00fcber einen Ratenkredit, m\u00fcssen Sie auch bei der Ballonfinanzierung monatliche Raten zahlen, doch diese fallen bei der Ballonfinanzierung wesentlich geringer aus als bei einem herk\u00f6mmlichen Ratenkredit. Grund daf\u00fcr ist die Schlussrate, die bei der Ballonfinanzierung f\u00e4llig wird und zum Ende der Laufzeit gezahlt werden muss.<\/p>\n<p>W\u00e4hrend sich bei der Ballonfinanzierung also die monatlichen Raten w\u00e4hrend der Laufzeit in Grenzen h\u00e4lt kommt am Ende noch einmal eine hohe finanzielle Belastung auf die Kreditnehmer zu. Dies darf man, wenn man sich f\u00fcr die Ballonfinanzierung entscheidet, trotz der verlockend niedrigen Raten nicht au\u00dfer Acht lassen. Wer die Schlussrate nicht auf einmal bezahlen kann, kann eine Anschlussfinanzierung zur Tilgung vereinbaren, diese wird jedoch in der Regel deutlich schlechtere Konditionen haben als die urspr\u00fcngliche Finanzierung. Die Ballonfinanzierung ist daher nur dann wirklich sinnvoll, wenn man die monatlichen Raten w\u00e4hrend der Laufzeit niedrig halten m\u00f6chte, am Ende der Laufzeit jedoch beispielsweise durch frei werdendes Festgeld, die Auszahlung einer Lebensversicherung oder \u00c4hnlichem in der Lage ist, die Schlussrate zu begleichen.<\/p>\n<div class=\"alert alert-warning\">Bei einem Ballonkredit m\u00fcssen w\u00e4hrend der gesamten Laufzeit Zinsen auf die Schlussrate gezahlt werden. Da dieser Betrag meist sehr hoch ist und in der Regel die H\u00e4lfte oder mehr des aufgenommenen Betrags ausmacht, sinken die Zinsen bei der Ballonfinanzierung nicht in dem Ma\u00dfe, wie sie es bei einem Ratenkredit tun. Die Summe der gezahlten Zinsen ist daher bei gleicher Kredith\u00f6he und gleichen Konditionen beim Ballonkredit immer h\u00f6her als beim Ratenkredit.<\/div>\n\n<h3>3-Wege-Finanzierung<\/h3>\n<p>Die 3-Wege-Finanzierung ist eine Variation der Ballonfinanzierung. Der Unterschied zur bereits beschriebenen Ballon-Finanzierung besteht darin, dass hier neben einer direkten Zahlung oder einer Anschlussfinanzierung zur Tilgung der Schlussrate zus\u00e4tzlich noch die M\u00f6glichkeit besteht, das Auto an den H\u00e4ndler zur\u00fcckzugeben. Die 3-Wege-Finanzierung wird vor allen von den die Autobanken der Hersteller, etwa die VW Bank oder die Mercedes Bank, angeboten. Hintergrund der 3-Wege-Finanzierung ist, dass durch die niedrigen monatlichen Raten nicht das Auto abgezahlt, sondern nur der Wertverlust ausgeglichen wird. Der H\u00e4ndler kann den Wagen dann also nach Ende der Laufzeit mit Ausgleich des Wertverlusts zur\u00fccknehmen.<\/p>\n<p><strong>Beachten Sie<\/strong>: Die niedrigen Monatsraten h\u00f6ren sich zwar sehr verlockend an, doch der Gesamtpreis ist bei diesen Formen der Neuwagen Finanzierung am Ende meist h\u00f6her als bei einem Ratenkredit. Gerade wenn Ihnen Flexibilit\u00e4t wichtig ist, ist das Leasing vielleicht die richtige Option f\u00fcr Sie.<\/p>\n<h3><strong>Sonderfall Leasing<\/strong><\/h3>\n<p>Das Leasing und die R\u00fcckgabe des Fahrzeugs im Rahmen der 3-Wege-Finanzierung haben einiges gemeinsam, doch es besteht auch ein gravierender Unterschied und dieser liegt in den rechtlichen Eigentumsverh\u00e4ltnissen. W\u00e4hrend das Fahrzeug sich bei einer 3-Wege-Finanzierung im Eigentum des Kreditnehmers befindet und von diesem nach Ende der Laufzeit zur Abl\u00f6sung der Schlussrate an den Kreditgeber ver\u00e4u\u00dfert wird, bleibt das Fahrzeug beim Leasing w\u00e4hrend der gesamten Leasingdauer im Eigentum des Leasinggebers. Der Leasingnehmer erwirbt beim Leasing zu keiner Zeit Eigentum an dem Fahrzeug, sondern geht viel mehr eine Art Dauermietvertrag mit dem Leasinggeber ein.<\/p>\n<div class=\"alert alert-info\">Wer sich sowohl f\u00fcr Leasing als auch f\u00fcr den Kauf eines Neuwagens interessiert, der kann sich beispielsweise bei der Sixt Neuwagen Finanzierung informieren, wo beide Modelle angeboten werden.<\/div>\n\n<h2>Neuwagen mit null Prozent &#8211; Finanzierung<\/h2>\n<p>Viele Autoh\u00e4user werben damit, bei der Neuwagen Finanzierung keine oder kaum Zinsen zu erheben. Sie kaufen das Auto, schlie\u00dfen eine Neuwagen mit 0 % Finanzierung ab und zahlen den Kaufpreis bequem in Raten ab, ohne zus\u00e4tzliche Kosten durch Zinsen zu haben, wie sie bei einem Ratenkredit anfallen w\u00fcrden.<br \/>\nDas kling schon fast zu gut um wahr zu sein und macht daher durchaus misstrauisch. Doch was ist wirklich dran an dem verlockenden Angebot der Neuwagen Finanzierung ohne Anzahlung und ohne Zinsen? H\u00e4lt es, was es verspricht? Die Antwort ist: \u201eDas kommt darauf an.\u201c Zum einen muss man sich klarmachen, dass die Autobanken, die diese Art der Neuwagen Finanzierung ohne Anzahlung und ohne Zinsen anbieten, anders arbeiten als klassische Banken und Kreditinstitute.<\/p>\n<p>Autobanken leben nicht vorrangig davon, Geldgesch\u00e4fte zu t\u00e4tigen, sondern sie leben davon, Autos zu verkaufen und zu diesem Zweck bieten sie Ihren Kunden durchaus g\u00fcnstige Kreditkonditionen an. Was jedoch bei der Neuwagen 0 % Finanzierung nicht au\u00dfer Acht gelassen werden darf, ist der Barzahlerrabatt, den die Kunden bekommen, die den Neuwagen bar bezahlen und dazu geh\u00f6rt nat\u00fcrlich auch die Zahlung des Kaufpreises durch Mittel, die bei einer externen Bank aufgenommen wurden. Die folgende Tabelle verdeutlicht den Sachverhalt und zeigt, dass trotz einer Neuwagen 0 % Finanzierung eine Finanzierung \u00fcber einen Ratenkredit die kosteng\u00fcnstigere Variante sein kann.<\/p>\n<div class=\"table-responsive\">\n<table class=\"table&quot;\" border=\"0\" width=\"100%\" frame=\"below\" rules=\"rows\" cellpadding=\"5\">\n<tbody>\n<tr valign=\"top\">\n<th width=\"33%\"><\/th>\n<th width=\"33%\"><strong>H\u00e4ndlerfinanzierung<\/strong><\/th>\n<th width=\"33%\"><strong>Bankkredit<\/strong><\/th>\n<\/tr>\n<tr valign=\"top\">\n<td width=\"33%\">Listenpreis Fahrzeug<\/td>\n<td width=\"33%\">25.000,00 \u20ac<\/td>\n<td width=\"33%\">25.000,00 \u20ac<\/td>\n<\/tr>\n<tr valign=\"top\">\n<td width=\"33%\">Laufzeit<\/td>\n<td width=\"33%\">48 Monate<\/td>\n<td width=\"33%\">48 Monate<\/td>\n<\/tr>\n<tr valign=\"top\">\n<td width=\"33%\">Effektiver Jahreszins<\/td>\n<td width=\"33%\">0,00%<\/td>\n<td width=\"33%\">3,00%<\/td>\n<\/tr>\n<tr valign=\"top\">\n<td width=\"33%\">Monatsrate<\/td>\n<td width=\"33%\">520,00 \u20ac<\/td>\n<td width=\"33%\">553,00 \u20ac<\/td>\n<\/tr>\n<tr valign=\"top\">\n<td width=\"33%\">Nettokreditbetrag<\/td>\n<td width=\"33%\">25.000,00 \u20ac<\/td>\n<td width=\"33%\">23.461,00 \u20ac<\/td>\n<\/tr>\n<tr valign=\"top\">\n<td width=\"33%\">Kreditkosten \/ Notwendiger Rabatt<\/td>\n<td width=\"33%\">&#8211; &#8211; &#8211;<\/td>\n<td width=\"33%\">1.539,00 \u20ac<\/td>\n<\/tr>\n<tr valign=\"top\">\n<td width=\"33%\">Handels\u00fcblicher Rabatt (bei Barzahlung)<\/td>\n<td width=\"33%\">&#8211; &#8211; &#8211;<\/td>\n<td width=\"33%\">Bis zu 25 % = 6.250,00 \u20ac<\/td>\n<\/tr>\n<tr valign=\"top\">\n<td width=\"33%\">Ersparnis<\/td>\n<td width=\"33%\">&#8211; &#8211; &#8211;<\/td>\n<td width=\"33%\">Bis zu 4.711,00 \u20ac<\/td>\n<\/tr>\n<\/tbody>\n<\/table>\n<\/div>\n<h2 class=\"notoc\">Unser Fazit<\/h2>\n<p>Ob Kredit beim H\u00e4ndler, bei einer Autobank, bei der Hausbank oder einer Direktbank \u2013 was wirklich z\u00e4hlt, sind gute Konditionen, die sich in ihrer Gesamtheit zukunftsorientiert, transparent und vor allem attraktiv zeigen m\u00fcssen. Ein Vergleich der verschiedenen Angebote mit unserem Kreditrechner bringt schnell Licht in die Neuwagenfinanzierung und erlaubt Ihnen, den optimalen Kredit f\u00fcr Ihre Bed\u00fcrfnisse zu finden. So k\u00f6nnen Sie sich auch ohne gro\u00dfes Erbe den Traum vom eigenen Neuwagen erf\u00fcllen. Und auch f\u00fcr weitere Tr\u00e4ume haben wir passende Tipp f\u00fcr Sie. Wollten Sie etwa schon immer einmal ein neues <a href=\"http:\/\/www.crcg.de\/kreditvergleich\/wohnwagen-kredit\/\">Wohnmobil<\/a> oder ein rasantes <a href=\"http:\/\/www.crcg.de\/kreditvergleich\/motorrad-kredit\/\">Motorrad<\/a> besitzen? Lesen Sie sich daf\u00fcr einfach unsere entsprechenden Ratgeber durch und w\u00e4hlen Sie aus hunderten von Krediten Ihren Testsieger!<\/p>\n","protected":false},"excerpt":{"rendered":"<p>Es sind durchaus \u00fcberraschende Zahlen, die eine Studie vom Kraftfahrt-Bundesamt im Januar 2017 hervorgebracht hat. Das Institut mit Sitz im hohen Norden in Flensburg verzeichnete in seiner Statistik einen Anstieg von etwa zehn Prozent mehr Zulassungen von Neuwagen als im Vorjahresmonat. Das Fazit, das sich daraus ziehen l\u00e4sst: Der Neuwagenkauf erfreut sich in Deutschland derzeit [&hellip;]<\/p>\n","protected":false},"author":2,"featured_media":0,"parent":0,"menu_order":0,"comment_status":"closed","ping_status":"closed","template":"","meta":{"footnotes":""},"class_list":["post-903","page","type-page","status-publish","hentry"],"yoast_head":"<!-- This site is optimized with the Yoast SEO plugin v26.8 - https:\/\/yoast.com\/product\/yoast-seo-wordpress\/ -->\n<title>Neuwagen Finanzierung: Jetzt g\u00fcnstigen Zins ab 0,69% sichern<\/title>\n<meta name=\"description\" content=\"lll\u27a4 Neuwagenfinanzierung auf STERN.de \u2b50 Schnelle Auszahlung + T\u00dcV-gepr\u00fcft + flexible Laufzeiten + 100% transparent \u2705 Jetzt einfach einen Neuwagen finanzieren!\" \/>\n<meta name=\"robots\" content=\"index, follow, max-snippet:-1, max-image-preview:large, max-video-preview:-1\" \/>\n<link rel=\"canonical\" href=\"https:\/\/www.stern.de\/vergleich\/kredit\/neuwagen-finanzierung\/\" \/>\n<meta property=\"og:locale\" content=\"de_DE\" \/>\n<meta property=\"og:type\" content=\"article\" \/>\n<meta property=\"og:title\" content=\"Neuwagen Finanzierung: Jetzt g\u00fcnstigen Zins ab 0,69% sichern\" \/>\n<meta property=\"og:description\" content=\"lll\u27a4 Neuwagenfinanzierung auf STERN.de \u2b50 Schnelle Auszahlung + T\u00dcV-gepr\u00fcft + flexible Laufzeiten + 100% transparent \u2705 Jetzt einfach einen Neuwagen finanzieren!\" \/>\n<meta property=\"og:url\" content=\"https:\/\/www.stern.de\/vergleich\/kredit\/neuwagen-finanzierung\/\" \/>\n<meta property=\"og:site_name\" content=\"Kreditvergleich gratis\" \/>\n<meta property=\"article:modified_time\" content=\"2018-08-20T08:45:09+00:00\" \/>\n<meta name=\"twitter:card\" content=\"summary_large_image\" \/>\n<meta name=\"twitter:label1\" content=\"Gesch\u00e4tzte Lesezeit\" \/>\n\t<meta name=\"twitter:data1\" content=\"11\u00a0Minuten\" \/>\n<script type=\"application\/ld+json\" class=\"yoast-schema-graph\">{\"@context\":\"https:\/\/schema.org\",\"@graph\":[{\"@type\":\"WebPage\",\"@id\":\"http:\/\/www.crcg.de\/kreditvergleich\/neuwagen-finanzierung\/\",\"url\":\"https:\/\/www.stern.de\/vergleich\/kredit\/neuwagen-finanzierung\/\",\"name\":\"Neuwagen Finanzierung: Jetzt g\u00fcnstigen Zins ab 0,69% sichern\",\"isPartOf\":{\"@id\":\"http:\/\/www.crcg.de\/kreditvergleich\/#website\"},\"datePublished\":\"2017-09-01T11:05:23+00:00\",\"dateModified\":\"2018-08-20T08:45:09+00:00\",\"description\":\"lll\u27a4 Neuwagenfinanzierung auf STERN.de \u2b50 Schnelle Auszahlung + T\u00dcV-gepr\u00fcft + flexible Laufzeiten + 100% transparent \u2705 Jetzt einfach einen Neuwagen finanzieren!\",\"breadcrumb\":{\"@id\":\"https:\/\/www.stern.de\/vergleich\/kredit\/neuwagen-finanzierung\/#breadcrumb\"},\"inLanguage\":\"de\",\"potentialAction\":[{\"@type\":\"ReadAction\",\"target\":[\"https:\/\/www.stern.de\/vergleich\/kredit\/neuwagen-finanzierung\/\"]}]},{\"@type\":\"BreadcrumbList\",\"@id\":\"https:\/\/www.stern.de\/vergleich\/kredit\/neuwagen-finanzierung\/#breadcrumb\",\"itemListElement\":[{\"@type\":\"ListItem\",\"position\":1,\"name\":\"Startseite\",\"item\":\"http:\/\/www.crcg.de\/kreditvergleich\/\"},{\"@type\":\"ListItem\",\"position\":2,\"name\":\"Neuwagen Finanzierung &#8211; Tr\u00e4ume erm\u00f6glichen durch den Finanzierungsvergleich\"}]},{\"@type\":\"WebSite\",\"@id\":\"http:\/\/www.crcg.de\/kreditvergleich\/#website\",\"url\":\"http:\/\/www.crcg.de\/kreditvergleich\/\",\"name\":\"Kreditvergleich gratis\",\"description\":\"Gratis Kreditvergleich f\u00fcr Jedermann\",\"potentialAction\":[{\"@type\":\"SearchAction\",\"target\":{\"@type\":\"EntryPoint\",\"urlTemplate\":\"http:\/\/www.crcg.de\/kreditvergleich\/?s={search_term_string}\"},\"query-input\":{\"@type\":\"PropertyValueSpecification\",\"valueRequired\":true,\"valueName\":\"search_term_string\"}}],\"inLanguage\":\"de\"}]}<\/script>\n<!-- \/ Yoast SEO plugin. -->","yoast_head_json":{"title":"Neuwagen Finanzierung: Jetzt g\u00fcnstigen Zins ab 0,69% sichern","description":"lll\u27a4 Neuwagenfinanzierung auf STERN.de \u2b50 Schnelle Auszahlung + T\u00dcV-gepr\u00fcft + flexible Laufzeiten + 100% transparent \u2705 Jetzt einfach einen Neuwagen finanzieren!","robots":{"index":"index","follow":"follow","max-snippet":"max-snippet:-1","max-image-preview":"max-image-preview:large","max-video-preview":"max-video-preview:-1"},"canonical":"https:\/\/www.stern.de\/vergleich\/kredit\/neuwagen-finanzierung\/","og_locale":"de_DE","og_type":"article","og_title":"Neuwagen Finanzierung: Jetzt g\u00fcnstigen Zins ab 0,69% sichern","og_description":"lll\u27a4 Neuwagenfinanzierung auf STERN.de \u2b50 Schnelle Auszahlung + T\u00dcV-gepr\u00fcft + flexible Laufzeiten + 100% transparent \u2705 Jetzt einfach einen Neuwagen finanzieren!","og_url":"https:\/\/www.stern.de\/vergleich\/kredit\/neuwagen-finanzierung\/","og_site_name":"Kreditvergleich gratis","article_modified_time":"2018-08-20T08:45:09+00:00","twitter_card":"summary_large_image","twitter_misc":{"Gesch\u00e4tzte Lesezeit":"11\u00a0Minuten"},"schema":{"@context":"https:\/\/schema.org","@graph":[{"@type":"WebPage","@id":"http:\/\/www.crcg.de\/kreditvergleich\/neuwagen-finanzierung\/","url":"https:\/\/www.stern.de\/vergleich\/kredit\/neuwagen-finanzierung\/","name":"Neuwagen Finanzierung: Jetzt g\u00fcnstigen Zins ab 0,69% sichern","isPartOf":{"@id":"http:\/\/www.crcg.de\/kreditvergleich\/#website"},"datePublished":"2017-09-01T11:05:23+00:00","dateModified":"2018-08-20T08:45:09+00:00","description":"lll\u27a4 Neuwagenfinanzierung auf STERN.de \u2b50 Schnelle Auszahlung + T\u00dcV-gepr\u00fcft + flexible Laufzeiten + 100% transparent \u2705 Jetzt einfach einen Neuwagen finanzieren!","breadcrumb":{"@id":"https:\/\/www.stern.de\/vergleich\/kredit\/neuwagen-finanzierung\/#breadcrumb"},"inLanguage":"de","potentialAction":[{"@type":"ReadAction","target":["https:\/\/www.stern.de\/vergleich\/kredit\/neuwagen-finanzierung\/"]}]},{"@type":"BreadcrumbList","@id":"https:\/\/www.stern.de\/vergleich\/kredit\/neuwagen-finanzierung\/#breadcrumb","itemListElement":[{"@type":"ListItem","position":1,"name":"Startseite","item":"http:\/\/www.crcg.de\/kreditvergleich\/"},{"@type":"ListItem","position":2,"name":"Neuwagen Finanzierung &#8211; Tr\u00e4ume erm\u00f6glichen durch den Finanzierungsvergleich"}]},{"@type":"WebSite","@id":"http:\/\/www.crcg.de\/kreditvergleich\/#website","url":"http:\/\/www.crcg.de\/kreditvergleich\/","name":"Kreditvergleich gratis","description":"Gratis Kreditvergleich f\u00fcr Jedermann","potentialAction":[{"@type":"SearchAction","target":{"@type":"EntryPoint","urlTemplate":"http:\/\/www.crcg.de\/kreditvergleich\/?s={search_term_string}"},"query-input":{"@type":"PropertyValueSpecification","valueRequired":true,"valueName":"search_term_string"}}],"inLanguage":"de"}]}},"_links":{"self":[{"href":"http:\/\/www.crcg.de\/kreditvergleich\/wp-json\/wp\/v2\/pages\/903","targetHints":{"allow":["GET"]}}],"collection":[{"href":"http:\/\/www.crcg.de\/kreditvergleich\/wp-json\/wp\/v2\/pages"}],"about":[{"href":"http:\/\/www.crcg.de\/kreditvergleich\/wp-json\/wp\/v2\/types\/page"}],"author":[{"embeddable":true,"href":"http:\/\/www.crcg.de\/kreditvergleich\/wp-json\/wp\/v2\/users\/2"}],"replies":[{"embeddable":true,"href":"http:\/\/www.crcg.de\/kreditvergleich\/wp-json\/wp\/v2\/comments?post=903"}],"version-history":[{"count":12,"href":"http:\/\/www.crcg.de\/kreditvergleich\/wp-json\/wp\/v2\/pages\/903\/revisions"}],"predecessor-version":[{"id":1080,"href":"http:\/\/www.crcg.de\/kreditvergleich\/wp-json\/wp\/v2\/pages\/903\/revisions\/1080"}],"wp:attachment":[{"href":"http:\/\/www.crcg.de\/kreditvergleich\/wp-json\/wp\/v2\/media?parent=903"}],"curies":[{"name":"wp","href":"https:\/\/api.w.org\/{rel}","templated":true}]}}