{"id":67,"date":"2013-06-25T10:52:30","date_gmt":"2013-06-25T09:52:30","guid":{"rendered":"http:\/\/www.kreditvergleich-gratis.de\/?page_id=67"},"modified":"2018-08-20T09:20:23","modified_gmt":"2018-08-20T08:20:23","slug":"swk-bank","status":"publish","type":"page","link":"http:\/\/www.crcg.de\/kreditvergleich\/swk-bank\/","title":{"rendered":"SWK-Bank \u2013 Partner f\u00fcr Geldanlagen und Kredite"},"content":{"rendered":"<p>Die S\u00fcd-West-Kreditbank \u2013 die SWK-Bank \u2013 ist seit dem Jahr 1959 in Deutschland vertreten und hat das Bankgesch\u00e4ft f\u00fcr Privatkunden entscheidend mit gepr\u00e4gt. Zur damaligen Zeit war es wohl noch nicht so gel\u00e4ufig wie heute, einen Verbraucherkredit in Anspruch zu nehmen. Auch wenn der damalige Wirtschaftsaufschwung in vollem Gange war, gab es W\u00fcnsche und Tr\u00e4ume, ebenso wie die Verbraucher sie heute auch haben. In der heutigen Zeit ist es jedoch so, dass immer mehr Verbraucher Kredite in Anspruch nehmen, um ihre t\u00e4glichen Lebenshaltungskosten bestreiten zu k\u00f6nnen und nicht wie damals, um einen Urlaub oder ein Auto zu finanzieren. Der Bank ist es mit ihrem SWK-Bank <a href=\"http:\/\/www.crcg.de\/kreditvergleich\/\">Kredit<\/a> gelungen, ihren Kunden ein Angebot zu unterbreiten, das eine einfache und schnelle Kreditvergabe m\u00f6glich macht.<\/p>\n<p>Ihr pers\u00f6nlicher SWK-Bank Kredit wartet bereits auf Sie:<\/p>\n<p><script src=\"https:\/\/embed.finanzcheck.de\/embed\/iframe.js?configuration=W33AaszzaVML&#038;amount=12000&#038;term=84&#038;productId=34&#038;subId=targobank\"><\/script><\/p>\n<h2>Kein dichtes Filialnetz f\u00fcr SWK-Bank Kredit<\/h2>\n<p>Wenn Verbraucher heute auf der Suche nach einem g\u00fcnstigen Kredit sind, nutzen sie gerne das Internet und kommen dann auch auf die Webseite der SWK-Bank. Diese hat diesen Weg ganz bewusst gew\u00e4hlt und verzichtet seit jeher auf ein dichtes Filialnetz. Stattdessen pflegt sie den Kontakt zu ihren Kunden und ber\u00e4t sowohl telefonisch wie auch per E-Mail. Das hat auch zu besonders guten Noten in unabh\u00e4ngigen Tests gef\u00fchrt, die zum Beispiel vom T\u00dcV durchgef\u00fchrt wurden. Das Internet und seine M\u00f6glichkeit, direkt mit den Kunden in Kontakt zu treten, sorgt auch f\u00fcr ein positives Feedback, dass die Kunden der SWK-Bank abgeben. Wer noch kein Kunde ist und beabsichtigt, einen SWK-Bank Kredit in Anspruch zu nehmen, kann v\u00f6llig unverbindlich und anonym ein Angebot erstellen lassen. Das geht innerhalb weniger Sekunden und danach kann der Antrag auch wiederum online ausgef\u00fcllt werden. Dazu sind nur wenige wichtige Daten erforderlich, der fertige Antrag kann online ausgedruckt werden. Er muss unterschrieben werden und wird dann per Post an die SWK-Bank geschickt. In k\u00fcrzester Zeit wird \u00fcber den Antrag entschieden und die Kreditsumme auf dem Konto des Anbieters \u00fcberwiesen.<\/p>\n<h2>Weitere Angebote der SWK-Bank<\/h2>\n<p>Wer keinen Kredit aus unserem <a title=\"Kredit Vergleich\" href=\"http:\/\/www.crcg.de\/kreditvergleich\/\">Kredit Vergleich<\/a> ben\u00f6tigt, sondern sein Geld anlegen m\u00f6chte, findet bei der SWK-Bank auch dazu sehr gute Angebote. Diese liegen im Bereich Tagesgeld und Festgeld und werden durch gute Verzinsungen angeboten. Die Geldanlage gilt bei der SWK-Bank als sehr interessant, weil sie zus\u00e4tzlich zu dieser Verzinsung auch entsprechend abgesichert ist. Auch das wurde seitens des T\u00dcV mit entsprechenden Zertifikaten belegt. Ein garantierter Zins \u00fcber die gesamte Laufzeit sorgt f\u00fcr Attraktivit\u00e4t dieser Bankprodukte, dadurch k\u00f6nnen die Kunden genau ausrechnen, was am Ende der Laufzeit f\u00fcr sie herauskommt. Die gesetzliche Einlagensicherung, wie sie von der EU vorgeschrieben wird, findet bei der SWK-Bank zu 100 % Anwendung. Sollte es zu einer Insolvenz der Bank kommen, wird das Guthaben der Kunden innerhalb eines Monats in vollem Umfang zur\u00fcckgezahlt.<\/p>\n<h2>SWK Bank Autokredit<\/h2>\n<p>Ein neues oder gebrauchtes Auto oder <a href=\"http:\/\/www.crcg.de\/kreditvergleich\/motorrad-kredit\/\">Motorrad<\/a> ist mit dem <a href=\"http:\/\/www.crcg.de\/kreditvergleich\/autokredit\/\">Autokredit<\/a> der SWK zu finanzieren. Bei einer <a href=\"http:\/\/www.crcg.de\/kreditvergleich\/autokredit-mit-schlussrate\/\">Ballonfinanzierung<\/a> oder bei der Hinterlegung vom Kfz-Brief als Sicherheit sind Sonderkonditionen zu erwarten. Der Kreditantrag wird schnell und unkompliziert abgewickelt und durch die Onlineabwicklung und das Video-Ident-Verfahren, erfolgt die Auszahlung in wenigen Tagen.<\/p>\n<p>Ein Optimierungsbedarf kann sich allerdings ab und an zeigen. Die SWK Bank \u00fcberzeugt in vielen wichtigen Punkten und ist daher f\u00fcr die Finanzierung gut geeignet. Der Autokredit l\u00e4uft mit 84 Monatsraten, soweit Stundungen der Raten nicht notwendig sind. Damit steht die SWK Bank im guten Mittelfeld auf dem Markt f\u00fcr Autokredite. Dagegen spricht die minimale Laufzeit von 24 Monatsraten, denn damit ist der Kreditnehmer f\u00fcr diese Zeit mit der R\u00fcckzahlung an das Bankhaus gebunden. Selbst bei einer niedrigen Kreditsumme kann die Laufzeit in j\u00e4hrlichen Abstufungen bestimmt werden.<\/p>\n<p>Die minimalste Kreditsumme liegt bei 2.500 Euro und bei einem ben\u00f6tigten geringeren Liquidit\u00e4tsfluss springt die SWK Bank bei einem Autokredit nicht ein. Die maximale Kreditsumme von 50.000 Euro ist zu akzeptieren und konkurrenzf\u00e4hig und kann stufenlos ausgew\u00e4hlt werden. Eine Bearbeitungsgeb\u00fchr f\u00fcr den Kredit entf\u00e4llt. Mit einem Autokredit ist eine <a href=\"http:\/\/www.crcg.de\/kreditvergleich\/umschuldungskredit\/\">Umschuldung<\/a> nicht m\u00f6glich, denn dieser ist zweckgebunden.<\/p>\n<p>Nach Einreichung aller relevanten Kreditunterlagen wird der Antrag zeitnah bearbeitet. Eine erste vorl\u00e4ufige Zusage erfolgt umgehend. Nach Unterzeichnung des Vertrages erfolgt die Auszahlung innerhalb von 2 Werktagen. Mit der Zweckbindung sind bei der Kreditvergabe einige Besonderheiten vorhanden. Hierbei ist die Marke vom Auto oder Motorrad nicht relevant. Allerdings ist ein Nachweis zur Verwendung des Darlehens zu erbringen. Durch die Zweckbindung reduziert sich nicht der Zinssatz. Mit einem einfachen <a href=\"http:\/\/www.crcg.de\/kreditvergleich\/ratenkredit\/\">Ratenkredit<\/a> der SWK Bank sind g\u00fcnstigere Zinsen bei gleichbleibender Kreditsumme und Laufzeit zu erwarten als bei einem zweckgebundenen Autokredit.<\/p>\n<p>Unser Kreditvergleich besitzt ein informatives Rechentool. Dort kann die gew\u00fcnschte Kreditsumme und Laufzeit angegeben werden. Ebenso ist eine Anzahlung zu vermerken, die allerdings am Zinssatz im Berechnungstool keine \u00c4nderung erbringt. Jedoch kann eine Anzahlung die Bonit\u00e4t st\u00e4rken. Die Bonit\u00e4t bestimmt die H\u00f6he der Zinsen und somit ist eine optionale Anzahlung am Ende sehr effektiv. Die SWK Bank bietet auch die Variante eines <a href=\"http:\/\/www.crcg.de\/kreditvergleich\/autokredit-mit-schlussrate\/\">Autokredits mit Schlussrate<\/a> an. Diese eignet sich meist, wenn der Kreditnehmer sein Auto nach der vereinbarten Laufzeit sicher abgeben m\u00f6chte.<\/p>\n<h2>Couchkredit<\/h2>\n<p>Der \u201eCouchkredit\u201c der SWK Bank ist bequem von zu Hause oder anderswo zu beantragen. Mit digitaler Unterschrift und Video-Ident wird aufwendiger Papierkram und der Postweg elegant umgangen. Eine Kreditentscheidung wird innerhalb von 30 Sekunden mitgeteilt und innerhalb eines Werktages befindet sich das Geld auf dem Konto des Kreditnehmers. Der <a href=\"http:\/\/www.crcg.de\/kreditvergleich\/kleinkredit\/\">Kleinkredit<\/a> ist haupts\u00e4chlich f\u00fcr Kunden gedacht, die Onlinebanking besitzen und somit ist bei der Kreditaufnahme eine z\u00fcgige Abwicklung gew\u00e4hrleistet. Dabei kann das Onlinekonto durchaus bei einer anderen Bank sein. Der Kundenservice der SWK Bank und viele lobenswerte Produktdetails sind \u00fcberzeugend. Der \u201eCouchkredit\u201c ist daher empfehlenswert.<\/p>\n<p>Wird keine Stundung der Raten vorgenommen, betr\u00e4gt die maximale Laufzeit 84 Monate. Die minimal m\u00f6gliche Laufzeit betr\u00e4gt 12 Monate. Die Laufzeit ist auf das Jahr genau festzulegen. Der Rahmen der m\u00f6glichen Kreditsumme ist etwas enger. Die Mindestkreditsumme betr\u00e4gt 1000 Euro, die maximale Summe 12.000 Euro. Dieser Kredit bezeichnet sich als Kleinkredit. F\u00fcr eine schnelle Bearbeitung wird auf besonders ausschweifende Kreditsummen verzichtet.<\/p>\n<p>Der Couchkredit zur Umschuldung als optionalen Verwendungszweck, ist bei dem Bankhaus leider nicht ersichtlich. Im Vorfeld ist das Preis- und Leistungsverzeichnis nicht ersichtlich, derartige Fakten sind erst im Kleingedruckten des Kreditvertrags nachzulesen. Von diesem Punkt abgesehen liegt eine Zweckbindung nicht vor. Es ist also frei w\u00e4hlbar, wof\u00fcr das Geld genutzt wird. Mithilfe des Rechentools erfolgt f\u00fcr den Couchkredit bei der Beantragung eine grobe Abfrage.<\/p>\n<h2>Solarkredit<\/h2>\n<p>Zur Finanzierung einer Photovoltaikanlage und Nutzung einer KfW-F\u00f6rderung wird von der SWK Bank ein Solarkredit angeboten. Mit der Kredittilgung kann bis zu 3 Jahre gewartet werden. Die monatliche Belastung von festen und gleichbleibenden Raten ist dadurch gut planbar. Auf dem KfW-F\u00f6rderprogramm Standard 270 basiert der Solarkredit, dabei wird von der SWK Bank nur vermittelt. Der Kredit bietet g\u00fcnstige Zinsen und lange Zinsbindung. Das Kreditvolumen erlaubt zur Solarenergiegewinnung eine Finanzierung kleiner Anlagen und gr\u00f6\u00dfere Projekte. Es wird ein Kredit zur Installation einer Photovoltaikanlage nach dem Standardprogramm 270 und f\u00fcr den Wiederaufbau angeboten.<\/p>\n<p>Die Laufzeiten betragen beim Solarkredit 5, 10, 15 und 20 Jahre. Die Zinsbindung verl\u00e4uft parallel zur Darlehenslaufzeit. Andere Zinsbindungsdauer und Laufzeiten sind ausgeschlossen. Der Solarkredit bietet optional eine tilgungsfreie Anlaufzeit. Bei f\u00fcnfj\u00e4hriger Zinsbindung betr\u00e4gt dies ein Jahr, bei zehnj\u00e4hriger Bindung zwei Jahre, dar\u00fcber drei Jahre. Der Solarkredit kann von 5.000 Euro bis zu 100.000 Euro beantragt werden. Also f\u00fcr kleine und gr\u00f6\u00dfere Anlagen.<strong><br \/>\n<\/strong><\/p>\n<p>F\u00fcr Umschuldungen ist das Darlehen nicht zu nutzen, denn der Anlagebauer erh\u00e4lt direkt die Kreditsumme und somit ist die Zweckbindung untermauert. Die Konditionen der KfW beinhalten subventionierte Darlehen und unterst\u00fctzen bestimmte F\u00f6rderzwecke, zum Beispiel Solarenergie oder barrierefreies Wohnen. Da der Kredit eigentlich als <a href=\"http:\/\/www.crcg.de\/kreditvergleich\/baufinanzierung\/\">Baufinanzierung<\/a> agiert, wird bei der SWK Bank und KfW auf eine grundbuchrechtliche Absicherung verzichtet. Bearbeitungsgeb\u00fchren entstehen nicht. Nach Zusage des Darlehens berechnet die KfW Zinsen zur Bereitstellung monatlich 0,5 Prozent ab dem 31. Tag. Der Kredit kann innerhalb von 12 Monaten abgerufen werden.<\/p>\n<p>Es erfolgt eine unverz\u00fcgliche Darlehenszusage, sobald vom Antragsteller jegliche Kriterien erf\u00fcllt sind. Selbstst\u00e4ndige k\u00f6nnen dieses Darlehen leider nicht beantragen, selbst wenn eine Rechnung eines Unternehmens bereits vorliegt. Ohne Begr\u00fcndung wird dies auf der entsprechenden Seite durch ein Ausschlussverfahren herausgefiltert.<\/p>\n<h2>Policen-Darlehen<\/h2>\n<p>Die SWK Bank bietet ebenso Policen Darlehen an. Bei diesem Darlehen wird ebenfalls auf schnelle und unkomplizierte Abwicklung gesetzt, inklusive Onlinekreditantrag und Video-Ident. Gew\u00e4hrleistet sind kostenlose Sondertilgungen und Flexibilit\u00e4t bei der R\u00fcckzahlung.<\/p>\n<h2>Ratenkredit<\/h2>\n<p>Die SWK Bank vergibt seit 55 Jahren Ratenkredite. Profitiert wird von der schnellen Kreditentscheidung und kostenloser Beratung. Weiterhin von g\u00fcnstigen, festen Zinss\u00e4tzen f\u00fcr die gesamte Vertragslaufzeit. Kunden werden fast ausschlie\u00dflich online betreut, gew\u00e4hrleistet dadurch g\u00fcnstige Zinsen und die Auszahlung erfolgt recht schnell. Der Darlehensantrag kann allerdings online nicht komplett abgewickelt werden. Der Datenschutz ist durch den T\u00dcV gepr\u00fcft und daher sichergestellt. Au\u00dferdem ist das Widerrufsrecht verl\u00e4ngert und kostenlose Sondertilgungen sind m\u00f6glich.<\/p>\n<p>Bei der SWK Bank stehen bereits Darlehen ab 2.500 Euro zur Verf\u00fcgung. Gro\u00dfe Finanzierungsvorhaben sind allerdings nicht m\u00f6glich. Die maximale Darlehenssumme bel\u00e4uft sich auf 50.000 Euro. Die Abstufung erfolgt in 500 Euro Schritten. Der zu beantragende minimale Betrag von 2.500 Euro kann bei einem finanziellen Engpass zur \u00dcberbr\u00fcckung genutzt werden.<\/p>\n<p>Bei den Laufzeiten ist zwischen 24 und 84 Monaten frei zu w\u00e4hlen. Die zweij\u00e4hrige Mindestlaufzeit entpuppt sich bei kleineren Kreditbetr\u00e4gen etwas negativ, denn dieser Kleinkredit ist sicherlich vom Darlehensnehmer schneller zur\u00fcckgef\u00fchrt. Die Zeitintervalle belaufen sich auf jeweils 12 Monate, eine bessere M\u00f6glichkeit zur R\u00fcckzahlung ist damit nicht m\u00f6glich. Bei bestehenden Verpflichtungen k\u00f6nnen die Darlehen der SWK Bank zur B\u00fcndelung und Umschuldung genutzt werden.<\/p>\n<p>Innerhalb einer halben Minute erfolgt die Darlehenszusage. Nachdem alle Unterlagen komplett vorgelegt wurden, ergibt sich dennoch keine konkrete Aussage zum Zeitpunkt der Auszahlung. Die SWK erhebt nach den gesetzlichen Vorgaben zudem keine Bearbeitungsgeb\u00fchr f\u00fcr Kredite.<\/p>\n","protected":false},"excerpt":{"rendered":"<p>Die S\u00fcd-West-Kreditbank \u2013 die SWK-Bank \u2013 ist seit dem Jahr 1959 in Deutschland vertreten und hat das Bankgesch\u00e4ft f\u00fcr Privatkunden entscheidend mit gepr\u00e4gt. Zur damaligen Zeit war es wohl noch nicht so gel\u00e4ufig wie heute, einen Verbraucherkredit in Anspruch zu nehmen. Auch wenn der damalige Wirtschaftsaufschwung in vollem Gange war, gab es W\u00fcnsche und Tr\u00e4ume, [&hellip;]<\/p>\n","protected":false},"author":2,"featured_media":0,"parent":0,"menu_order":0,"comment_status":"open","ping_status":"closed","template":"","meta":{"footnotes":""},"class_list":["post-67","page","type-page","status-publish","hentry"],"yoast_head":"<!-- This site is optimized with the Yoast SEO plugin v26.8 - https:\/\/yoast.com\/product\/yoast-seo-wordpress\/ -->\n<title>SWK-Bank Kredit: G\u00fcnstige Kreditzinsen, Stand: April 2026<\/title>\n<meta name=\"description\" content=\"lll\u27a4 SWK-Bank Kredit 2026 auf STERN.de \u2b50 G\u00fcnstige Kredite bei der SWK-Bank mit schneller Auszahlung &amp; Niedrig-Zins sichern! \u2705 Jetzt beantragen!\" \/>\n<meta name=\"robots\" content=\"index, follow, max-snippet:-1, max-image-preview:large, max-video-preview:-1\" \/>\n<link rel=\"canonical\" href=\"https:\/\/www.stern.de\/vergleich\/kredit\/swk-bank\/\" \/>\n<meta property=\"og:locale\" content=\"de_DE\" \/>\n<meta property=\"og:type\" content=\"article\" \/>\n<meta property=\"og:title\" content=\"SWK-Bank Kredit: G\u00fcnstige Kreditzinsen, Stand: April 2026\" \/>\n<meta property=\"og:description\" content=\"lll\u27a4 SWK-Bank Kredit 2026 auf STERN.de \u2b50 G\u00fcnstige Kredite bei der SWK-Bank mit schneller Auszahlung &amp; Niedrig-Zins sichern! \u2705 Jetzt beantragen!\" \/>\n<meta property=\"og:url\" content=\"https:\/\/www.stern.de\/vergleich\/kredit\/swk-bank\/\" \/>\n<meta property=\"og:site_name\" content=\"Kreditvergleich gratis\" \/>\n<meta property=\"article:modified_time\" content=\"2018-08-20T08:20:23+00:00\" \/>\n<meta name=\"twitter:card\" content=\"summary_large_image\" \/>\n<meta name=\"twitter:label1\" content=\"Gesch\u00e4tzte Lesezeit\" \/>\n\t<meta name=\"twitter:data1\" content=\"8\u00a0Minuten\" \/>\n<script type=\"application\/ld+json\" class=\"yoast-schema-graph\">{\"@context\":\"https:\/\/schema.org\",\"@graph\":[{\"@type\":\"WebPage\",\"@id\":\"http:\/\/www.crcg.de\/kreditvergleich\/swk-bank\/\",\"url\":\"https:\/\/www.stern.de\/vergleich\/kredit\/swk-bank\/\",\"name\":\"SWK-Bank Kredit: G\u00fcnstige Kreditzinsen, Stand: April 2026\",\"isPartOf\":{\"@id\":\"http:\/\/www.crcg.de\/kreditvergleich\/#website\"},\"datePublished\":\"2013-06-25T09:52:30+00:00\",\"dateModified\":\"2018-08-20T08:20:23+00:00\",\"description\":\"lll\u27a4 SWK-Bank Kredit 2026 auf STERN.de \u2b50 G\u00fcnstige Kredite bei der SWK-Bank mit schneller Auszahlung & Niedrig-Zins sichern! \u2705 Jetzt beantragen!\",\"breadcrumb\":{\"@id\":\"https:\/\/www.stern.de\/vergleich\/kredit\/swk-bank\/#breadcrumb\"},\"inLanguage\":\"de\",\"potentialAction\":[{\"@type\":\"ReadAction\",\"target\":[\"https:\/\/www.stern.de\/vergleich\/kredit\/swk-bank\/\"]}]},{\"@type\":\"BreadcrumbList\",\"@id\":\"https:\/\/www.stern.de\/vergleich\/kredit\/swk-bank\/#breadcrumb\",\"itemListElement\":[{\"@type\":\"ListItem\",\"position\":1,\"name\":\"Startseite\",\"item\":\"http:\/\/www.crcg.de\/kreditvergleich\/\"},{\"@type\":\"ListItem\",\"position\":2,\"name\":\"SWK-Bank \u2013 Partner f\u00fcr Geldanlagen und Kredite\"}]},{\"@type\":\"WebSite\",\"@id\":\"http:\/\/www.crcg.de\/kreditvergleich\/#website\",\"url\":\"http:\/\/www.crcg.de\/kreditvergleich\/\",\"name\":\"Kreditvergleich gratis\",\"description\":\"Gratis Kreditvergleich f\u00fcr Jedermann\",\"potentialAction\":[{\"@type\":\"SearchAction\",\"target\":{\"@type\":\"EntryPoint\",\"urlTemplate\":\"http:\/\/www.crcg.de\/kreditvergleich\/?s={search_term_string}\"},\"query-input\":{\"@type\":\"PropertyValueSpecification\",\"valueRequired\":true,\"valueName\":\"search_term_string\"}}],\"inLanguage\":\"de\"}]}<\/script>\n<!-- \/ Yoast SEO plugin. -->","yoast_head_json":{"title":"SWK-Bank Kredit: G\u00fcnstige Kreditzinsen, Stand: April 2026","description":"lll\u27a4 SWK-Bank Kredit 2026 auf STERN.de \u2b50 G\u00fcnstige Kredite bei der SWK-Bank mit schneller Auszahlung & Niedrig-Zins sichern! \u2705 Jetzt beantragen!","robots":{"index":"index","follow":"follow","max-snippet":"max-snippet:-1","max-image-preview":"max-image-preview:large","max-video-preview":"max-video-preview:-1"},"canonical":"https:\/\/www.stern.de\/vergleich\/kredit\/swk-bank\/","og_locale":"de_DE","og_type":"article","og_title":"SWK-Bank Kredit: G\u00fcnstige Kreditzinsen, Stand: April 2026","og_description":"lll\u27a4 SWK-Bank Kredit 2026 auf STERN.de \u2b50 G\u00fcnstige Kredite bei der SWK-Bank mit schneller Auszahlung & Niedrig-Zins sichern! \u2705 Jetzt beantragen!","og_url":"https:\/\/www.stern.de\/vergleich\/kredit\/swk-bank\/","og_site_name":"Kreditvergleich gratis","article_modified_time":"2018-08-20T08:20:23+00:00","twitter_card":"summary_large_image","twitter_misc":{"Gesch\u00e4tzte Lesezeit":"8\u00a0Minuten"},"schema":{"@context":"https:\/\/schema.org","@graph":[{"@type":"WebPage","@id":"http:\/\/www.crcg.de\/kreditvergleich\/swk-bank\/","url":"https:\/\/www.stern.de\/vergleich\/kredit\/swk-bank\/","name":"SWK-Bank Kredit: G\u00fcnstige Kreditzinsen, Stand: April 2026","isPartOf":{"@id":"http:\/\/www.crcg.de\/kreditvergleich\/#website"},"datePublished":"2013-06-25T09:52:30+00:00","dateModified":"2018-08-20T08:20:23+00:00","description":"lll\u27a4 SWK-Bank Kredit 2026 auf STERN.de \u2b50 G\u00fcnstige Kredite bei der SWK-Bank mit schneller Auszahlung & Niedrig-Zins sichern! \u2705 Jetzt beantragen!","breadcrumb":{"@id":"https:\/\/www.stern.de\/vergleich\/kredit\/swk-bank\/#breadcrumb"},"inLanguage":"de","potentialAction":[{"@type":"ReadAction","target":["https:\/\/www.stern.de\/vergleich\/kredit\/swk-bank\/"]}]},{"@type":"BreadcrumbList","@id":"https:\/\/www.stern.de\/vergleich\/kredit\/swk-bank\/#breadcrumb","itemListElement":[{"@type":"ListItem","position":1,"name":"Startseite","item":"http:\/\/www.crcg.de\/kreditvergleich\/"},{"@type":"ListItem","position":2,"name":"SWK-Bank \u2013 Partner f\u00fcr Geldanlagen und Kredite"}]},{"@type":"WebSite","@id":"http:\/\/www.crcg.de\/kreditvergleich\/#website","url":"http:\/\/www.crcg.de\/kreditvergleich\/","name":"Kreditvergleich gratis","description":"Gratis Kreditvergleich f\u00fcr Jedermann","potentialAction":[{"@type":"SearchAction","target":{"@type":"EntryPoint","urlTemplate":"http:\/\/www.crcg.de\/kreditvergleich\/?s={search_term_string}"},"query-input":{"@type":"PropertyValueSpecification","valueRequired":true,"valueName":"search_term_string"}}],"inLanguage":"de"}]}},"_links":{"self":[{"href":"http:\/\/www.crcg.de\/kreditvergleich\/wp-json\/wp\/v2\/pages\/67","targetHints":{"allow":["GET"]}}],"collection":[{"href":"http:\/\/www.crcg.de\/kreditvergleich\/wp-json\/wp\/v2\/pages"}],"about":[{"href":"http:\/\/www.crcg.de\/kreditvergleich\/wp-json\/wp\/v2\/types\/page"}],"author":[{"embeddable":true,"href":"http:\/\/www.crcg.de\/kreditvergleich\/wp-json\/wp\/v2\/users\/2"}],"replies":[{"embeddable":true,"href":"http:\/\/www.crcg.de\/kreditvergleich\/wp-json\/wp\/v2\/comments?post=67"}],"version-history":[{"count":8,"href":"http:\/\/www.crcg.de\/kreditvergleich\/wp-json\/wp\/v2\/pages\/67\/revisions"}],"predecessor-version":[{"id":1060,"href":"http:\/\/www.crcg.de\/kreditvergleich\/wp-json\/wp\/v2\/pages\/67\/revisions\/1060"}],"wp:attachment":[{"href":"http:\/\/www.crcg.de\/kreditvergleich\/wp-json\/wp\/v2\/media?parent=67"}],"curies":[{"name":"wp","href":"https:\/\/api.w.org\/{rel}","templated":true}]}}