{"id":110,"date":"2013-06-28T10:17:37","date_gmt":"2013-06-28T09:17:37","guid":{"rendered":"http:\/\/www.kreditvergleich-gratis.de\/?page_id=110"},"modified":"2018-08-20T09:28:49","modified_gmt":"2018-08-20T08:28:49","slug":"ing-diba","status":"publish","type":"page","link":"http:\/\/www.crcg.de\/kreditvergleich\/ing-diba\/","title":{"rendered":"ING-DiBa \u2013 Die Bank und Du"},"content":{"rendered":"<p>Mit mehr als 7,8 Millionen Kunden geh\u00f6rt die ING-DiBa Privatkundenbank zu den drei gr\u00f6\u00dften Privatbanken in Deutschland. Diese Bank bietet als Kerngesch\u00e4ft die Bereiche Sparanlagen, <a href=\"http:\/\/www.crcg.de\/kreditvergleich\/baufinanzierung\/\">Baufinanzierungen<\/a>, Wertpapiere, Kredite und Girokonten f\u00fcr Privatkunden an. Das Gesch\u00e4ftskonzept der ING-DiBa st\u00fctzt sich auf wenige, aber gute Produkte. Die Bilanzsumme l\u00e4sst seit 2009 einen stetigen Anstieg erkennen, die ING-DiBa wurde vom Wirtschaftsmagazin <i>Euro<\/i> zur beliebtesten Bank Deutschlands 2013 gek\u00fcrt. Das beliebteste Produkt ist neben der Kreditkarte mit Girokonto der <strong>ING-DiBa <a href=\"http:\/\/www.crcg.de\/kreditvergleich\/\">Kredit<\/a><\/strong>.<\/p>\n<p>Beantragen Sie jetzt direkt hier Ihren pers\u00f6nlichen ING-DiBa Wunschkredit:<\/p>\n<p><script src=\"https:\/\/embed.finanzcheck.de\/embed\/iframe.js?configuration=W33AaszzaVML&#038;amount=12000&#038;term=84&#038;productId=49&#038;subId=ingdiba\"><span style=\"display: inline-block; width: 0px; overflow: hidden; line-height: 0;\" data-mce-type=\"bookmark\" class=\"mce_SELRES_start\">\ufeff<\/span><\/script><\/p>\n<h2>G\u00fcnstige ING-DiBa Kredite<\/h2>\n<p>Bestandskunden und nat\u00fcrlich auch die, die es durch einen Kredit werden, k\u00f6nnen bei der ING-DiBa auf g\u00fcnstige Angebote hoffen. Der Rahmenkredit, der angeboten wird um stets eine Geldreserve verf\u00fcgbar zu haben, ist nur ein Beispiel daf\u00fcr. Auch <a href=\"http:\/\/www.crcg.de\/kreditvergleich\/ratenkredit\/\">der normale Ratenkredit<\/a>, wie er zu unz\u00e4hligen Verbrauchszwecken ben\u00f6tigt wird, kann bei der Bank beantragt werden. Der <a href=\"http:\/\/www.crcg.de\/kreditvergleich\/\">Weg \u00fcber einen Kreditvergleich wird zeigen<\/a>, dass die Kreditangebote der ING-DiBa sehr g\u00fcnstig sind. F\u00fcr Ratenkredite gibt es aktuell richtig gute Konditionen. Aber auch wenn ein <a href=\"http:\/\/www.crcg.de\/kreditvergleich\/autokredit\/\">Autokredit<\/a> oder ein Wohnkredit f\u00fcr die Renovierung der Wohnung gew\u00fcnscht wird, ist diese Bank der richtige Ansprechpartner. Wer hingegen beabsichtigt, eine Geldanlage vorzunehmen, ist bei der ING-DiBa ebenso an der richtigen Stelle. Sparen ist zum Beispiel mit einem Tagesgeldkonto m\u00f6glich, alternativ durch die Anlage von Festgeld oder Sparbriefen mit guter Verzinsung. Auch VL-Sparen oder Sparen f\u00fcr den Nachwuchs ist m\u00f6glich. Die \u00fcbersichtlich gegliederte Webseite der ING-DiBa bietet alle Informationen, die ben\u00f6tigt werden, um sich von dem guten Angebot \u00fcberzeugen zu lassen.<\/p>\n<h3>ING-DiBa Ratenkredit<\/h3>\n<p>Der ING-DiBa Kredit ist zur freien Verwendung bestimmt. Summen von 5.000\u20ac bis 50.000\u20ac sind m\u00f6glich. Die R\u00fcckzahlungen werden zu einer festen monatlichen Rate zu Beginn der Laufzeit vereinbart. Die Laufzeiten kann sich von 12 Monaten bis zu 84 Monaten erstrecken. Egal ob f\u00fcr den Urlaub, f\u00fcr kleinere oder auch gr\u00f6\u00dfere Anschaffungen, der <a href=\"http:\/\/www.crcg.de\/kreditvergleich\/ratenkredit\/\">Ratenkredit<\/a> ist die flexible L\u00f6sung.<\/p>\n<h3>INGDiBa Autokredit<\/h3>\n<p>Der Autokredit ist \u00e4hnlich dem Ratenkredit, allerdings nur f\u00fcr die Anschaffung eines Autos (egal ob Neu- oder Gebrauchtwagen) bestimmt. Daf\u00fcr liegen die Zinsen niedriger. Die m\u00f6glichen Laufzeiten liegen bei 24 bis 84 Monaten und die m\u00f6glichen Kreditsummen liegen bei 5.000\u20ac bis 50.000\u20ac.<\/p>\n<h3>ING-DiBa Rahmenkredit<\/h3>\n<p>Der Rahmenkredit bietet Ihnen einen finanziellen Puffer, bzw. eine Geldreserve. Er eignet sich perfekt f\u00fcr geplante und ungeplante Ausgaben. Es bestehen keine festen Laufzeiten und auch keine monatlichen Raten. Daf\u00fcr liegt der Zinssatz h\u00f6her als bei den anderen Kreditarten. Die Laufzeit ist unbegrenzt und eine Tilgung ist jederzeit in einer beliebigen H\u00f6he m\u00f6glich. M\u00f6gliche Kreditsummen liegen zwischen 2.500\u20ac und 25.000\u20ac.<\/p>\n<h3>ING-DiBa Wohnkredit<\/h3>\n<p>Der Wohnkredit eignet sich hervorragend f\u00fcr die Renovierung oder Modernisierung der eigenen vier W\u00e4nde. Egal ob Haus oder Wohnung, beim Wohnkredit stehen Summen von 5.000\u20ac bis 50.000\u20ac zur Verf\u00fcgung bei Laufzeiten von 24 bis 84 Monate. Die Tilgungsraten werden vorher fest vereinbart.<\/p>\n<h2>Das kostenlose Girokonto bei der ING-DiBa<\/h2>\n<p>Die meisten Bankkunden sind an einem privaten Girokonto und an einem der verschiedenen Kreditm\u00f6glichkeiten interessiert, wenn sie nach einer neuen Bank suchen. In diesen Bereichen kann die ING-DiBa \u00fcberzeugen, denn sie bietet ein kostenloses Girokonto an, das sogar eine Auszeichnung von der Stiftung Warentest bekommen hat. Die Kontoinhaber k\u00f6nnen 90% der Geldautomaten in Deutschland nutzen, um kostenlos Bargeld von ihrem Konto abheben zu k\u00f6nnen. Im Gegensatz zu fr\u00fcheren Zeiten, wo man sich beeilen musste, um noch an den Bankschalter der Filiale zu kommen, bieten die Banken heute \u2013 darunter auch die ING-DiBa \u2013 einen rund und die Uhr Service an. \u00dcber das Internet und den dort eingerichteten Zugang zum Onlinekonto bei der ING-DiBa k\u00f6nnen die Kunden sich zu jeder Zeit einloggen und ihre Geldgesch\u00e4fte vornehmen.<\/p>\n<p>Wenn etwas einmal nicht so richtig klappen sollte, steht ein Kundenservice zur Verf\u00fcgung. Dieser kann telefonisch wochentags bis 22 Uhr und am Samstag bis 18 Uhr erreicht werden. Auch \u00fcber Email und Kontaktformular ist die Bank erreichbar und k\u00fcmmert sich um die Belange der Kunden. Wenn eine Sperrung der VISA Card, der girocard oder des Onlinezugangs notwendig wird, gibt es Rufnummern zu einem Notfallservice. Diese Rufnummern sollte sich jeder Bankkunde der ING-DiBa in seinem Handy abspeichern und auch auf einem Zettel in der Geldb\u00f6rse dabei haben. Zum Service der Bank geh\u00f6rt auch ein R\u00fcckruf-Service, das Verschicken von Informationen per Post und die Hilfe bei der Geldautomatensuche.<\/p>\n<h2>ING-DiBa Baufinanzierung<\/h2>\n<p>Von der ING-DiBa <a href=\"http:\/\/www.crcg.de\/kreditvergleich\/baufinanzierung\/\">Baufinanzierung<\/a> werden solide Eckdaten geboten, das bedeutet, keine au\u00dfergew\u00f6hnlichen Highlights oder negative Merkmale. Mit einer Zinsbindung mit nur 15 Jahren Laufzeit ist diese Bank empfehlenswert. Attraktive Rabattaktionen lassen Zinsen h\u00e4ufig niedriger ausfallen, als in der Tabelle angegeben.<\/p>\n<p>Mit dem Einstieg von 50.000 Euro als Darlehensbetrag werden Ma\u00dfnahmen zur Sanierung mit Baufinanzierungskonditionen erm\u00f6glicht. Dem gegen\u00fcber kann f\u00fcr gr\u00f6\u00dfere Vorhaben eine maximale Darlehensh\u00f6he bis zu 9.999.999 Euro beantragt werden. Die l\u00e4ngste m\u00f6gliche Zinsbindung von 15 Jahren ist gegen\u00fcber anderen Mitbewerbern mit doppelter Zeitspanne und Zinssicherheit allerdings etwas negativ.<\/p>\n<p>Der Beleihungsauslauf kann mit bis zu 85 Prozent einhergehen. Im Einzelfall k\u00f6nnen 100 Prozent finanziert werden. Umschuldungen sind jederzeit m\u00f6glich. Auf die ING-DiBa sollte erst zur\u00fcckgegriffen werden, sobald die Zinsbindung einer bestehenden <a href=\"http:\/\/www.crcg.de\/kreditvergleich\/immobilienkredit\/\">Immobilienfinanzierung<\/a> beendet ist, ansonsten ist eine Vorf\u00e4lligkeitsentsch\u00e4digung f\u00e4llig. Ist das laufende Darlehen \u00fcber 10 Jahre festgelegt, kommt dies allerdings nicht zum Tragen, wenn die K\u00fcndigung zum Ende des 10. Jahres geschieht, dabei sollte die K\u00fcndigungsfrist sechs Monate betragen. Mit Tilgungsanpassung und m\u00f6gliche Sondertilgungen ist die Laufzeit stufenlos planbar.<\/p>\n<p>Die Bearbeitung bel\u00e4uft sich auf nur wenige Tage und eine Bearbeitungsgeb\u00fchr wird nicht in Rechnung gestellt. M\u00f6gliche Taxkosten k\u00f6nnen f\u00fcr Aufwendungen entstehen. Nach sechs Monaten fallen Bereitstellungszinsen an.<\/p>\n<h2>Wohnkredit<\/h2>\n<p>Der Wohnkredit enth\u00e4lt wenige Abstriche. Die Zinsen stimmen und es werden fast alle Anspr\u00fcche erf\u00fcllt. Der Antrag ist \u00fcbersichtlich, einfach auszuf\u00fcllen und der Kredit wird unverz\u00fcglich ausgezahlt. Der Wohnkredit bietet sich f\u00fcr ein breites Publikum an. Der Zinssatz setzt Akzente und die Monatsraten bewegen sich w\u00e4hlbar zwischen 24 und 84 Raten und das monatsgenau. Der Nettodarlehensbetrag f\u00e4ngt bei mindestens 5.000 Euro an und geht bis maximal 50.000 Euro. Die Kreditsumme kann frei gew\u00e4hlt werden.<\/p>\n<p>Eine klassische <a href=\"http:\/\/www.crcg.de\/kreditvergleich\/umschuldungskredit\/\">Umschuldung<\/a> ist nur m\u00f6glich, wenn bei einer anderen Bank der Kredit als Wohnkredit l\u00e4uft. Denn von der ING-DiBa werden Wohndarlehen zweckgebunden f\u00fcr Sanierungen und Renovierungen vergeben. Aufgrund der g\u00fcltigen Rechtsprechung f\u00e4llt eine Kreditabschlussgeb\u00fchr nicht an. Nach Eingang und \u00dcberpr\u00fcfung notwendiger Unterlagen erfolgt eine schnelle Auszahlung. Voraussetzung: Der Darlehen-Antragsteller besitzt die Immobilie. Eine grundpfandrechtliche Besicherung f\u00e4llt nicht an.<\/p>\n<p>Freiberufler k\u00f6nnen den ING-DiBa Wohnkredit ebenfalls ohne besondere Sicherheiten beantragen. Die letzten beiden Steuerbescheide sollten allerdings stabile Eink\u00fcnfte belegen. Durch die Zweckbindung fallen f\u00fcr den Wohnkredit viel niedrigere Zinsen an, als mit freiem Verwendungszweck. Den Zeitpunkt der Darlehensauszahlung kann der Kreditnehmer frei entscheiden. Nach Kreditzusage bel\u00e4uft die Frist bis 3 Monate.<\/p>\n","protected":false},"excerpt":{"rendered":"<p>Mit mehr als 7,8 Millionen Kunden geh\u00f6rt die ING-DiBa Privatkundenbank zu den drei gr\u00f6\u00dften Privatbanken in Deutschland. Diese Bank bietet als Kerngesch\u00e4ft die Bereiche Sparanlagen, Baufinanzierungen, Wertpapiere, Kredite und Girokonten f\u00fcr Privatkunden an. Das Gesch\u00e4ftskonzept der ING-DiBa st\u00fctzt sich auf wenige, aber gute Produkte. Die Bilanzsumme l\u00e4sst seit 2009 einen stetigen Anstieg erkennen, die ING-DiBa [&hellip;]<\/p>\n","protected":false},"author":2,"featured_media":0,"parent":0,"menu_order":0,"comment_status":"open","ping_status":"closed","template":"","meta":{"footnotes":""},"class_list":["post-110","page","type-page","status-publish","hentry"],"yoast_head":"<!-- This site is optimized with the Yoast SEO plugin v26.8 - https:\/\/yoast.com\/product\/yoast-seo-wordpress\/ -->\n<title>ING-DiBa Kredit: G\u00fcnstige Kreditzinsen, Stand: April 2026<\/title>\n<meta name=\"description\" content=\"ING-DiBa Kredit: G\u00fcnstige Kreditzinsen, Stand: April 2026\" \/>\n<meta name=\"robots\" content=\"index, follow, max-snippet:-1, max-image-preview:large, max-video-preview:-1\" \/>\n<link rel=\"canonical\" href=\"https:\/\/www.stern.de\/vergleich\/kredit\/ing-diba\/\" \/>\n<meta property=\"og:locale\" content=\"de_DE\" \/>\n<meta property=\"og:type\" content=\"article\" \/>\n<meta property=\"og:title\" content=\"ING-DiBa Kredit: G\u00fcnstige Kreditzinsen, Stand: April 2026\" \/>\n<meta property=\"og:description\" content=\"ING-DiBa Kredit: G\u00fcnstige Kreditzinsen, Stand: April 2026\" \/>\n<meta property=\"og:url\" content=\"https:\/\/www.stern.de\/vergleich\/kredit\/ing-diba\/\" \/>\n<meta property=\"og:site_name\" content=\"Kreditvergleich gratis\" \/>\n<meta property=\"article:modified_time\" content=\"2018-08-20T08:28:49+00:00\" \/>\n<meta name=\"twitter:card\" content=\"summary_large_image\" \/>\n<meta name=\"twitter:label1\" content=\"Gesch\u00e4tzte Lesezeit\" \/>\n\t<meta name=\"twitter:data1\" content=\"6\u00a0Minuten\" \/>\n<script type=\"application\/ld+json\" class=\"yoast-schema-graph\">{\"@context\":\"https:\/\/schema.org\",\"@graph\":[{\"@type\":\"WebPage\",\"@id\":\"http:\/\/www.crcg.de\/kreditvergleich\/ing-diba\/\",\"url\":\"https:\/\/www.stern.de\/vergleich\/kredit\/ing-diba\/\",\"name\":\"ING-DiBa Kredit: G\u00fcnstige Kreditzinsen, Stand: April 2026\",\"isPartOf\":{\"@id\":\"http:\/\/www.crcg.de\/kreditvergleich\/#website\"},\"datePublished\":\"2013-06-28T09:17:37+00:00\",\"dateModified\":\"2018-08-20T08:28:49+00:00\",\"description\":\"ING-DiBa Kredit: G\u00fcnstige Kreditzinsen, Stand: April 2026\",\"breadcrumb\":{\"@id\":\"https:\/\/www.stern.de\/vergleich\/kredit\/ing-diba\/#breadcrumb\"},\"inLanguage\":\"de\",\"potentialAction\":[{\"@type\":\"ReadAction\",\"target\":[\"https:\/\/www.stern.de\/vergleich\/kredit\/ing-diba\/\"]}]},{\"@type\":\"BreadcrumbList\",\"@id\":\"https:\/\/www.stern.de\/vergleich\/kredit\/ing-diba\/#breadcrumb\",\"itemListElement\":[{\"@type\":\"ListItem\",\"position\":1,\"name\":\"Startseite\",\"item\":\"http:\/\/www.crcg.de\/kreditvergleich\/\"},{\"@type\":\"ListItem\",\"position\":2,\"name\":\"ING-DiBa \u2013 Die Bank und Du\"}]},{\"@type\":\"WebSite\",\"@id\":\"http:\/\/www.crcg.de\/kreditvergleich\/#website\",\"url\":\"http:\/\/www.crcg.de\/kreditvergleich\/\",\"name\":\"Kreditvergleich gratis\",\"description\":\"Gratis Kreditvergleich f\u00fcr Jedermann\",\"potentialAction\":[{\"@type\":\"SearchAction\",\"target\":{\"@type\":\"EntryPoint\",\"urlTemplate\":\"http:\/\/www.crcg.de\/kreditvergleich\/?s={search_term_string}\"},\"query-input\":{\"@type\":\"PropertyValueSpecification\",\"valueRequired\":true,\"valueName\":\"search_term_string\"}}],\"inLanguage\":\"de\"}]}<\/script>\n<!-- \/ Yoast SEO plugin. -->","yoast_head_json":{"title":"ING-DiBa Kredit: G\u00fcnstige Kreditzinsen, Stand: April 2026","description":"ING-DiBa Kredit: G\u00fcnstige Kreditzinsen, Stand: April 2026","robots":{"index":"index","follow":"follow","max-snippet":"max-snippet:-1","max-image-preview":"max-image-preview:large","max-video-preview":"max-video-preview:-1"},"canonical":"https:\/\/www.stern.de\/vergleich\/kredit\/ing-diba\/","og_locale":"de_DE","og_type":"article","og_title":"ING-DiBa Kredit: G\u00fcnstige Kreditzinsen, Stand: April 2026","og_description":"ING-DiBa Kredit: G\u00fcnstige Kreditzinsen, Stand: April 2026","og_url":"https:\/\/www.stern.de\/vergleich\/kredit\/ing-diba\/","og_site_name":"Kreditvergleich gratis","article_modified_time":"2018-08-20T08:28:49+00:00","twitter_card":"summary_large_image","twitter_misc":{"Gesch\u00e4tzte Lesezeit":"6\u00a0Minuten"},"schema":{"@context":"https:\/\/schema.org","@graph":[{"@type":"WebPage","@id":"http:\/\/www.crcg.de\/kreditvergleich\/ing-diba\/","url":"https:\/\/www.stern.de\/vergleich\/kredit\/ing-diba\/","name":"ING-DiBa Kredit: G\u00fcnstige Kreditzinsen, Stand: April 2026","isPartOf":{"@id":"http:\/\/www.crcg.de\/kreditvergleich\/#website"},"datePublished":"2013-06-28T09:17:37+00:00","dateModified":"2018-08-20T08:28:49+00:00","description":"ING-DiBa Kredit: G\u00fcnstige Kreditzinsen, Stand: April 2026","breadcrumb":{"@id":"https:\/\/www.stern.de\/vergleich\/kredit\/ing-diba\/#breadcrumb"},"inLanguage":"de","potentialAction":[{"@type":"ReadAction","target":["https:\/\/www.stern.de\/vergleich\/kredit\/ing-diba\/"]}]},{"@type":"BreadcrumbList","@id":"https:\/\/www.stern.de\/vergleich\/kredit\/ing-diba\/#breadcrumb","itemListElement":[{"@type":"ListItem","position":1,"name":"Startseite","item":"http:\/\/www.crcg.de\/kreditvergleich\/"},{"@type":"ListItem","position":2,"name":"ING-DiBa \u2013 Die Bank und Du"}]},{"@type":"WebSite","@id":"http:\/\/www.crcg.de\/kreditvergleich\/#website","url":"http:\/\/www.crcg.de\/kreditvergleich\/","name":"Kreditvergleich gratis","description":"Gratis Kreditvergleich f\u00fcr Jedermann","potentialAction":[{"@type":"SearchAction","target":{"@type":"EntryPoint","urlTemplate":"http:\/\/www.crcg.de\/kreditvergleich\/?s={search_term_string}"},"query-input":{"@type":"PropertyValueSpecification","valueRequired":true,"valueName":"search_term_string"}}],"inLanguage":"de"}]}},"_links":{"self":[{"href":"http:\/\/www.crcg.de\/kreditvergleich\/wp-json\/wp\/v2\/pages\/110","targetHints":{"allow":["GET"]}}],"collection":[{"href":"http:\/\/www.crcg.de\/kreditvergleich\/wp-json\/wp\/v2\/pages"}],"about":[{"href":"http:\/\/www.crcg.de\/kreditvergleich\/wp-json\/wp\/v2\/types\/page"}],"author":[{"embeddable":true,"href":"http:\/\/www.crcg.de\/kreditvergleich\/wp-json\/wp\/v2\/users\/2"}],"replies":[{"embeddable":true,"href":"http:\/\/www.crcg.de\/kreditvergleich\/wp-json\/wp\/v2\/comments?post=110"}],"version-history":[{"count":17,"href":"http:\/\/www.crcg.de\/kreditvergleich\/wp-json\/wp\/v2\/pages\/110\/revisions"}],"predecessor-version":[{"id":1065,"href":"http:\/\/www.crcg.de\/kreditvergleich\/wp-json\/wp\/v2\/pages\/110\/revisions\/1065"}],"wp:attachment":[{"href":"http:\/\/www.crcg.de\/kreditvergleich\/wp-json\/wp\/v2\/media?parent=110"}],"curies":[{"name":"wp","href":"https:\/\/api.w.org\/{rel}","templated":true}]}}