


{"id":4527,"date":"2016-06-13T07:31:43","date_gmt":"2016-06-13T06:31:43","guid":{"rendered":"http:\/\/www.kreditkartenvergleich.org\/?page_id=4527"},"modified":"2017-09-12T14:20:10","modified_gmt":"2017-09-12T13:20:10","slug":"die-besten-prepaid-kreditkarten-im-vergleich-today-formaty","status":"publish","type":"page","link":"http:\/\/www.crcg.de\/kreditkartenvergleich\/prepaid-kreditkarten\/","title":{"rendered":"Die besten Prepaid Kreditkarten im Vergleich [today format=Y]"},"content":{"rendered":"<p><iframe onload=\"fa_iframeresize.do(this);\" src=\"https:\/\/tools.financeads.net\/kreditkarterechner.php?tp=dif&#038;h=1&#038;wf=22327&#038;zahlungsart=4\" scrolling=\"no\" width=\"100%\" style=\"padding:0px;margin:0px;border-width:0px;\" frameborder=\"0\"><\/iframe><script type=\"text\/javascript\" src=\"http:\/\/www.crcg.de\/kreditkartenvergleich\/\/js.financeads.net\/iframeResizeMe.min.js.gz\"><\/script><\/p>\n<h3>Was ist eine Prepaid Kreditkarte?<\/h3>\n<p><img decoding=\"async\" class=\" wp-image-2255 alignright\" src=\"http:\/\/www.crcg.de\/kreditkartenvergleich\/wp-content\/uploads\/2010\/03\/prepaidkreditkarteselbstaendige-208x300.jpg\" alt=\"Prepaid Kreditkarte f\u00fcr Selbst\u00e4ndige\" width=\"172\" height=\"248\" srcset=\"http:\/\/www.crcg.de\/kreditkartenvergleich\/wp-content\/uploads\/2010\/03\/prepaidkreditkarteselbstaendige-208x300.jpg 208w, http:\/\/www.crcg.de\/kreditkartenvergleich\/wp-content\/uploads\/2010\/03\/prepaidkreditkarteselbstaendige.jpg 289w\" sizes=\"(max-width: 172px) 100vw, 172px\" \/>Diese Art der Kreditkarte ist<strong> eine aufladbare Kreditkarte.<\/strong> Mit dieser Kreditkarte k\u00f6nnen Sie nur das ausgeben, was Sie vorher eingezahlt haben. Es wird somit auch kein Kredit gew\u00e4hrt, beziehungsweise keine Kreditrahmen einger\u00e4umt. Mit dieser aufladbaren Kreditkarte haben Sie stets die <span style=\"text-decoration: underline;\">volle Kostenkontrolle und Ihre Finanzen<\/span> im Blick. So gibt es auch kein versehentliches \u00dcberziehen mehr.<\/p>\n<h3>Was ist mit dieser Karte m\u00f6glich?<\/h3>\n<p>Mit dieser Kreditkarte haben Sie <strong>fast die gleichen M\u00f6glichkeiten, wie mit der klassischen Kreditkarte<\/strong>. Wenn Sie Geld aufgeladen haben, k\u00f6nnen Sie mit dieser Karte im Internet shoppen, Hotels oder Fl\u00fcge buchen, oder im Auslandsurlaub bezahlen und Geld abheben.<br \/>\nAchten Sie allerdings darauf, das es Dienstleister gibt, die keine aufladbare Kreditkarte akzeptieren. Wenn Sie also etwas buchen wollen, fragen Sie im Zweifelsfall vorher nach.<\/p>\n<h3>F\u00fcr wen ist diese Kreditkarte geeignet?<\/h3>\n<p>Diese Karte ist gut geeignet f\u00fcr Jugendliche, Menschen die gerne die Kontrolle \u00fcber Ihre Ausgaben behalten wollen und f\u00fcr Personen, die keine regul\u00e4re Kreditkarte bekommen k\u00f6nnen. Das ist meist der Fall, wenn eine <span style=\"text-decoration: underline;\">negative Bonit\u00e4tspr\u00fcfung von Seiten der Schufa<\/span> vorliegt. Sie ist aber auch <strong>f\u00fcr alle Freiberufler<\/strong> geeignet, die \u00fcber kein regelm\u00e4\u00dfiges Einkommen verf\u00fcgen. Hier gibt es oft von Seiten des Kreditinstituts Schwierigkeiten, wenn eine klassische Kreditkarte beantragt wird.<\/p>\n<h3>Was sind die Kosten dieser Prepaid Karte?<\/h3>\n<p><img decoding=\"async\" class=\" wp-image-930 alignleft\" src=\"http:\/\/www.crcg.de\/kreditkartenvergleich\/wp-content\/uploads\/2010\/01\/prepaid-kreditkarte-300x200.jpg\" alt=\"Prepaid Kreditkarte mit Vorauszahlung\" width=\"215\" height=\"143\" srcset=\"http:\/\/www.crcg.de\/kreditkartenvergleich\/wp-content\/uploads\/2010\/01\/prepaid-kreditkarte-300x200.jpg 300w, http:\/\/www.crcg.de\/kreditkartenvergleich\/wp-content\/uploads\/2010\/01\/prepaid-kreditkarte.jpg 423w\" sizes=\"(max-width: 215px) 100vw, 215px\" \/>Die Kosten f\u00fcr diese Kreditkarte sind meist h\u00f6her, wie bei der klassischen Karte. So wird bei den meisten Anbietern hier eine Jahresgeb\u00fchr f\u00e4llig, wo es die herk\u00f6mmliche Karte oft umsonst gibt. Zus\u00e4tzlich gibt es bei der Prepaid Version <strong>einige Einschr\u00e4nkungen<\/strong>. So ist hier oft die pro Tag verf\u00fcgbare Summe auf wenige 100 Euro begrenzt. Oder es fallen zus\u00e4tzliche Geb\u00fchren an, wenn eine bestimmte Anzahl an Abbuchungen pro Monat \u00fcberschritten wurde.<br \/>\nBei einigen Anbietern gibt es zus\u00e4tzliche Extra-Kosten. So werden beispielsweise Geb\u00fchren f\u00e4llig, wenn Sie am Geldautomaten im In- oder Ausland Geld abheben, wenn Sie mit einer Fremdw\u00e4hrung bezahlen oder wenn Sie Ihre Karte verloren haben und eine neue Karte ben\u00f6tigen. Auch f\u00fcr die Sperrung der Karte wird oft <span style=\"text-decoration: underline;\">eine hohe Geb\u00fchr f\u00e4llig<\/span>, w\u00e4hrend das bei der herk\u00f6mmlichen Karte meist eine sehr moderate Geb\u00fchr ist.<\/p>\n<h3>Vorteile<\/h3>\n<ul>\n<li>Sie bekommen sie, auch wenn Sie negative Schufa-Eintr\u00e4ge haben und keine herk\u00f6mmliche<br \/>\nKreditkarte erhalten<\/li>\n<li>Die Karte ist auch f\u00fcr Jugendliche geeignet<\/li>\n<li>Es ist keine Bonit\u00e4tspr\u00fcfung durch die Schufa n\u00f6tig<\/li>\n<li>Sie k\u00f6nnen mit dieser Karte genau so bezahlen, wie mit der klassischen Kreditkarte<\/li>\n<li>Hiermit haben Sie die volle Kostenkontrolle, da nur das ausgegeben werden kann, was<br \/>\nvorher eingezahlt wurde<\/li>\n<li>Sie haben keinen Kreditrahmen<\/li>\n<li>Mit dieser Karte gibt es kein versehentliches \u00fcberziehen<\/li>\n<\/ul>\n<h3>Nachteile<\/h3>\n<ul>\n<li>Sie haben mit der Karte h\u00f6here Geb\u00fchren wie mit der klassischen Karte<\/li>\n<li>Bei den meisten Anbietern wird eine Jahresgeb\u00fchr f\u00e4llig<\/li>\n<li>Nicht jedes Hotel oder Mietwagen Unternehmen akzeptieren Prepaid Karten<\/li>\n<li>Manches Finanzinstitut verlangt f\u00fcr die Ausgabe einer Prepaid Karte eine sogenannte<br \/>\nAusgabe Geb\u00fchr<\/li>\n<\/ul>\n<p><strong>Fazit:<\/strong> Diese Kreditkarte ist haupts\u00e4chlich f\u00fcr Personen geeignet, <strong>die keine herk\u00f6mmliche Kreditkarte bekommen<\/strong> k\u00f6nnen oder f\u00fcr Jugendliche. Pr\u00fcfen Sie vor Vertragsabschluss immer sorgf\u00e4ltig die AGB\u00b4s und <span style=\"text-decoration: underline;\">vergleichen Sie die Angebote<\/span> mehrerer Finanzdienstleister bez\u00fcglich Jahresgeb\u00fchren, Geb\u00fchren f\u00fcr das Geld abheben und ob versteckte Kosten zu bef\u00fcrchten sind. <\/p>\n","protected":false},"excerpt":{"rendered":"<p>Was ist eine Prepaid Kreditkarte? Diese Art der Kreditkarte ist eine aufladbare Kreditkarte. Mit dieser Kreditkarte k\u00f6nnen Sie nur das ausgeben, was Sie vorher eingezahlt haben. Es wird somit auch...","protected":false},"author":10,"featured_media":0,"parent":0,"menu_order":0,"comment_status":"closed","ping_status":"closed","template":"page-full.php","meta":{"_acf_changed":false,"_monsterinsights_skip_tracking":false,"_monsterinsights_sitenote_active":false,"_monsterinsights_sitenote_note":"","_monsterinsights_sitenote_category":0,"footnotes":""},"class_list":["post-4527","page","type-page","status-publish","hentry"],"acf":[],"yoast_head":"<!-- This site is optimized with the Yoast SEO plugin v26.8 - https:\/\/yoast.com\/product\/yoast-seo-wordpress\/ -->\n<title>Beste Prepaid Kreditkarte 2026 ++ NEU ++ Vergleich &amp; Test<\/title>\n<meta name=\"description\" content=\"DIe besten Prepaid Kreditkarten im Test: Testsieger 2026 \u2713 Keine Bonit\u00e4tspr\u00fcfung \u2713 ohne Schufa \u2713 kostenlos Bargeld \u2713 \u27a4 Jetzt kostenlos Kreditkarte beantragen!\" \/>\n<meta name=\"robots\" content=\"index, follow, max-snippet:-1, max-image-preview:large, max-video-preview:-1\" \/>\n<link rel=\"canonical\" href=\"https:\/\/www.kreditkartenvergleich.org\/prepaid-kreditkarten\/\" \/>\n<meta name=\"twitter:label1\" content=\"Gesch\u00e4tzte Lesezeit\" \/>\n\t<meta name=\"twitter:data1\" content=\"3\u00a0Minuten\" \/>\n<script type=\"application\/ld+json\" class=\"yoast-schema-graph\">{\"@context\":\"https:\/\/schema.org\",\"@graph\":[{\"@type\":\"WebPage\",\"@id\":\"http:\/\/www.crcg.de\/kreditkartenvergleich\/prepaid-kreditkarten\/\",\"url\":\"http:\/\/www.crcg.de\/kreditkartenvergleich\/prepaid-kreditkarten\/\",\"name\":\"Beste Prepaid Kreditkarte 2026 ++ NEU ++ Vergleich & Test\",\"isPartOf\":{\"@id\":\"http:\/\/www.crcg.de\/kreditkartenvergleich\/#website\"},\"primaryImageOfPage\":{\"@id\":\"http:\/\/www.crcg.de\/kreditkartenvergleich\/prepaid-kreditkarten\/#primaryimage\"},\"image\":{\"@id\":\"http:\/\/www.crcg.de\/kreditkartenvergleich\/prepaid-kreditkarten\/#primaryimage\"},\"thumbnailUrl\":\"http:\/\/www.crcg.de\/kreditkartenvergleich\/wp-content\/uploads\/2010\/03\/prepaidkreditkarteselbstaendige-208x300.jpg\",\"datePublished\":\"2016-06-13T06:31:43+00:00\",\"dateModified\":\"2017-09-12T13:20:10+00:00\",\"description\":\"DIe besten Prepaid Kreditkarten im Test: Testsieger 2026 \u2713 Keine Bonit\u00e4tspr\u00fcfung \u2713 ohne Schufa \u2713 kostenlos Bargeld \u2713 \u27a4 Jetzt kostenlos Kreditkarte beantragen!\",\"breadcrumb\":{\"@id\":\"http:\/\/www.crcg.de\/kreditkartenvergleich\/prepaid-kreditkarten\/#breadcrumb\"},\"inLanguage\":\"de\",\"potentialAction\":[{\"@type\":\"ReadAction\",\"target\":[\"http:\/\/www.crcg.de\/kreditkartenvergleich\/prepaid-kreditkarten\/\"]}]},{\"@type\":\"ImageObject\",\"inLanguage\":\"de\",\"@id\":\"http:\/\/www.crcg.de\/kreditkartenvergleich\/prepaid-kreditkarten\/#primaryimage\",\"url\":\"http:\/\/www.crcg.de\/kreditkartenvergleich\/wp-content\/uploads\/2010\/03\/prepaidkreditkarteselbstaendige.jpg\",\"contentUrl\":\"http:\/\/www.crcg.de\/kreditkartenvergleich\/wp-content\/uploads\/2010\/03\/prepaidkreditkarteselbstaendige.jpg\",\"width\":\"289\",\"height\":\"415\",\"caption\":\"Prepaid Kreditkarte f\u00fcr Selbst\u00e4ndige\"},{\"@type\":\"BreadcrumbList\",\"@id\":\"http:\/\/www.crcg.de\/kreditkartenvergleich\/prepaid-kreditkarten\/#breadcrumb\",\"itemListElement\":[{\"@type\":\"ListItem\",\"position\":1,\"name\":\"Startseite\",\"item\":\"http:\/\/www.crcg.de\/kreditkartenvergleich\/\"},{\"@type\":\"ListItem\",\"position\":2,\"name\":\"Die besten Prepaid Kreditkarten im Vergleich [today format=Y]\"}]},{\"@type\":\"WebSite\",\"@id\":\"http:\/\/www.crcg.de\/kreditkartenvergleich\/#website\",\"url\":\"http:\/\/www.crcg.de\/kreditkartenvergleich\/\",\"name\":\"Kreditkartenvergleich.org\",\"description\":\"Das unabh\u00e4ngige Kreditkarten Vergleich Portal\",\"potentialAction\":[{\"@type\":\"SearchAction\",\"target\":{\"@type\":\"EntryPoint\",\"urlTemplate\":\"http:\/\/www.crcg.de\/kreditkartenvergleich\/?s={search_term_string}\"},\"query-input\":{\"@type\":\"PropertyValueSpecification\",\"valueRequired\":true,\"valueName\":\"search_term_string\"}}],\"inLanguage\":\"de\"}]}<\/script>\n<!-- \/ Yoast SEO plugin. -->","yoast_head_json":{"title":"Beste Prepaid Kreditkarte 2026 ++ NEU ++ Vergleich & Test","description":"DIe besten Prepaid Kreditkarten im Test: Testsieger 2026 \u2713 Keine Bonit\u00e4tspr\u00fcfung \u2713 ohne Schufa \u2713 kostenlos Bargeld \u2713 \u27a4 Jetzt kostenlos Kreditkarte beantragen!","robots":{"index":"index","follow":"follow","max-snippet":"max-snippet:-1","max-image-preview":"max-image-preview:large","max-video-preview":"max-video-preview:-1"},"canonical":"https:\/\/www.kreditkartenvergleich.org\/prepaid-kreditkarten\/","twitter_misc":{"Gesch\u00e4tzte Lesezeit":"3\u00a0Minuten"},"schema":{"@context":"https:\/\/schema.org","@graph":[{"@type":"WebPage","@id":"http:\/\/www.crcg.de\/kreditkartenvergleich\/prepaid-kreditkarten\/","url":"http:\/\/www.crcg.de\/kreditkartenvergleich\/prepaid-kreditkarten\/","name":"Beste Prepaid Kreditkarte 2026 ++ NEU ++ Vergleich & Test","isPartOf":{"@id":"http:\/\/www.crcg.de\/kreditkartenvergleich\/#website"},"primaryImageOfPage":{"@id":"http:\/\/www.crcg.de\/kreditkartenvergleich\/prepaid-kreditkarten\/#primaryimage"},"image":{"@id":"http:\/\/www.crcg.de\/kreditkartenvergleich\/prepaid-kreditkarten\/#primaryimage"},"thumbnailUrl":"http:\/\/www.crcg.de\/kreditkartenvergleich\/wp-content\/uploads\/2010\/03\/prepaidkreditkarteselbstaendige-208x300.jpg","datePublished":"2016-06-13T06:31:43+00:00","dateModified":"2017-09-12T13:20:10+00:00","description":"DIe besten Prepaid Kreditkarten im Test: Testsieger 2026 \u2713 Keine Bonit\u00e4tspr\u00fcfung \u2713 ohne Schufa \u2713 kostenlos Bargeld \u2713 \u27a4 Jetzt kostenlos Kreditkarte beantragen!","breadcrumb":{"@id":"http:\/\/www.crcg.de\/kreditkartenvergleich\/prepaid-kreditkarten\/#breadcrumb"},"inLanguage":"de","potentialAction":[{"@type":"ReadAction","target":["http:\/\/www.crcg.de\/kreditkartenvergleich\/prepaid-kreditkarten\/"]}]},{"@type":"ImageObject","inLanguage":"de","@id":"http:\/\/www.crcg.de\/kreditkartenvergleich\/prepaid-kreditkarten\/#primaryimage","url":"http:\/\/www.crcg.de\/kreditkartenvergleich\/wp-content\/uploads\/2010\/03\/prepaidkreditkarteselbstaendige.jpg","contentUrl":"http:\/\/www.crcg.de\/kreditkartenvergleich\/wp-content\/uploads\/2010\/03\/prepaidkreditkarteselbstaendige.jpg","width":"289","height":"415","caption":"Prepaid Kreditkarte f\u00fcr Selbst\u00e4ndige"},{"@type":"BreadcrumbList","@id":"http:\/\/www.crcg.de\/kreditkartenvergleich\/prepaid-kreditkarten\/#breadcrumb","itemListElement":[{"@type":"ListItem","position":1,"name":"Startseite","item":"http:\/\/www.crcg.de\/kreditkartenvergleich\/"},{"@type":"ListItem","position":2,"name":"Die besten Prepaid Kreditkarten im Vergleich [today format=Y]"}]},{"@type":"WebSite","@id":"http:\/\/www.crcg.de\/kreditkartenvergleich\/#website","url":"http:\/\/www.crcg.de\/kreditkartenvergleich\/","name":"Kreditkartenvergleich.org","description":"Das unabh\u00e4ngige Kreditkarten Vergleich Portal","potentialAction":[{"@type":"SearchAction","target":{"@type":"EntryPoint","urlTemplate":"http:\/\/www.crcg.de\/kreditkartenvergleich\/?s={search_term_string}"},"query-input":{"@type":"PropertyValueSpecification","valueRequired":true,"valueName":"search_term_string"}}],"inLanguage":"de"}]}},"_links":{"self":[{"href":"http:\/\/www.crcg.de\/kreditkartenvergleich\/wp-json\/wp\/v2\/pages\/4527","targetHints":{"allow":["GET"]}}],"collection":[{"href":"http:\/\/www.crcg.de\/kreditkartenvergleich\/wp-json\/wp\/v2\/pages"}],"about":[{"href":"http:\/\/www.crcg.de\/kreditkartenvergleich\/wp-json\/wp\/v2\/types\/page"}],"author":[{"embeddable":true,"href":"http:\/\/www.crcg.de\/kreditkartenvergleich\/wp-json\/wp\/v2\/users\/10"}],"replies":[{"embeddable":true,"href":"http:\/\/www.crcg.de\/kreditkartenvergleich\/wp-json\/wp\/v2\/comments?post=4527"}],"version-history":[{"count":6,"href":"http:\/\/www.crcg.de\/kreditkartenvergleich\/wp-json\/wp\/v2\/pages\/4527\/revisions"}],"predecessor-version":[{"id":5447,"href":"http:\/\/www.crcg.de\/kreditkartenvergleich\/wp-json\/wp\/v2\/pages\/4527\/revisions\/5447"}],"wp:attachment":[{"href":"http:\/\/www.crcg.de\/kreditkartenvergleich\/wp-json\/wp\/v2\/media?parent=4527"}],"curies":[{"name":"wp","href":"https:\/\/api.w.org\/{rel}","templated":true}]}}